{"id":957,"date":"2024-05-17T11:33:22","date_gmt":"2024-05-17T11:33:22","guid":{"rendered":"https:\/\/collaboro.ipportalegre.pt\/estg\/?page_id=957"},"modified":"2024-05-17T11:52:28","modified_gmt":"2024-05-17T11:52:28","slug":"dia-internacional-da-reciclagem-2024","status":"publish","type":"page","link":"https:\/\/collaboro.ipportalegre.pt\/estg\/projetos-da-tua-escola\/dia-internacional-da-reciclagem-2024\/","title":{"rendered":"Dia Internacional da Reciclagem 2024"},"content":{"rendered":"\n<div aria-hidden=\"true\" class=\"wp-block-spacer\"><\/div>\n\n\n<div class=\"wp-block-image\">\n<figure class=\"alignleft size-full\"><img loading=\"lazy\" decoding=\"async\" width=\"720\" height=\"540\" src=\"http:\/\/collaboro.ipportalegre.pt\/estg\/wp-content\/uploads\/sites\/5\/2024\/05\/Dia-Internacional-Reciclagem-24.jpg\" alt=\"\" class=\"wp-image-958\" srcset=\"https:\/\/collaboro.ipportalegre.pt\/estg\/wp-content\/uploads\/sites\/5\/2024\/05\/Dia-Internacional-Reciclagem-24.jpg 720w, https:\/\/collaboro.ipportalegre.pt\/estg\/wp-content\/uploads\/sites\/5\/2024\/05\/Dia-Internacional-Reciclagem-24-300x225.jpg 300w\" sizes=\"auto, (max-width: 720px) 100vw, 720px\" \/><figcaption class=\"wp-element-caption\">Imagem do projeto &#8220;Ecoilhas&#8221; da ESTGD e da ESS<\/figcaption><\/figure>\n<\/div>\n\n\n<div style=\"height:30px\" aria-hidden=\"true\" class=\"wp-block-spacer\"><\/div>\n\n\n\n<h2 class=\"wp-block-heading\" style=\"text-transform:uppercase\">No <a href=\"https:\/\/collaboro.ipportalegre.pt\/estg\/projetos-da-tua-escola\/dia-internacional-da-reciclagem-2024\/\">dia INTERNACIONAL da reciclagem<\/a>, recicla!<\/h2>\n\n\n\n<p class=\"has-luminous-vivid-orange-color has-text-color has-medium-font-size\">Dia Internacional da Reciclagem 2024<\/p>\n\n\n\n<p>No dia em que se comemora o <strong>Dia Internacional da Reciclagem<\/strong>, celebrado a 17 de maio, os dados apresentados no mais recente Relat\u00f3rio da Ag\u00eancia Portuguesa do Ambiente (APA)\u00a0d\u00e3o conta de que a &#8220;reciclagem em Portugal continua aqu\u00e9m das metas definidas. A recolha indiferenciada representa 77% dos res\u00edduos recolhidos, enquanto a reciclagem representa apenas 21%. Pl\u00e1stico \u00e9 o menos reciclado.&#8221;<\/p>\n\n\n\n<h1 class=\"wp-block-heading\"><\/h1>\n\n\n\n<p>Mais informa\u00e7\u00f5es em:<\/p>\n\n\n\n<p><a href=\"https:\/\/www.publico.pt\/2024\/05\/17\/azul\/noticia\/reciclagem-portugal-continua-aquem-metas-definidas-2090774\">https:\/\/www.publico.pt\/2024\/05\/17\/azul\/noticia\/reciclagem-portugal-continua-aquem-metas-definidas-2090774<\/a><\/p>\n\n\n\n<p><\/p>\n\n\n\n<p><\/p>\n\n\n\n<p><\/p>\n\n\n\n<div class=\"wp-block-columns is-layout-flex wp-container-core-columns-is-layout-9d6595d7 wp-block-columns-is-layout-flex\">\n<div class=\"wp-block-column is-vertically-aligned-center is-layout-flow wp-block-column-is-layout-flow\" style=\"flex-basis:33.33%\">\n<div class=\"wp-block-group\"><div class=\"wp-block-group__inner-container is-layout-constrained wp-block-group-is-layout-constrained\">\n<p class=\"has-text-align-left\"><\/p>\n<\/div><\/div>\n<\/div>\n<\/div>\n\n\n\n<div style=\"height:50px\" aria-hidden=\"true\" class=\"wp-block-spacer\"><\/div>\n\n\n\n<p class=\"has-text-align-center\">Ver mais <strong><a href=\"http:\/\/collaboro.ipportalegre.pt\/estg\/projetos-da-tua-escola\/\" data-type=\"page\" data-id=\"214\">PROJETOS DA TUA ESCOLA<\/a><\/strong><\/p>\n","protected":false},"excerpt":{"rendered":"<p>No dia INTERNACIONAL da reciclagem, recicla! Dia Internacional da Reciclagem 2024 No dia em que se comemora o Dia Internacional da Reciclagem, celebrado a 17 de maio, os dados apresentados &#8230;<\/p>\n","protected":false},"author":3,"featured_media":958,"parent":214,"menu_order":1,"comment_status":"closed","ping_status":"closed","template":"","meta":{"inline_featured_image":false,"footnotes":""},"class_list":["post-957","page","type-page","status-publish","has-post-thumbnail","hentry"],"_links":{"self":[{"href":"https:\/\/collaboro.ipportalegre.pt\/estg\/wp-json\/wp\/v2\/pages\/957","targetHints":{"allow":["GET"]}}],"collection":[{"href":"https:\/\/collaboro.ipportalegre.pt\/estg\/wp-json\/wp\/v2\/pages"}],"about":[{"href":"https:\/\/collaboro.ipportalegre.pt\/estg\/wp-json\/wp\/v2\/types\/page"}],"author":[{"embeddable":true,"href":"https:\/\/collaboro.ipportalegre.pt\/estg\/wp-json\/wp\/v2\/users\/3"}],"replies":[{"embeddable":true,"href":"https:\/\/collaboro.ipportalegre.pt\/estg\/wp-json\/wp\/v2\/comments?post=957"}],"version-history":[{"count":4,"href":"https:\/\/collaboro.ipportalegre.pt\/estg\/wp-json\/wp\/v2\/pages\/957\/revisions"}],"predecessor-version":[{"id":966,"href":"https:\/\/collaboro.ipportalegre.pt\/estg\/wp-json\/wp\/v2\/pages\/957\/revisions\/966"}],"up":[{"embeddable":true,"href":"https:\/\/collaboro.ipportalegre.pt\/estg\/wp-json\/wp\/v2\/pages\/214"}],"wp:featuredmedia":[{"embeddable":true,"href":"https:\/\/collaboro.ipportalegre.pt\/estg\/wp-json\/wp\/v2\/media\/958"}],"wp:attachment":[{"href":"https:\/\/collaboro.ipportalegre.pt\/estg\/wp-json\/wp\/v2\/media?parent=957"}],"curies":[{"name":"wp","href":"https:\/\/api.w.org\/{rel}","templated":true}]}}

<div aria-hidden="true" class="wp-block-spacer"></div>


<div class="wp-block-image">
<figure class="alignleft size-full"><img loading="lazy" decoding="async" width="720" height="540" src="http://collaboro.ipportalegre.pt/estg/wp-content/uploads/sites/5/2024/05/Dia-Internacional-Reciclagem-24.jpg" alt="" class="wp-image-958" srcset="https://collaboro.ipportalegre.pt/estg/wp-content/uploads/sites/5/2024/05/Dia-Internacional-Reciclagem-24.jpg 720w, https://collaboro.ipportalegre.pt/estg/wp-content/uploads/sites/5/2024/05/Dia-Internacional-Reciclagem-24-300x225.jpg 300w" sizes="auto, (max-width: 720px) 100vw, 720px" /><figcaption class="wp-element-caption">Imagem do projeto &#8220;Ecoilhas&#8221; da ESTGD e da ESS</figcaption></figure>
</div>


<div style="height:30px" aria-hidden="true" class="wp-block-spacer"></div>



<h2 class="wp-block-heading" style="text-transform:uppercase">No <a href="https://collaboro.ipportalegre.pt/estg/projetos-da-tua-escola/dia-internacional-da-reciclagem-2024/">dia INTERNACIONAL da reciclagem</a>, recicla!</h2>



<p class="has-luminous-vivid-orange-color has-text-color has-medium-font-size">Dia Internacional da Reciclagem 2024</p>



<p>No dia em que se comemora o <strong>Dia Internacional da Reciclagem</strong>, celebrado a 17 de maio, os dados apresentados no mais recente Relatório da Agência Portuguesa do Ambiente (APA) dão conta de que a &#8220;reciclagem em Portugal continua aquém das metas definidas. A recolha indiferenciada representa 77% dos resíduos recolhidos, enquanto a reciclagem representa apenas 21%. Plástico é o menos reciclado.&#8221;</p>



<h1 class="wp-block-heading"></h1>



<p>Mais informações em:</p>



<p><a href="https://www.publico.pt/2024/05/17/azul/noticia/reciclagem-portugal-continua-aquem-metas-definidas-2090774">https://www.publico.pt/2024/05/17/azul/noticia/reciclagem-portugal-continua-aquem-metas-definidas-2090774</a></p>



<p></p>



<p></p>



<p></p>



<div class="wp-block-columns is-layout-flex wp-container-core-columns-is-layout-9d6595d7 wp-block-columns-is-layout-flex">
<div class="wp-block-column is-vertically-aligned-center is-layout-flow wp-block-column-is-layout-flow" style="flex-basis:33.33%">
<div class="wp-block-group"><div class="wp-block-group__inner-container is-layout-constrained wp-block-group-is-layout-constrained">
<p class="has-text-align-left"></p>
</div></div>
</div>
</div>



<div style="height:50px" aria-hidden="true" class="wp-block-spacer"></div>



<p class="has-text-align-center">Ver mais <strong><a href="http://collaboro.ipportalegre.pt/estg/projetos-da-tua-escola/" data-type="page" data-id="214">PROJETOS DA TUA ESCOLA</a></strong></p>
