{"id":940,"date":"2023-07-26T15:29:02","date_gmt":"2023-07-26T15:29:02","guid":{"rendered":"https:\/\/collaboro.ipportalegre.pt\/estg\/?page_id=940"},"modified":"2023-07-26T15:43:00","modified_gmt":"2023-07-26T15:43:00","slug":"dias-do-ambiente","status":"publish","type":"page","link":"https:\/\/collaboro.ipportalegre.pt\/estg\/projetos-da-tua-escola\/dias-do-ambiente\/","title":{"rendered":"Dias do Ambiente"},"content":{"rendered":"\n<div style=\"height:\" aria-hidden=\"true\" class=\"wp-block-spacer\"><\/div>\n\n\n<div class=\"wp-block-image\">\n<figure class=\"alignleft size-large\"><img loading=\"lazy\" decoding=\"async\" width=\"735\" height=\"1024\" src=\"https:\/\/collaboro.ipportalegre.pt\/estg\/wp-content\/uploads\/sites\/5\/2023\/07\/Screenshot_Dias-do-Ambiente-735x1024.jpg\" alt=\"\" class=\"wp-image-941\" srcset=\"https:\/\/collaboro.ipportalegre.pt\/estg\/wp-content\/uploads\/sites\/5\/2023\/07\/Screenshot_Dias-do-Ambiente-735x1024.jpg 735w, https:\/\/collaboro.ipportalegre.pt\/estg\/wp-content\/uploads\/sites\/5\/2023\/07\/Screenshot_Dias-do-Ambiente-215x300.jpg 215w, https:\/\/collaboro.ipportalegre.pt\/estg\/wp-content\/uploads\/sites\/5\/2023\/07\/Screenshot_Dias-do-Ambiente-768x1070.jpg 768w, https:\/\/collaboro.ipportalegre.pt\/estg\/wp-content\/uploads\/sites\/5\/2023\/07\/Screenshot_Dias-do-Ambiente.jpg 1080w\" sizes=\"auto, (max-width: 735px) 100vw, 735px\" \/><figcaption class=\"wp-element-caption\">Programa das atividades do evento: &#8220;Dias do Ambiente&#8221;<\/figcaption><\/figure>\n<\/div>\n\n\n<div style=\"height:30px\" aria-hidden=\"true\" class=\"wp-block-spacer\"><\/div>\n\n\n\n<h2 class=\"wp-block-heading\" style=\"text-transform:uppercase\">dias do ambiente<\/h2>\n\n\n\n<p class=\"has-luminous-vivid-orange-color has-text-color has-medium-font-size\">Programa das atividades comemorativas do Dia Eco-Escolas e do evento Dias do Ambiente<\/p>\n\n\n\n<p>Entre os dias 30 de maio e 5 de junho de 2023, a ESTG realizou um evento dedicado ao tema do ambiente. As atividades, organizadas pelo Eco-Conselho do Programa Eco-Escolas, integraram palestras, exposi\u00e7\u00f5es, atividades desportivas, culturais e art\u00edsticas. No dia 5 de junho, Dia Internacional do Ambiente, foi inaugurado o Eco-trilho do Campus e no dia 31 de maio comemorou-se o Dia Eco-Escolas da ESTG.<\/p>\n\n\n\n<div class=\"wp-block-group\"><div class=\"wp-block-group__inner-container is-layout-constrained wp-block-group-is-layout-constrained\">\n<figure class=\"wp-block-image size-full\"><img loading=\"lazy\" decoding=\"async\" width=\"991\" height=\"699\" src=\"http:\/\/collaboro.ipportalegre.pt\/estg\/wp-content\/uploads\/sites\/5\/2023\/07\/Registo-Visual-Dias-do-Ambiente-palestras-30-maio.jpg\" alt=\"\" class=\"wp-image-945\" srcset=\"https:\/\/collaboro.ipportalegre.pt\/estg\/wp-content\/uploads\/sites\/5\/2023\/07\/Registo-Visual-Dias-do-Ambiente-palestras-30-maio.jpg 991w, https:\/\/collaboro.ipportalegre.pt\/estg\/wp-content\/uploads\/sites\/5\/2023\/07\/Registo-Visual-Dias-do-Ambiente-palestras-30-maio-300x212.jpg 300w, https:\/\/collaboro.ipportalegre.pt\/estg\/wp-content\/uploads\/sites\/5\/2023\/07\/Registo-Visual-Dias-do-Ambiente-palestras-30-maio-768x542.jpg 768w\" sizes=\"auto, (max-width: 991px) 100vw, 991px\" \/><figcaption class=\"wp-element-caption\">Palestras do dia 30 de maio<\/figcaption><\/figure>\n<\/div><\/div>\n\n\n\n<figure class=\"wp-block-image size-large\"><img loading=\"lazy\" decoding=\"async\" width=\"1024\" height=\"768\" src=\"http:\/\/collaboro.ipportalegre.pt\/estg\/wp-content\/uploads\/sites\/5\/2023\/07\/Registo-Visual-contagem-percentagem-ocupacao-sala-Apresentacoes-trabalhos-no-Dia-Eco-escolas-Dias-do-Ambiente-1024x768.jpg\" alt=\"\" class=\"wp-image-944\" srcset=\"https:\/\/collaboro.ipportalegre.pt\/estg\/wp-content\/uploads\/sites\/5\/2023\/07\/Registo-Visual-contagem-percentagem-ocupacao-sala-Apresentacoes-trabalhos-no-Dia-Eco-escolas-Dias-do-Ambiente-1024x768.jpg 1024w, https:\/\/collaboro.ipportalegre.pt\/estg\/wp-content\/uploads\/sites\/5\/2023\/07\/Registo-Visual-contagem-percentagem-ocupacao-sala-Apresentacoes-trabalhos-no-Dia-Eco-escolas-Dias-do-Ambiente-300x225.jpg 300w, https:\/\/collaboro.ipportalegre.pt\/estg\/wp-content\/uploads\/sites\/5\/2023\/07\/Registo-Visual-contagem-percentagem-ocupacao-sala-Apresentacoes-trabalhos-no-Dia-Eco-escolas-Dias-do-Ambiente-768x576.jpg 768w, https:\/\/collaboro.ipportalegre.pt\/estg\/wp-content\/uploads\/sites\/5\/2023\/07\/Registo-Visual-contagem-percentagem-ocupacao-sala-Apresentacoes-trabalhos-no-Dia-Eco-escolas-Dias-do-Ambiente.jpg 1280w\" sizes=\"auto, (max-width: 1024px) 100vw, 1024px\" \/><figcaption class=\"wp-element-caption\">Dia Eco-Escolas: apresenta\u00e7\u00e3o dos trabalhos\/projetos desenvolvidos no \u00e2mbito do programa.<\/figcaption><\/figure>\n\n\n\n<figure class=\"wp-block-image size-large\"><img loading=\"lazy\" decoding=\"async\" width=\"1024\" height=\"768\" src=\"https:\/\/collaboro.ipportalegre.pt\/estg\/wp-content\/uploads\/sites\/5\/2023\/07\/Registo-Visual-Participacao-ecopiquenique-1024x768.jpg\" alt=\"\" class=\"wp-image-946\" srcset=\"https:\/\/collaboro.ipportalegre.pt\/estg\/wp-content\/uploads\/sites\/5\/2023\/07\/Registo-Visual-Participacao-ecopiquenique-1024x768.jpg 1024w, https:\/\/collaboro.ipportalegre.pt\/estg\/wp-content\/uploads\/sites\/5\/2023\/07\/Registo-Visual-Participacao-ecopiquenique-300x225.jpg 300w, https:\/\/collaboro.ipportalegre.pt\/estg\/wp-content\/uploads\/sites\/5\/2023\/07\/Registo-Visual-Participacao-ecopiquenique-768x576.jpg 768w, https:\/\/collaboro.ipportalegre.pt\/estg\/wp-content\/uploads\/sites\/5\/2023\/07\/Registo-Visual-Participacao-ecopiquenique.jpg 1280w\" sizes=\"auto, (max-width: 1024px) 100vw, 1024px\" \/><figcaption class=\"wp-element-caption\">Alimenta\u00e7\u00e3o saud\u00e1vel e sustent\u00e1vel: eco-Piquenique partilhado.<\/figcaption><\/figure>\n\n\n\n<figure class=\"wp-block-image size-large\"><img loading=\"lazy\" decoding=\"async\" width=\"1024\" height=\"768\" src=\"https:\/\/collaboro.ipportalegre.pt\/estg\/wp-content\/uploads\/sites\/5\/2023\/07\/IMG20230531100107-1-1024x768.jpg\" alt=\"\" class=\"wp-image-947\" srcset=\"https:\/\/collaboro.ipportalegre.pt\/estg\/wp-content\/uploads\/sites\/5\/2023\/07\/IMG20230531100107-1-1024x768.jpg 1024w, https:\/\/collaboro.ipportalegre.pt\/estg\/wp-content\/uploads\/sites\/5\/2023\/07\/IMG20230531100107-1-300x225.jpg 300w, https:\/\/collaboro.ipportalegre.pt\/estg\/wp-content\/uploads\/sites\/5\/2023\/07\/IMG20230531100107-1-768x576.jpg 768w, https:\/\/collaboro.ipportalegre.pt\/estg\/wp-content\/uploads\/sites\/5\/2023\/07\/IMG20230531100107-1.jpg 1280w\" sizes=\"auto, (max-width: 1024px) 100vw, 1024px\" \/><figcaption class=\"wp-element-caption\">Passeio pedestre: .percurso do Alegrete. Parceria Instituto da Conserva\u00e7\u00e3o da Natureza e das Florestas (ICNF)<\/figcaption><\/figure>\n\n\n\n<figure class=\"wp-block-image size-large is-resized\"><img loading=\"lazy\" decoding=\"async\" src=\"https:\/\/collaboro.ipportalegre.pt\/estg\/wp-content\/uploads\/sites\/5\/2023\/07\/IPPDiasdoAmbiente_RuiTelmoRomao_0L4A8832-1024x682.jpg\" alt=\"\" class=\"wp-image-952\" width=\"840\" height=\"559\" srcset=\"https:\/\/collaboro.ipportalegre.pt\/estg\/wp-content\/uploads\/sites\/5\/2023\/07\/IPPDiasdoAmbiente_RuiTelmoRomao_0L4A8832-1024x682.jpg 1024w, https:\/\/collaboro.ipportalegre.pt\/estg\/wp-content\/uploads\/sites\/5\/2023\/07\/IPPDiasdoAmbiente_RuiTelmoRomao_0L4A8832-300x200.jpg 300w, https:\/\/collaboro.ipportalegre.pt\/estg\/wp-content\/uploads\/sites\/5\/2023\/07\/IPPDiasdoAmbiente_RuiTelmoRomao_0L4A8832-768x512.jpg 768w, https:\/\/collaboro.ipportalegre.pt\/estg\/wp-content\/uploads\/sites\/5\/2023\/07\/IPPDiasdoAmbiente_RuiTelmoRomao_0L4A8832.jpg 1280w\" sizes=\"auto, (max-width: 840px) 100vw, 840px\" \/><figcaption class=\"wp-element-caption\">Sunset Party com o quarteto de MOjazz<\/figcaption><\/figure>\n\n\n\n<div class=\"wp-block-columns is-layout-flex wp-container-core-columns-is-layout-9d6595d7 wp-block-columns-is-layout-flex\">\n<div class=\"wp-block-column is-vertically-aligned-center is-layout-flow wp-block-column-is-layout-flow\" style=\"flex-basis:33.33%\">\n<div class=\"wp-block-group\"><div class=\"wp-block-group__inner-container is-layout-constrained wp-block-group-is-layout-constrained\">\n<p class=\"has-text-align-left\"><\/p>\n<\/div><\/div>\n<\/div>\n<\/div>\n\n\n\n<div style=\"height:50px\" aria-hidden=\"true\" class=\"wp-block-spacer\"><\/div>\n\n\n\n<p class=\"has-text-align-center\">Ver mais <strong><a href=\"http:\/\/collaboro.ipportalegre.pt\/estg\/projetos-da-tua-escola\/\" data-type=\"page\" data-id=\"214\">PROJETOS DA TUA ESCOLA<\/a><\/strong><\/p>\n","protected":false},"excerpt":{"rendered":"<p>dias do ambiente Programa das atividades comemorativas do Dia Eco-Escolas e do evento Dias do Ambiente Entre os dias 30 de maio e 5 de junho de 2023, a ESTG &#8230;<\/p>\n","protected":false},"author":3,"featured_media":0,"parent":214,"menu_order":1,"comment_status":"closed","ping_status":"closed","template":"","meta":{"inline_featured_image":false,"footnotes":""},"class_list":["post-940","page","type-page","status-publish","hentry"],"_links":{"self":[{"href":"https:\/\/collaboro.ipportalegre.pt\/estg\/wp-json\/wp\/v2\/pages\/940","targetHints":{"allow":["GET"]}}],"collection":[{"href":"https:\/\/collaboro.ipportalegre.pt\/estg\/wp-json\/wp\/v2\/pages"}],"about":[{"href":"https:\/\/collaboro.ipportalegre.pt\/estg\/wp-json\/wp\/v2\/types\/page"}],"author":[{"embeddable":true,"href":"https:\/\/collaboro.ipportalegre.pt\/estg\/wp-json\/wp\/v2\/users\/3"}],"replies":[{"embeddable":true,"href":"https:\/\/collaboro.ipportalegre.pt\/estg\/wp-json\/wp\/v2\/comments?post=940"}],"version-history":[{"count":2,"href":"https:\/\/collaboro.ipportalegre.pt\/estg\/wp-json\/wp\/v2\/pages\/940\/revisions"}],"predecessor-version":[{"id":953,"href":"https:\/\/collaboro.ipportalegre.pt\/estg\/wp-json\/wp\/v2\/pages\/940\/revisions\/953"}],"up":[{"embeddable":true,"href":"https:\/\/collaboro.ipportalegre.pt\/estg\/wp-json\/wp\/v2\/pages\/214"}],"wp:attachment":[{"href":"https:\/\/collaboro.ipportalegre.pt\/estg\/wp-json\/wp\/v2\/media?parent=940"}],"curies":[{"name":"wp","href":"https:\/\/api.w.org\/{rel}","templated":true}]}}

<div style="height:" aria-hidden="true" class="wp-block-spacer"></div>


<div class="wp-block-image">
<figure class="alignleft size-large"><img loading="lazy" decoding="async" width="735" height="1024" src="https://collaboro.ipportalegre.pt/estg/wp-content/uploads/sites/5/2023/07/Screenshot_Dias-do-Ambiente-735x1024.jpg" alt="" class="wp-image-941" srcset="https://collaboro.ipportalegre.pt/estg/wp-content/uploads/sites/5/2023/07/Screenshot_Dias-do-Ambiente-735x1024.jpg 735w, https://collaboro.ipportalegre.pt/estg/wp-content/uploads/sites/5/2023/07/Screenshot_Dias-do-Ambiente-215x300.jpg 215w, https://collaboro.ipportalegre.pt/estg/wp-content/uploads/sites/5/2023/07/Screenshot_Dias-do-Ambiente-768x1070.jpg 768w, https://collaboro.ipportalegre.pt/estg/wp-content/uploads/sites/5/2023/07/Screenshot_Dias-do-Ambiente.jpg 1080w" sizes="auto, (max-width: 735px) 100vw, 735px" /><figcaption class="wp-element-caption">Programa das atividades do evento: &#8220;Dias do Ambiente&#8221;</figcaption></figure>
</div>


<div style="height:30px" aria-hidden="true" class="wp-block-spacer"></div>



<h2 class="wp-block-heading" style="text-transform:uppercase">dias do ambiente</h2>



<p class="has-luminous-vivid-orange-color has-text-color has-medium-font-size">Programa das atividades comemorativas do Dia Eco-Escolas e do evento Dias do Ambiente</p>



<p>Entre os dias 30 de maio e 5 de junho de 2023, a ESTG realizou um evento dedicado ao tema do ambiente. As atividades, organizadas pelo Eco-Conselho do Programa Eco-Escolas, integraram palestras, exposições, atividades desportivas, culturais e artísticas. No dia 5 de junho, Dia Internacional do Ambiente, foi inaugurado o Eco-trilho do Campus e no dia 31 de maio comemorou-se o Dia Eco-Escolas da ESTG.</p>



<div class="wp-block-group"><div class="wp-block-group__inner-container is-layout-constrained wp-block-group-is-layout-constrained">
<figure class="wp-block-image size-full"><img loading="lazy" decoding="async" width="991" height="699" src="http://collaboro.ipportalegre.pt/estg/wp-content/uploads/sites/5/2023/07/Registo-Visual-Dias-do-Ambiente-palestras-30-maio.jpg" alt="" class="wp-image-945" srcset="https://collaboro.ipportalegre.pt/estg/wp-content/uploads/sites/5/2023/07/Registo-Visual-Dias-do-Ambiente-palestras-30-maio.jpg 991w, https://collaboro.ipportalegre.pt/estg/wp-content/uploads/sites/5/2023/07/Registo-Visual-Dias-do-Ambiente-palestras-30-maio-300x212.jpg 300w, https://collaboro.ipportalegre.pt/estg/wp-content/uploads/sites/5/2023/07/Registo-Visual-Dias-do-Ambiente-palestras-30-maio-768x542.jpg 768w" sizes="auto, (max-width: 991px) 100vw, 991px" /><figcaption class="wp-element-caption">Palestras do dia 30 de maio</figcaption></figure>
</div></div>



<figure class="wp-block-image size-large"><img loading="lazy" decoding="async" width="1024" height="768" src="http://collaboro.ipportalegre.pt/estg/wp-content/uploads/sites/5/2023/07/Registo-Visual-contagem-percentagem-ocupacao-sala-Apresentacoes-trabalhos-no-Dia-Eco-escolas-Dias-do-Ambiente-1024x768.jpg" alt="" class="wp-image-944" srcset="https://collaboro.ipportalegre.pt/estg/wp-content/uploads/sites/5/2023/07/Registo-Visual-contagem-percentagem-ocupacao-sala-Apresentacoes-trabalhos-no-Dia-Eco-escolas-Dias-do-Ambiente-1024x768.jpg 1024w, https://collaboro.ipportalegre.pt/estg/wp-content/uploads/sites/5/2023/07/Registo-Visual-contagem-percentagem-ocupacao-sala-Apresentacoes-trabalhos-no-Dia-Eco-escolas-Dias-do-Ambiente-300x225.jpg 300w, https://collaboro.ipportalegre.pt/estg/wp-content/uploads/sites/5/2023/07/Registo-Visual-contagem-percentagem-ocupacao-sala-Apresentacoes-trabalhos-no-Dia-Eco-escolas-Dias-do-Ambiente-768x576.jpg 768w, https://collaboro.ipportalegre.pt/estg/wp-content/uploads/sites/5/2023/07/Registo-Visual-contagem-percentagem-ocupacao-sala-Apresentacoes-trabalhos-no-Dia-Eco-escolas-Dias-do-Ambiente.jpg 1280w" sizes="auto, (max-width: 1024px) 100vw, 1024px" /><figcaption class="wp-element-caption">Dia Eco-Escolas: apresentação dos trabalhos/projetos desenvolvidos no âmbito do programa.</figcaption></figure>



<figure class="wp-block-image size-large"><img loading="lazy" decoding="async" width="1024" height="768" src="https://collaboro.ipportalegre.pt/estg/wp-content/uploads/sites/5/2023/07/Registo-Visual-Participacao-ecopiquenique-1024x768.jpg" alt="" class="wp-image-946" srcset="https://collaboro.ipportalegre.pt/estg/wp-content/uploads/sites/5/2023/07/Registo-Visual-Participacao-ecopiquenique-1024x768.jpg 1024w, https://collaboro.ipportalegre.pt/estg/wp-content/uploads/sites/5/2023/07/Registo-Visual-Participacao-ecopiquenique-300x225.jpg 300w, https://collaboro.ipportalegre.pt/estg/wp-content/uploads/sites/5/2023/07/Registo-Visual-Participacao-ecopiquenique-768x576.jpg 768w, https://collaboro.ipportalegre.pt/estg/wp-content/uploads/sites/5/2023/07/Registo-Visual-Participacao-ecopiquenique.jpg 1280w" sizes="auto, (max-width: 1024px) 100vw, 1024px" /><figcaption class="wp-element-caption">Alimentação saudável e sustentável: eco-Piquenique partilhado.</figcaption></figure>



<figure class="wp-block-image size-large"><img loading="lazy" decoding="async" width="1024" height="768" src="https://collaboro.ipportalegre.pt/estg/wp-content/uploads/sites/5/2023/07/IMG20230531100107-1-1024x768.jpg" alt="" class="wp-image-947" srcset="https://collaboro.ipportalegre.pt/estg/wp-content/uploads/sites/5/2023/07/IMG20230531100107-1-1024x768.jpg 1024w, https://collaboro.ipportalegre.pt/estg/wp-content/uploads/sites/5/2023/07/IMG20230531100107-1-300x225.jpg 300w, https://collaboro.ipportalegre.pt/estg/wp-content/uploads/sites/5/2023/07/IMG20230531100107-1-768x576.jpg 768w, https://collaboro.ipportalegre.pt/estg/wp-content/uploads/sites/5/2023/07/IMG20230531100107-1.jpg 1280w" sizes="auto, (max-width: 1024px) 100vw, 1024px" /><figcaption class="wp-element-caption">Passeio pedestre: .percurso do Alegrete. Parceria Instituto da Conservação da Natureza e das Florestas (ICNF)</figcaption></figure>



<figure class="wp-block-image size-large is-resized"><img loading="lazy" decoding="async" src="https://collaboro.ipportalegre.pt/estg/wp-content/uploads/sites/5/2023/07/IPPDiasdoAmbiente_RuiTelmoRomao_0L4A8832-1024x682.jpg" alt="" class="wp-image-952" width="840" height="559" srcset="https://collaboro.ipportalegre.pt/estg/wp-content/uploads/sites/5/2023/07/IPPDiasdoAmbiente_RuiTelmoRomao_0L4A8832-1024x682.jpg 1024w, https://collaboro.ipportalegre.pt/estg/wp-content/uploads/sites/5/2023/07/IPPDiasdoAmbiente_RuiTelmoRomao_0L4A8832-300x200.jpg 300w, https://collaboro.ipportalegre.pt/estg/wp-content/uploads/sites/5/2023/07/IPPDiasdoAmbiente_RuiTelmoRomao_0L4A8832-768x512.jpg 768w, https://collaboro.ipportalegre.pt/estg/wp-content/uploads/sites/5/2023/07/IPPDiasdoAmbiente_RuiTelmoRomao_0L4A8832.jpg 1280w" sizes="auto, (max-width: 840px) 100vw, 840px" /><figcaption class="wp-element-caption">Sunset Party com o quarteto de MOjazz</figcaption></figure>



<div class="wp-block-columns is-layout-flex wp-container-core-columns-is-layout-9d6595d7 wp-block-columns-is-layout-flex">
<div class="wp-block-column is-vertically-aligned-center is-layout-flow wp-block-column-is-layout-flow" style="flex-basis:33.33%">
<div class="wp-block-group"><div class="wp-block-group__inner-container is-layout-constrained wp-block-group-is-layout-constrained">
<p class="has-text-align-left"></p>
</div></div>
</div>
</div>



<div style="height:50px" aria-hidden="true" class="wp-block-spacer"></div>



<p class="has-text-align-center">Ver mais <strong><a href="http://collaboro.ipportalegre.pt/estg/projetos-da-tua-escola/" data-type="page" data-id="214">PROJETOS DA TUA ESCOLA</a></strong></p>
