{"id":809,"date":"2023-07-26T08:43:50","date_gmt":"2023-07-26T08:43:50","guid":{"rendered":"https:\/\/collaboro.ipportalegre.pt\/estg\/?page_id=809"},"modified":"2023-07-26T13:16:35","modified_gmt":"2023-07-26T13:16:35","slug":"eco-trilho-do-campus","status":"publish","type":"page","link":"https:\/\/collaboro.ipportalegre.pt\/estg\/projetos-da-tua-escola\/eco-trilho-do-campus\/","title":{"rendered":"Inaugura\u00e7\u00e3o do Eco-Trilho do Campus"},"content":{"rendered":"\n<div style=\"height:\" aria-hidden=\"true\" class=\"wp-block-spacer\"><\/div>\n\n\n\n<figure class=\"wp-block-image size-large\"><img loading=\"lazy\" decoding=\"async\" width=\"1024\" height=\"746\" src=\"http:\/\/collaboro.ipportalegre.pt\/estg\/wp-content\/uploads\/sites\/5\/2023\/07\/eco-trilho-1-1024x746.jpg\" alt=\"\" class=\"wp-image-811\" srcset=\"https:\/\/collaboro.ipportalegre.pt\/estg\/wp-content\/uploads\/sites\/5\/2023\/07\/eco-trilho-1-1024x746.jpg 1024w, https:\/\/collaboro.ipportalegre.pt\/estg\/wp-content\/uploads\/sites\/5\/2023\/07\/eco-trilho-1-300x219.jpg 300w, https:\/\/collaboro.ipportalegre.pt\/estg\/wp-content\/uploads\/sites\/5\/2023\/07\/eco-trilho-1-768x560.jpg 768w, https:\/\/collaboro.ipportalegre.pt\/estg\/wp-content\/uploads\/sites\/5\/2023\/07\/eco-trilho-1.jpg 1280w\" sizes=\"auto, (max-width: 1024px) 100vw, 1024px\" \/><figcaption class=\"wp-element-caption\">Fotografia de Rui Telmo Rom\u00e3o<\/figcaption><\/figure>\n\n\n\n<div style=\"height:30px\" aria-hidden=\"true\" class=\"wp-block-spacer\"><\/div>\n\n\n\n<h2 class=\"wp-block-heading\" style=\"text-transform:uppercase\">Campus polit\u00e9cnico inaugura eco-trilho<\/h2>\n\n\n\n<p class=\"has-luminous-vivid-orange-color has-text-color has-medium-font-size\">Um trilho para desporto e observa\u00e7\u00e3o da biodiversidade<\/p>\n\n\n\n<p><\/p>\n\n\n\n<div class=\"wp-block-columns is-layout-flex wp-container-core-columns-is-layout-9d6595d7 wp-block-columns-is-layout-flex\">\n<div class=\"wp-block-column is-layout-flow wp-block-column-is-layout-flow\" style=\"flex-basis:33.33%\">\n<p>O Campus Polit\u00e9cnico inaugurou no dia 5 de junho, Dia Internacional do Ambiente, um Eco-trilho que permitir\u00e1 a pr\u00e1tica desportiva e a observa\u00e7\u00e3o da biodiversidade que existe no Campus.<\/p>\n\n\n\n<p>O percurso tem aproximadamente 2 km de extens\u00e3o e permite a realiza\u00e7\u00e3o de corrida e de caminhada. Ao longo do percurso existem 5 paragens assinaladas. <\/p>\n\n\n\n<p>Duas destas paragens permitem conhecer melhor a biodiversidade do local, atrav\u00e9s das informa\u00e7\u00f5es cient\u00edficas disponibilizadas nos pain\u00e9is informativos que integram o percurso.<\/p>\n\n\n\n<p>Conhe\u00e7a o percurso aqui:<\/p>\n\n\n\n<p><a href=\"https:\/\/pt.wikiloc.com\/trilhas-trekking\/eco-escolas-eco-trilho-campus-pportalegre-135869070\">https:\/\/pt.wikiloc.com\/trilhas-trekking\/eco-escolas-eco-trilho-campus-pportalegre-135869070<\/a><\/p>\n<\/div>\n\n\n\n<div class=\"wp-block-column is-layout-flow wp-block-column-is-layout-flow\" style=\"flex-basis:66.66%\">\n<figure class=\"wp-block-image size-large\"><img loading=\"lazy\" decoding=\"async\" width=\"1024\" height=\"682\" src=\"https:\/\/collaboro.ipportalegre.pt\/estg\/wp-content\/uploads\/sites\/5\/2023\/07\/IPPDiasdoAmbiente_RuiTelmoRomao_0L4A8351-1024x682.jpg\" alt=\"\" class=\"wp-image-813\" srcset=\"https:\/\/collaboro.ipportalegre.pt\/estg\/wp-content\/uploads\/sites\/5\/2023\/07\/IPPDiasdoAmbiente_RuiTelmoRomao_0L4A8351-1024x682.jpg 1024w, https:\/\/collaboro.ipportalegre.pt\/estg\/wp-content\/uploads\/sites\/5\/2023\/07\/IPPDiasdoAmbiente_RuiTelmoRomao_0L4A8351-300x200.jpg 300w, https:\/\/collaboro.ipportalegre.pt\/estg\/wp-content\/uploads\/sites\/5\/2023\/07\/IPPDiasdoAmbiente_RuiTelmoRomao_0L4A8351-768x512.jpg 768w, https:\/\/collaboro.ipportalegre.pt\/estg\/wp-content\/uploads\/sites\/5\/2023\/07\/IPPDiasdoAmbiente_RuiTelmoRomao_0L4A8351.jpg 1280w\" sizes=\"auto, (max-width: 1024px) 100vw, 1024px\" \/><figcaption class=\"wp-element-caption\">Fotografia de Rui Telmo Rom\u00e3o<\/figcaption><\/figure>\n<\/div>\n<\/div>\n\n\n\n<div style=\"height:50px\" aria-hidden=\"true\" class=\"wp-block-spacer\"><\/div>\n\n\n\n<p class=\"has-text-align-center\">Ver mais <strong><a href=\"http:\/\/collaboro.ipportalegre.pt\/estg\/projetos-da-tua-escola\/\" data-type=\"page\" data-id=\"214\">PROJETOS DA TUA ESCOLA<\/a><\/strong><\/p>\n","protected":false},"excerpt":{"rendered":"<p>Campus polit\u00e9cnico inaugura eco-trilho Um trilho para desporto e observa\u00e7\u00e3o da biodiversidade O Campus Polit\u00e9cnico inaugurou no dia 5 de junho, Dia Internacional do Ambiente, um Eco-trilho que permitir\u00e1 a &#8230;<\/p>\n","protected":false},"author":3,"featured_media":0,"parent":214,"menu_order":1,"comment_status":"closed","ping_status":"closed","template":"","meta":{"inline_featured_image":false,"footnotes":""},"class_list":["post-809","page","type-page","status-publish","hentry"],"_links":{"self":[{"href":"https:\/\/collaboro.ipportalegre.pt\/estg\/wp-json\/wp\/v2\/pages\/809","targetHints":{"allow":["GET"]}}],"collection":[{"href":"https:\/\/collaboro.ipportalegre.pt\/estg\/wp-json\/wp\/v2\/pages"}],"about":[{"href":"https:\/\/collaboro.ipportalegre.pt\/estg\/wp-json\/wp\/v2\/types\/page"}],"author":[{"embeddable":true,"href":"https:\/\/collaboro.ipportalegre.pt\/estg\/wp-json\/wp\/v2\/users\/3"}],"replies":[{"embeddable":true,"href":"https:\/\/collaboro.ipportalegre.pt\/estg\/wp-json\/wp\/v2\/comments?post=809"}],"version-history":[{"count":4,"href":"https:\/\/collaboro.ipportalegre.pt\/estg\/wp-json\/wp\/v2\/pages\/809\/revisions"}],"predecessor-version":[{"id":822,"href":"https:\/\/collaboro.ipportalegre.pt\/estg\/wp-json\/wp\/v2\/pages\/809\/revisions\/822"}],"up":[{"embeddable":true,"href":"https:\/\/collaboro.ipportalegre.pt\/estg\/wp-json\/wp\/v2\/pages\/214"}],"wp:attachment":[{"href":"https:\/\/collaboro.ipportalegre.pt\/estg\/wp-json\/wp\/v2\/media?parent=809"}],"curies":[{"name":"wp","href":"https:\/\/api.w.org\/{rel}","templated":true}]}}

Inauguração do Eco-Trilho do Campus

<div style="height:" aria-hidden="true" class="wp-block-spacer"></div>



<figure class="wp-block-image size-large"><img loading="lazy" decoding="async" width="1024" height="746" src="http://collaboro.ipportalegre.pt/estg/wp-content/uploads/sites/5/2023/07/eco-trilho-1-1024x746.jpg" alt="" class="wp-image-811" srcset="https://collaboro.ipportalegre.pt/estg/wp-content/uploads/sites/5/2023/07/eco-trilho-1-1024x746.jpg 1024w, https://collaboro.ipportalegre.pt/estg/wp-content/uploads/sites/5/2023/07/eco-trilho-1-300x219.jpg 300w, https://collaboro.ipportalegre.pt/estg/wp-content/uploads/sites/5/2023/07/eco-trilho-1-768x560.jpg 768w, https://collaboro.ipportalegre.pt/estg/wp-content/uploads/sites/5/2023/07/eco-trilho-1.jpg 1280w" sizes="auto, (max-width: 1024px) 100vw, 1024px" /><figcaption class="wp-element-caption">Fotografia de Rui Telmo Romão</figcaption></figure>



<div style="height:30px" aria-hidden="true" class="wp-block-spacer"></div>



<h2 class="wp-block-heading" style="text-transform:uppercase">Campus politécnico inaugura eco-trilho</h2>



<p class="has-luminous-vivid-orange-color has-text-color has-medium-font-size">Um trilho para desporto e observação da biodiversidade</p>



<p></p>



<div class="wp-block-columns is-layout-flex wp-container-core-columns-is-layout-9d6595d7 wp-block-columns-is-layout-flex">
<div class="wp-block-column is-layout-flow wp-block-column-is-layout-flow" style="flex-basis:33.33%">
<p>O Campus Politécnico inaugurou no dia 5 de junho, Dia Internacional do Ambiente, um Eco-trilho que permitirá a prática desportiva e a observação da biodiversidade que existe no Campus.</p>



<p>O percurso tem aproximadamente 2 km de extensão e permite a realização de corrida e de caminhada. Ao longo do percurso existem 5 paragens assinaladas. </p>



<p>Duas destas paragens permitem conhecer melhor a biodiversidade do local, através das informações científicas disponibilizadas nos painéis informativos que integram o percurso.</p>



<p>Conheça o percurso aqui:</p>



<p><a href="https://pt.wikiloc.com/trilhas-trekking/eco-escolas-eco-trilho-campus-pportalegre-135869070">https://pt.wikiloc.com/trilhas-trekking/eco-escolas-eco-trilho-campus-pportalegre-135869070</a></p>
</div>



<div class="wp-block-column is-layout-flow wp-block-column-is-layout-flow" style="flex-basis:66.66%">
<figure class="wp-block-image size-large"><img loading="lazy" decoding="async" width="1024" height="682" src="https://collaboro.ipportalegre.pt/estg/wp-content/uploads/sites/5/2023/07/IPPDiasdoAmbiente_RuiTelmoRomao_0L4A8351-1024x682.jpg" alt="" class="wp-image-813" srcset="https://collaboro.ipportalegre.pt/estg/wp-content/uploads/sites/5/2023/07/IPPDiasdoAmbiente_RuiTelmoRomao_0L4A8351-1024x682.jpg 1024w, https://collaboro.ipportalegre.pt/estg/wp-content/uploads/sites/5/2023/07/IPPDiasdoAmbiente_RuiTelmoRomao_0L4A8351-300x200.jpg 300w, https://collaboro.ipportalegre.pt/estg/wp-content/uploads/sites/5/2023/07/IPPDiasdoAmbiente_RuiTelmoRomao_0L4A8351-768x512.jpg 768w, https://collaboro.ipportalegre.pt/estg/wp-content/uploads/sites/5/2023/07/IPPDiasdoAmbiente_RuiTelmoRomao_0L4A8351.jpg 1280w" sizes="auto, (max-width: 1024px) 100vw, 1024px" /><figcaption class="wp-element-caption">Fotografia de Rui Telmo Romão</figcaption></figure>
</div>
</div>



<div style="height:50px" aria-hidden="true" class="wp-block-spacer"></div>



<p class="has-text-align-center">Ver mais <strong><a href="http://collaboro.ipportalegre.pt/estg/projetos-da-tua-escola/" data-type="page" data-id="214">PROJETOS DA TUA ESCOLA</a></strong></p>

<p>Campus politécnico inaugura eco-trilho Um trilho para desporto e observação da biodiversidade O Campus Politécnico inaugurou no dia 5 de junho, Dia Internacional do Ambiente, um Eco-trilho que permitirá a &#8230;</p>
