{"id":791,"date":"2023-05-06T00:32:03","date_gmt":"2023-05-06T00:32:03","guid":{"rendered":"http:\/\/collaboro.ipportalegre.pt\/estg\/?page_id=791"},"modified":"2023-05-06T00:36:46","modified_gmt":"2023-05-06T00:36:46","slug":"bandeira-verde","status":"publish","type":"page","link":"https:\/\/collaboro.ipportalegre.pt\/estg\/projetos-da-tua-escola\/bandeira-verde\/","title":{"rendered":"Galard\u00e3o Eco-escolas"},"content":{"rendered":"\n<div style=\"height:\" aria-hidden=\"true\" class=\"wp-block-spacer\"><\/div>\n\n\n\n<figure class=\"wp-block-image size-large\"><img loading=\"lazy\" decoding=\"async\" width=\"1024\" height=\"768\" src=\"http:\/\/collaboro.ipportalegre.pt\/estg\/wp-content\/uploads\/sites\/5\/2023\/05\/IMG-20221019-WA0028-1024x768.jpg\" alt=\"\" class=\"wp-image-792\" srcset=\"https:\/\/collaboro.ipportalegre.pt\/estg\/wp-content\/uploads\/sites\/5\/2023\/05\/IMG-20221019-WA0028-1024x768.jpg 1024w, https:\/\/collaboro.ipportalegre.pt\/estg\/wp-content\/uploads\/sites\/5\/2023\/05\/IMG-20221019-WA0028-300x225.jpg 300w, https:\/\/collaboro.ipportalegre.pt\/estg\/wp-content\/uploads\/sites\/5\/2023\/05\/IMG-20221019-WA0028-768x576.jpg 768w, https:\/\/collaboro.ipportalegre.pt\/estg\/wp-content\/uploads\/sites\/5\/2023\/05\/IMG-20221019-WA0028-1536x1152.jpg 1536w, https:\/\/collaboro.ipportalegre.pt\/estg\/wp-content\/uploads\/sites\/5\/2023\/05\/IMG-20221019-WA0028.jpg 1600w\" sizes=\"auto, (max-width: 1024px) 100vw, 1024px\" \/><\/figure>\n\n\n\n<div style=\"height:30px\" aria-hidden=\"true\" class=\"wp-block-spacer\"><\/div>\n\n\n\n<h2 class=\"wp-block-heading\" style=\"text-transform:uppercase\"><strong><a href=\"http:\/\/collaboro.ipportalegre.pt\/estg\/projetos-da-tua-escola\/bandeira-verde\/\" data-type=\"page\" data-id=\"791\">bandeira verde eco-escolas <\/a><\/strong><\/h2>\n\n\n\n<p class=\"has-luminous-vivid-orange-color has-text-color has-medium-font-size\">ESTG auferiu o primeiro galard\u00e3o Eco-escolas 21\/22<\/p>\n\n\n\n<p>No dia 19 de outubro a ESTG recebeu a sua primeira Bandeira Verde, entregue na cerim\u00f3nia de entrega dos galard\u00f5es, realizada em Coimbra e promovida pela ABAE, promotora do programa Eco-escolas.<\/p>\n\n\n\n<p>O pr\u00e9mio marca o in\u00edcio de uma estrat\u00e9gia mais verde para o Campus Polit\u00e9cnico e para Escola Superior de Tecnologia e Gest\u00e3o do Instituto Polit\u00e9cnico de Portalegre.<\/p>\n\n\n\n<div style=\"height:50px\" aria-hidden=\"true\" class=\"wp-block-spacer\"><\/div>\n\n\n\n<p class=\"has-text-align-center\">Ver mais <strong><a href=\"http:\/\/collaboro.ipportalegre.pt\/estg\/projetos-da-tua-escola\/\" data-type=\"page\" data-id=\"214\">PROJETOS DA TUA ESCOLA<\/a><\/strong><\/p>\n","protected":false},"excerpt":{"rendered":"<p>bandeira verde eco-escolas ESTG auferiu o primeiro galard\u00e3o Eco-escolas 21\/22 No dia 19 de outubro a ESTG recebeu a sua primeira Bandeira Verde, entregue na cerim\u00f3nia de entrega dos galard\u00f5es, &#8230;<\/p>\n","protected":false},"author":3,"featured_media":0,"parent":214,"menu_order":1,"comment_status":"closed","ping_status":"closed","template":"","meta":{"inline_featured_image":false,"footnotes":""},"class_list":["post-791","page","type-page","status-publish","hentry"],"_links":{"self":[{"href":"https:\/\/collaboro.ipportalegre.pt\/estg\/wp-json\/wp\/v2\/pages\/791","targetHints":{"allow":["GET"]}}],"collection":[{"href":"https:\/\/collaboro.ipportalegre.pt\/estg\/wp-json\/wp\/v2\/pages"}],"about":[{"href":"https:\/\/collaboro.ipportalegre.pt\/estg\/wp-json\/wp\/v2\/types\/page"}],"author":[{"embeddable":true,"href":"https:\/\/collaboro.ipportalegre.pt\/estg\/wp-json\/wp\/v2\/users\/3"}],"replies":[{"embeddable":true,"href":"https:\/\/collaboro.ipportalegre.pt\/estg\/wp-json\/wp\/v2\/comments?post=791"}],"version-history":[{"count":3,"href":"https:\/\/collaboro.ipportalegre.pt\/estg\/wp-json\/wp\/v2\/pages\/791\/revisions"}],"predecessor-version":[{"id":796,"href":"https:\/\/collaboro.ipportalegre.pt\/estg\/wp-json\/wp\/v2\/pages\/791\/revisions\/796"}],"up":[{"embeddable":true,"href":"https:\/\/collaboro.ipportalegre.pt\/estg\/wp-json\/wp\/v2\/pages\/214"}],"wp:attachment":[{"href":"https:\/\/collaboro.ipportalegre.pt\/estg\/wp-json\/wp\/v2\/media?parent=791"}],"curies":[{"name":"wp","href":"https:\/\/api.w.org\/{rel}","templated":true}]}}