{"id":558,"date":"2023-01-31T12:51:39","date_gmt":"2023-01-31T12:51:39","guid":{"rendered":"http:\/\/collaboro.ipportalegre.pt\/estg\/?page_id=558"},"modified":"2023-03-14T16:31:36","modified_gmt":"2023-03-14T16:31:36","slug":"relogio-climatico","status":"publish","type":"page","link":"https:\/\/collaboro.ipportalegre.pt\/estg\/projetos-da-tua-escola\/relogio-climatico\/","title":{"rendered":"Rel\u00f3gio Clim\u00e1tico"},"content":{"rendered":"\n<div style=\"height:\" aria-hidden=\"true\" class=\"wp-block-spacer\"><\/div>\n\n\n\n<figure class=\"wp-block-image size-large\"><img loading=\"lazy\" decoding=\"async\" width=\"1024\" height=\"276\" src=\"http:\/\/collaboro.ipportalegre.pt\/estg\/wp-content\/uploads\/sites\/5\/2023\/01\/Sem-titulo-1024x276.png\" alt=\"\" class=\"wp-image-559\" srcset=\"https:\/\/collaboro.ipportalegre.pt\/estg\/wp-content\/uploads\/sites\/5\/2023\/01\/Sem-titulo-1024x276.png 1024w, https:\/\/collaboro.ipportalegre.pt\/estg\/wp-content\/uploads\/sites\/5\/2023\/01\/Sem-titulo-300x81.png 300w, https:\/\/collaboro.ipportalegre.pt\/estg\/wp-content\/uploads\/sites\/5\/2023\/01\/Sem-titulo-768x207.png 768w, https:\/\/collaboro.ipportalegre.pt\/estg\/wp-content\/uploads\/sites\/5\/2023\/01\/Sem-titulo-1536x414.png 1536w, https:\/\/collaboro.ipportalegre.pt\/estg\/wp-content\/uploads\/sites\/5\/2023\/01\/Sem-titulo.png 1857w\" sizes=\"auto, (max-width: 1024px) 100vw, 1024px\" \/><\/figure>\n\n\n\n<div style=\"height:30px\" aria-hidden=\"true\" class=\"wp-block-spacer\"><\/div>\n\n\n\n<h2 class=\"wp-block-heading\" style=\"text-transform:uppercase\"><\/h2>\n\n\n\n<p> <h2 style=\"text-transform:uppercase\"><strong><strong>REL\u00d3GIO CLIM\u00c1TICO<\/strong><\/strong><\/h2> <p class=\"has-luminous-vivid-orange-color has-text-color has-medium-font-size\"> No teu Campus Polit\u00e9cnico<\/p>    <\/p>\n\n\n\n<p>O Rel\u00f3gio Clim\u00e1tico (Climate Clock) mede o tempo que resta at\u00e9 a Terra atingir o limiar de aquecimento global de 1,5\u00ba C relativamente \u00e0 temperatura da \u00e9poca pr\u00e9-industrial.<\/p>\n\n\n\n<p>Resultou de estudos desenvolvidos pelo Painel Intergovernamental para as Altera\u00e7\u00f5es Clim\u00e1ticas (IPCC \u2013 na sigla inglesa) da ONU que procuraram quantificar o volume de emiss\u00f5es de gases com efeito de estufa (GEE) que a humanidade poderia emitir at\u00e9 atingir este limite. Os investigadores do IPCC estimaram que a partir de 2020 a Humanidade poderia libertar cerca de 400Gt adicionais de carbono na atmosfera e ainda ter 67% de hip\u00f3teses de limitar o aquecimento a 1,5\u00baC. Este \u00e9 o or\u00e7amento de carbono que o Rel\u00f3gio Clim\u00e1tico tem por base quando nos mostra o tempo que resta para atingir este patamar de aquecimento global.<\/p>\n\n\n\n<p>Se o Rel\u00f3gio atingir o zero, a probabilidade de impactos clim\u00e1ticos devastadores ser\u00e1 muito elevada. Se a Humanidade tomar medidas para reduzir as emiss\u00f5es globais de GEE o Rel\u00f3gio Clim\u00e1tico poder\u00e1 devolver-nos tempo!<\/p>\n\n\n\n<div style=\"height:50px\" aria-hidden=\"true\" class=\"wp-block-spacer\"><\/div>\n\n\n\n<p class=\"has-text-align-center\">Ver mais <strong><a href=\"http:\/\/collaboro.ipportalegre.pt\/estg\/projetos-da-tua-escola\/\" data-type=\"page\" data-id=\"214\">PROJETOS DA TUA ESCOLA<\/a><\/strong><\/p>\n","protected":false},"excerpt":{"rendered":"<p>REL\u00d3GIO CLIM\u00c1TICO No teu Campus Polit\u00e9cnico O Rel\u00f3gio Clim\u00e1tico (Climate Clock) mede o tempo que resta at\u00e9 a Terra atingir o limiar de aquecimento global de 1,5\u00ba C relativamente \u00e0 &#8230;<\/p>\n","protected":false},"author":2,"featured_media":0,"parent":214,"menu_order":1,"comment_status":"closed","ping_status":"closed","template":"","meta":{"inline_featured_image":false,"footnotes":""},"class_list":["post-558","page","type-page","status-publish","hentry"],"_links":{"self":[{"href":"https:\/\/collaboro.ipportalegre.pt\/estg\/wp-json\/wp\/v2\/pages\/558","targetHints":{"allow":["GET"]}}],"collection":[{"href":"https:\/\/collaboro.ipportalegre.pt\/estg\/wp-json\/wp\/v2\/pages"}],"about":[{"href":"https:\/\/collaboro.ipportalegre.pt\/estg\/wp-json\/wp\/v2\/types\/page"}],"author":[{"embeddable":true,"href":"https:\/\/collaboro.ipportalegre.pt\/estg\/wp-json\/wp\/v2\/users\/2"}],"replies":[{"embeddable":true,"href":"https:\/\/collaboro.ipportalegre.pt\/estg\/wp-json\/wp\/v2\/comments?post=558"}],"version-history":[{"count":4,"href":"https:\/\/collaboro.ipportalegre.pt\/estg\/wp-json\/wp\/v2\/pages\/558\/revisions"}],"predecessor-version":[{"id":624,"href":"https:\/\/collaboro.ipportalegre.pt\/estg\/wp-json\/wp\/v2\/pages\/558\/revisions\/624"}],"up":[{"embeddable":true,"href":"https:\/\/collaboro.ipportalegre.pt\/estg\/wp-json\/wp\/v2\/pages\/214"}],"wp:attachment":[{"href":"https:\/\/collaboro.ipportalegre.pt\/estg\/wp-json\/wp\/v2\/media?parent=558"}],"curies":[{"name":"wp","href":"https:\/\/api.w.org\/{rel}","templated":true}]}}

Relógio Climático

<div style="height:" aria-hidden="true" class="wp-block-spacer"></div>



<figure class="wp-block-image size-large"><img loading="lazy" decoding="async" width="1024" height="276" src="http://collaboro.ipportalegre.pt/estg/wp-content/uploads/sites/5/2023/01/Sem-titulo-1024x276.png" alt="" class="wp-image-559" srcset="https://collaboro.ipportalegre.pt/estg/wp-content/uploads/sites/5/2023/01/Sem-titulo-1024x276.png 1024w, https://collaboro.ipportalegre.pt/estg/wp-content/uploads/sites/5/2023/01/Sem-titulo-300x81.png 300w, https://collaboro.ipportalegre.pt/estg/wp-content/uploads/sites/5/2023/01/Sem-titulo-768x207.png 768w, https://collaboro.ipportalegre.pt/estg/wp-content/uploads/sites/5/2023/01/Sem-titulo-1536x414.png 1536w, https://collaboro.ipportalegre.pt/estg/wp-content/uploads/sites/5/2023/01/Sem-titulo.png 1857w" sizes="auto, (max-width: 1024px) 100vw, 1024px" /></figure>



<div style="height:30px" aria-hidden="true" class="wp-block-spacer"></div>



<h2 class="wp-block-heading" style="text-transform:uppercase"></h2>



<p> <h2 style="text-transform:uppercase"><strong><strong>RELÓGIO CLIMÁTICO</strong></strong></h2> <p class="has-luminous-vivid-orange-color has-text-color has-medium-font-size"> No teu Campus Politécnico</p>    </p>



<p>O Relógio Climático (Climate Clock) mede o tempo que resta até a Terra atingir o limiar de aquecimento global de 1,5º C relativamente à temperatura da época pré-industrial.</p>



<p>Resultou de estudos desenvolvidos pelo Painel Intergovernamental para as Alterações Climáticas (IPCC – na sigla inglesa) da ONU que procuraram quantificar o volume de emissões de gases com efeito de estufa (GEE) que a humanidade poderia emitir até atingir este limite. Os investigadores do IPCC estimaram que a partir de 2020 a Humanidade poderia libertar cerca de 400Gt adicionais de carbono na atmosfera e ainda ter 67% de hipóteses de limitar o aquecimento a 1,5ºC. Este é o orçamento de carbono que o Relógio Climático tem por base quando nos mostra o tempo que resta para atingir este patamar de aquecimento global.</p>



<p>Se o Relógio atingir o zero, a probabilidade de impactos climáticos devastadores será muito elevada. Se a Humanidade tomar medidas para reduzir as emissões globais de GEE o Relógio Climático poderá devolver-nos tempo!</p>



<div style="height:50px" aria-hidden="true" class="wp-block-spacer"></div>



<p class="has-text-align-center">Ver mais <strong><a href="http://collaboro.ipportalegre.pt/estg/projetos-da-tua-escola/" data-type="page" data-id="214">PROJETOS DA TUA ESCOLA</a></strong></p>

<p>RELÓGIO CLIMÁTICO No teu Campus Politécnico O Relógio Climático (Climate Clock) mede o tempo que resta até a Terra atingir o limiar de aquecimento global de 1,5º C relativamente à &#8230;</p>
