{"id":43,"date":"2022-08-01T13:50:42","date_gmt":"2022-08-01T13:50:42","guid":{"rendered":"http:\/\/collaboro.ipportalegre.pt\/estg\/?page_id=43"},"modified":"2025-02-03T12:34:41","modified_gmt":"2025-02-03T12:34:41","slug":"outros-projetos-e-noticias","status":"publish","type":"page","link":"https:\/\/collaboro.ipportalegre.pt\/estg\/outros-projetos-e-noticias\/","title":{"rendered":"Outros eco-projetos e not\u00edcias"},"content":{"rendered":"\n<div style=\"height:50px\" aria-hidden=\"true\" class=\"wp-block-spacer\"><\/div>\n\n\n\n<p class=\"has-medium-font-size\"><strong>ARQUIVO<\/strong><\/p>\n\n\n\n<p class=\"has-medium-font-size\">Novembro 2024- <strong><a href=\"https:\/\/collaboro.ipportalegre.pt\/estg\/outros-projetos-e-noticias\/high-school-sustainability-guide\/\" data-type=\"page\" data-id=\"1230\">High School Sustainability Guide<\/a><\/strong><\/p>\n\n\n\n<p class=\"has-medium-font-size\">Abril 2023<a href=\"http:\/\/collaboro.ipportalegre.pt\/estg\/outros-projetos-e-noticias\/politecnico-de-portalegre-tera-melhoria-da-eficiencia-energetica\/\"> &#8211; <\/a><a href=\"http:\/\/collaboro.ipportalegre.pt\/estg\/outros-projetos-e-noticias\/politecnico-de-portalegre-tera-melhoria-da-eficiencia-energetica\/\" data-type=\"page\" data-id=\"800\"><strong>IPP ter\u00e1 melhoria da efici\u00eancia energ\u00e9tica<\/strong><\/a><\/p>\n\n\n\n<p class=\"has-medium-font-size\">Novembro 2022 &#8211; <strong><a href=\"http:\/\/collaboro.ipportalegre.pt\/estg\/outros-projetos-e-noticias\/biodiversidade\/\" data-type=\"page\" data-id=\"284\">Preserva\u00e7\u00e3o da Biodiversidade <\/a><\/strong><\/p>\n\n\n\n<p><\/p>\n\n\n\n<div style=\"height:50px\" aria-hidden=\"true\" class=\"wp-block-spacer\"><\/div>\n","protected":false},"excerpt":{"rendered":"<p>ARQUIVO Novembro 2024- High School Sustainability Guide Abril 2023 &#8211; IPP ter\u00e1 melhoria da efici\u00eancia energ\u00e9tica Novembro 2022 &#8211; Preserva\u00e7\u00e3o da Biodiversidade<\/p>\n","protected":false},"author":1,"featured_media":0,"parent":0,"menu_order":0,"comment_status":"closed","ping_status":"closed","template":"template-fullwidth.php","meta":{"inline_featured_image":false,"footnotes":""},"class_list":["post-43","page","type-page","status-publish","hentry"],"_links":{"self":[{"href":"https:\/\/collaboro.ipportalegre.pt\/estg\/wp-json\/wp\/v2\/pages\/43","targetHints":{"allow":["GET"]}}],"collection":[{"href":"https:\/\/collaboro.ipportalegre.pt\/estg\/wp-json\/wp\/v2\/pages"}],"about":[{"href":"https:\/\/collaboro.ipportalegre.pt\/estg\/wp-json\/wp\/v2\/types\/page"}],"author":[{"embeddable":true,"href":"https:\/\/collaboro.ipportalegre.pt\/estg\/wp-json\/wp\/v2\/users\/1"}],"replies":[{"embeddable":true,"href":"https:\/\/collaboro.ipportalegre.pt\/estg\/wp-json\/wp\/v2\/comments?post=43"}],"version-history":[{"count":33,"href":"https:\/\/collaboro.ipportalegre.pt\/estg\/wp-json\/wp\/v2\/pages\/43\/revisions"}],"predecessor-version":[{"id":1237,"href":"https:\/\/collaboro.ipportalegre.pt\/estg\/wp-json\/wp\/v2\/pages\/43\/revisions\/1237"}],"wp:attachment":[{"href":"https:\/\/collaboro.ipportalegre.pt\/estg\/wp-json\/wp\/v2\/media?parent=43"}],"curies":[{"name":"wp","href":"https:\/\/api.w.org\/{rel}","templated":true}]}}