{"id":215,"date":"2022-10-13T08:27:37","date_gmt":"2022-10-13T08:27:37","guid":{"rendered":"http:\/\/collaboro.ipportalegre.pt\/estg\/?page_id=215"},"modified":"2023-02-16T15:24:52","modified_gmt":"2023-02-16T15:24:52","slug":"estg-mais-sustentavel","status":"publish","type":"page","link":"https:\/\/collaboro.ipportalegre.pt\/estg\/projetos-da-tua-escola\/estg-mais-sustentavel\/","title":{"rendered":"ESTG Mais Sustent\u00e1vel"},"content":{"rendered":"\n<figure class=\"wp-block-image size-full\"><img loading=\"lazy\" decoding=\"async\" width=\"1024\" height=\"481\" src=\"http:\/\/collaboro.ipportalegre.pt\/estg\/wp-content\/uploads\/sites\/5\/2023\/01\/32-aniv-ESTG.-Carlos-F-1024.jpg\" alt=\"\" class=\"wp-image-509\" srcset=\"https:\/\/collaboro.ipportalegre.pt\/estg\/wp-content\/uploads\/sites\/5\/2023\/01\/32-aniv-ESTG.-Carlos-F-1024.jpg 1024w, https:\/\/collaboro.ipportalegre.pt\/estg\/wp-content\/uploads\/sites\/5\/2023\/01\/32-aniv-ESTG.-Carlos-F-1024-300x141.jpg 300w, https:\/\/collaboro.ipportalegre.pt\/estg\/wp-content\/uploads\/sites\/5\/2023\/01\/32-aniv-ESTG.-Carlos-F-1024-768x361.jpg 768w\" sizes=\"auto, (max-width: 1024px) 100vw, 1024px\" \/><figcaption class=\"wp-element-caption\">Carlos Fulg\u00eancio, Coordenador do &#8220;The Climate Reality Project&#8221;<\/figcaption><\/figure>\n\n\n\n<div style=\"height:30px\" aria-hidden=\"true\" class=\"wp-block-spacer\"><\/div>\n\n\n\n<h2 class=\"wp-block-heading\"><strong>ESTG MAIS SUSTENT\u00c1VEL<\/strong>!<\/h2>\n\n\n\n<h3 class=\"has-luminous-vivid-orange-color has-text-color wp-block-heading\">A Olhar para o Futuro<\/h3>\n\n\n\n<p>A ESTG comemorou o seu 32\u00ba anivers\u00e1rio apresentando um futuro marcado pela inten\u00e7\u00e3o de contribuir para um desenvolvimento mais sustent\u00e1vel. As comemora\u00e7\u00f5es contaram com o convidado de honra, Carlos Fulg\u00eancio, coordenador nacional do projeto &#8220;The Climate Reality Project&#8221;, e com a apresenta\u00e7\u00e3o, pelos coordenadores do Programa Eco-Escolas, de algumas atividades realizadas no \u00e2mbito do Programa em 21\/22, e com as principais inten\u00e7\u00f5es para o ano 22\/23, o desenvolvimento de um eco-trilho no Campus Polit\u00e9cnico e a integra\u00e7\u00e3o dos ODS 2030 nas UC das ofertas formativas da ESTG.<\/p>\n\n\n\n<div style=\"height:50px\" aria-hidden=\"true\" class=\"wp-block-spacer\"><\/div>\n\n\n\n<p class=\"has-text-align-center\">Ver mais <strong><a href=\"http:\/\/collaboro.ipportalegre.pt\/estg\/projetos-da-tua-escola\/\" data-type=\"page\" data-id=\"214\">PROJETOS DA TUA ESCOLA<\/a><\/strong><\/p>\n","protected":false},"excerpt":{"rendered":"<p>ESTG MAIS SUSTENT\u00c1VEL! A Olhar para o Futuro A ESTG comemorou o seu 32\u00ba anivers\u00e1rio apresentando um futuro marcado pela inten\u00e7\u00e3o de contribuir para um desenvolvimento mais sustent\u00e1vel. As comemora\u00e7\u00f5es &#8230;<\/p>\n","protected":false},"author":1,"featured_media":0,"parent":214,"menu_order":1,"comment_status":"closed","ping_status":"closed","template":"","meta":{"inline_featured_image":false,"footnotes":""},"class_list":["post-215","page","type-page","status-publish","hentry"],"_links":{"self":[{"href":"https:\/\/collaboro.ipportalegre.pt\/estg\/wp-json\/wp\/v2\/pages\/215","targetHints":{"allow":["GET"]}}],"collection":[{"href":"https:\/\/collaboro.ipportalegre.pt\/estg\/wp-json\/wp\/v2\/pages"}],"about":[{"href":"https:\/\/collaboro.ipportalegre.pt\/estg\/wp-json\/wp\/v2\/types\/page"}],"author":[{"embeddable":true,"href":"https:\/\/collaboro.ipportalegre.pt\/estg\/wp-json\/wp\/v2\/users\/1"}],"replies":[{"embeddable":true,"href":"https:\/\/collaboro.ipportalegre.pt\/estg\/wp-json\/wp\/v2\/comments?post=215"}],"version-history":[{"count":34,"href":"https:\/\/collaboro.ipportalegre.pt\/estg\/wp-json\/wp\/v2\/pages\/215\/revisions"}],"predecessor-version":[{"id":590,"href":"https:\/\/collaboro.ipportalegre.pt\/estg\/wp-json\/wp\/v2\/pages\/215\/revisions\/590"}],"up":[{"embeddable":true,"href":"https:\/\/collaboro.ipportalegre.pt\/estg\/wp-json\/wp\/v2\/pages\/214"}],"wp:attachment":[{"href":"https:\/\/collaboro.ipportalegre.pt\/estg\/wp-json\/wp\/v2\/media?parent=215"}],"curies":[{"name":"wp","href":"https:\/\/api.w.org\/{rel}","templated":true}]}}

ESTG Mais Sustentável

<figure class="wp-block-image size-full"><img loading="lazy" decoding="async" width="1024" height="481" src="http://collaboro.ipportalegre.pt/estg/wp-content/uploads/sites/5/2023/01/32-aniv-ESTG.-Carlos-F-1024.jpg" alt="" class="wp-image-509" srcset="https://collaboro.ipportalegre.pt/estg/wp-content/uploads/sites/5/2023/01/32-aniv-ESTG.-Carlos-F-1024.jpg 1024w, https://collaboro.ipportalegre.pt/estg/wp-content/uploads/sites/5/2023/01/32-aniv-ESTG.-Carlos-F-1024-300x141.jpg 300w, https://collaboro.ipportalegre.pt/estg/wp-content/uploads/sites/5/2023/01/32-aniv-ESTG.-Carlos-F-1024-768x361.jpg 768w" sizes="auto, (max-width: 1024px) 100vw, 1024px" /><figcaption class="wp-element-caption">Carlos Fulgêncio, Coordenador do &#8220;The Climate Reality Project&#8221;</figcaption></figure>



<div style="height:30px" aria-hidden="true" class="wp-block-spacer"></div>



<h2 class="wp-block-heading"><strong>ESTG MAIS SUSTENTÁVEL</strong>!</h2>



<h3 class="has-luminous-vivid-orange-color has-text-color wp-block-heading">A Olhar para o Futuro</h3>



<p>A ESTG comemorou o seu 32º aniversário apresentando um futuro marcado pela intenção de contribuir para um desenvolvimento mais sustentável. As comemorações contaram com o convidado de honra, Carlos Fulgêncio, coordenador nacional do projeto &#8220;The Climate Reality Project&#8221;, e com a apresentação, pelos coordenadores do Programa Eco-Escolas, de algumas atividades realizadas no âmbito do Programa em 21/22, e com as principais intenções para o ano 22/23, o desenvolvimento de um eco-trilho no Campus Politécnico e a integração dos ODS 2030 nas UC das ofertas formativas da ESTG.</p>



<div style="height:50px" aria-hidden="true" class="wp-block-spacer"></div>



<p class="has-text-align-center">Ver mais <strong><a href="http://collaboro.ipportalegre.pt/estg/projetos-da-tua-escola/" data-type="page" data-id="214">PROJETOS DA TUA ESCOLA</a></strong></p>

<p>ESTG MAIS SUSTENTÁVEL! A Olhar para o Futuro A ESTG comemorou o seu 32º aniversário apresentando um futuro marcado pela intenção de contribuir para um desenvolvimento mais sustentável. As comemorações &#8230;</p>
