{"id":17,"date":"2022-07-29T09:47:43","date_gmt":"2022-07-29T09:47:43","guid":{"rendered":"http:\/\/collaboro.ipportalegre.pt\/estg\/?page_id=17"},"modified":"2024-10-24T13:39:26","modified_gmt":"2024-10-24T13:39:26","slug":"sobre","status":"publish","type":"page","link":"https:\/\/collaboro.ipportalegre.pt\/estg\/sobre\/","title":{"rendered":"Sobre"},"content":{"rendered":"\n<p>O Programa Eco-Escolas implementado nas quatro Unidades Org\u00e2nicas do Instituto Polit\u00e9cnico de Portalegre: Escola Superior de Bioci\u00eancias de Elvas; Escola Superior de Educa\u00e7\u00e3o e Ci\u00eancias Sociais; Escola Superior de Sa\u00fade e Escola Superior de Tecnologia, Gest\u00e3o e Design, pretende fomentar maior dinamismo no desenvolvimento de atividades ambientais e posicionar as Unidades Org\u00e2nicas e o Polit\u00e9cnico de Portalegre no seio dos assuntos ambientais e da responsabilidade ambiental.<\/p>\n\n\n\n<p>As IES t\u00eam uma responsabilidade acrescida no que diz respeito \u00e0 forma\u00e7\u00e3o para a cidadania ambiental e devem promover os comportamentos e a forma\u00e7\u00e3o acad\u00e9mica e cient\u00edfica necess\u00e1ria para que os Objetivos do Desenvolvimento Sustent\u00e1vel, almejados para 2030, possam ser plenamente alcan\u00e7ados.&nbsp;<\/p>\n\n\n\n<p>O programa Eco-escolas \u00e9 uma das ferramentas que permite \u00e0s Unidades Org\u00e2nicas contribuir para o Desenvolvimento Sustent\u00e1vel, quer na constru\u00e7\u00e3o c\u00edvica e responsabilidade ecol\u00f3gica da sua comunidade acad\u00e9mica, quer para elevar a import\u00e2ncia das mat\u00e9rias ambientais na forma\u00e7\u00e3o dos estudantes. Assim, o programa integra docentes, estudantes e funcion\u00e1rios das Unidades Org\u00e2nicas, com a inten\u00e7\u00e3o de envolver toda a sua comunidade em prol de um bem comum!<\/p>\n","protected":false},"excerpt":{"rendered":"<p>O Programa Eco-Escolas implementado nas quatro Unidades Org\u00e2nicas do Instituto Polit\u00e9cnico de Portalegre: Escola Superior de Bioci\u00eancias de Elvas; Escola Superior de Educa\u00e7\u00e3o e Ci\u00eancias Sociais; Escola Superior de Sa\u00fade &#8230;<\/p>\n","protected":false},"author":1,"featured_media":0,"parent":0,"menu_order":0,"comment_status":"closed","ping_status":"closed","template":"","meta":{"inline_featured_image":false,"footnotes":""},"class_list":["post-17","page","type-page","status-publish","hentry"],"_links":{"self":[{"href":"https:\/\/collaboro.ipportalegre.pt\/estg\/wp-json\/wp\/v2\/pages\/17","targetHints":{"allow":["GET"]}}],"collection":[{"href":"https:\/\/collaboro.ipportalegre.pt\/estg\/wp-json\/wp\/v2\/pages"}],"about":[{"href":"https:\/\/collaboro.ipportalegre.pt\/estg\/wp-json\/wp\/v2\/types\/page"}],"author":[{"embeddable":true,"href":"https:\/\/collaboro.ipportalegre.pt\/estg\/wp-json\/wp\/v2\/users\/1"}],"replies":[{"embeddable":true,"href":"https:\/\/collaboro.ipportalegre.pt\/estg\/wp-json\/wp\/v2\/comments?post=17"}],"version-history":[{"count":3,"href":"https:\/\/collaboro.ipportalegre.pt\/estg\/wp-json\/wp\/v2\/pages\/17\/revisions"}],"predecessor-version":[{"id":1091,"href":"https:\/\/collaboro.ipportalegre.pt\/estg\/wp-json\/wp\/v2\/pages\/17\/revisions\/1091"}],"wp:attachment":[{"href":"https:\/\/collaboro.ipportalegre.pt\/estg\/wp-json\/wp\/v2\/media?parent=17"}],"curies":[{"name":"wp","href":"https:\/\/api.w.org\/{rel}","templated":true}]}}

<p>O Programa Eco-Escolas implementado nas quatro Unidades Orgânicas do Instituto Politécnico de Portalegre: Escola Superior de Biociências de Elvas; Escola Superior de Educação e Ciências Sociais; Escola Superior de Saúde e Escola Superior de Tecnologia, Gestão e Design, pretende fomentar maior dinamismo no desenvolvimento de atividades ambientais e posicionar as Unidades Orgânicas e o Politécnico de Portalegre no seio dos assuntos ambientais e da responsabilidade ambiental.</p>



<p>As IES têm uma responsabilidade acrescida no que diz respeito à formação para a cidadania ambiental e devem promover os comportamentos e a formação académica e científica necessária para que os Objetivos do Desenvolvimento Sustentável, almejados para 2030, possam ser plenamente alcançados.&nbsp;</p>



<p>O programa Eco-escolas é uma das ferramentas que permite às Unidades Orgânicas contribuir para o Desenvolvimento Sustentável, quer na construção cívica e responsabilidade ecológica da sua comunidade académica, quer para elevar a importância das matérias ambientais na formação dos estudantes. Assim, o programa integra docentes, estudantes e funcionários das Unidades Orgânicas, com a intenção de envolver toda a sua comunidade em prol de um bem comum!</p>

<p>O Programa Eco-Escolas implementado nas quatro Unidades Orgânicas do Instituto Politécnico de Portalegre: Escola Superior de Biociências de Elvas; Escola Superior de Educação e Ciências Sociais; Escola Superior de Saúde &#8230;</p>
