{"id":1328,"date":"2025-05-13T23:06:10","date_gmt":"2025-05-13T23:06:10","guid":{"rendered":"https:\/\/collaboro.ipportalegre.pt\/estg\/?page_id=1328"},"modified":"2025-05-13T23:06:55","modified_gmt":"2025-05-13T23:06:55","slug":"dias-do-ambiente-2025-remocao-de-especies-exoticas-no-pnssm","status":"publish","type":"page","link":"https:\/\/collaboro.ipportalegre.pt\/estg\/projetos-da-tua-escola\/dias-do-ambiente-2025-remocao-de-especies-exoticas-no-pnssm\/","title":{"rendered":"Dias do Ambiente 2025* Remo\u00e7\u00e3o de Esp\u00e9cies Ex\u00f3ticas no PNSSM"},"content":{"rendered":"\n\n\n<figure class=\"wp-block-image size-large\"><img loading=\"lazy\" decoding=\"async\" width=\"1024\" height=\"953\" src=\"http:\/\/collaboro.ipportalegre.pt\/estg\/wp-content\/uploads\/sites\/5\/2025\/05\/Remocao-invasoras-3-1024x953.jpg\" alt=\"\" class=\"wp-image-1304\" srcset=\"https:\/\/collaboro.ipportalegre.pt\/estg\/wp-content\/uploads\/sites\/5\/2025\/05\/Remocao-invasoras-3-1024x953.jpg 1024w, https:\/\/collaboro.ipportalegre.pt\/estg\/wp-content\/uploads\/sites\/5\/2025\/05\/Remocao-invasoras-3-300x279.jpg 300w, https:\/\/collaboro.ipportalegre.pt\/estg\/wp-content\/uploads\/sites\/5\/2025\/05\/Remocao-invasoras-3-768x715.jpg 768w, https:\/\/collaboro.ipportalegre.pt\/estg\/wp-content\/uploads\/sites\/5\/2025\/05\/Remocao-invasoras-3-1536x1429.jpg 1536w, https:\/\/collaboro.ipportalegre.pt\/estg\/wp-content\/uploads\/sites\/5\/2025\/05\/Remocao-invasoras-3-2048x1905.jpg 2048w\" sizes=\"auto, (max-width: 1024px) 100vw, 1024px\" \/><\/figure>\n\n\n<\/figure>\n<p><!-- \/wp:post-content --><\/div>\n<p><!-- \/wp:group --><\/div>\n<p><!-- \/wp:group --><\/div>\n<p><!-- \/wp:column --><\/div>\n<p><!-- \/wp:columns --><\/div>\n<p><!-- \/wp:column --><\/div>\n<p><!-- \/wp:columns --><\/div>\n<p><!-- \/wp:group --><\/div>\n<p><!-- \/wp:group --><\/p>\n<p><!-- wp:heading {\"style\":{\"typography\":{\"textTransform\":\"uppercase\"}}} --><\/p>\n<h2 class=\"wp-block-heading\" style=\"text-transform: uppercase\">Dias do ambiente* 2025 | 3\u00aa Edi\u00e7\u00e3o\u00a0<\/h2>\n<p><!-- \/wp:heading --><\/p>\n<p><!-- wp:paragraph {\"textColor\":\"luminous-vivid-orange\",\"fontSize\":\"medium\"} --><\/p>\n<p class=\"has-luminous-vivid-orange-color has-text-color has-medium-font-size\"><strong><span style=\"color: #ff9900\">Dia 07 de maio&#8217; 2025&#8242;\u00a0<\/span><\/strong><\/p>\n<p><em><!-- \/wp:paragraph --><\/p>\n<p><!-- wp:paragraph --><\/em><\/p>\n<p>O EcoCampus do Campus Polit\u00e9cnico do Portalegre, em parceria com a Escola de Hotelaria e Turismo de Portalegre e com o Instituto da Conserva\u00e7\u00e3o da Natureza e das Florestas (ICNF), promoveram uma a\u00e7\u00e3o de remo\u00e7\u00e3o de esp\u00e9cies ex\u00f3ticas no Parque Natural da Serra de S\u00e3o de Mamede.<\/p>\n<p>A esp\u00e9cie removida, <em><a href=\"https:\/\/invasoras.pt\/pt\/planta-invasora\/hakea-sericea\">Hakea<\/a><\/em>, de folhas em forma de agulha, e picantes, \u00e9 uma esp\u00e9cie ex\u00f3tica que apresenta elevado risco de ter um comportamento invasor no territ\u00f3rio Portugu\u00eas. Esse comportamento est\u00e1 patente na r\u00e1pida propaga\u00e7\u00e3o nos solos do Parque Natural.<\/p>\n<p>Obrigada a todos os estudantes e professores que contribu\u00edram com um pouco do seu tempo e dedica\u00e7\u00e3o!<\/p>\n<p><figure id=\"attachment_1321\" aria-describedby=\"caption-attachment-1321\" style=\"width: 800px\" class=\"wp-caption aligncenter\"><img loading=\"lazy\" decoding=\"async\" class=\"wp-image-1321 size-large\" src=\"http:\/\/collaboro.ipportalegre.pt\/estg\/wp-content\/uploads\/sites\/5\/2025\/05\/Equipa-de-Remocao-1024x521.jpg\" alt=\"\" width=\"800\" height=\"407\" srcset=\"https:\/\/collaboro.ipportalegre.pt\/estg\/wp-content\/uploads\/sites\/5\/2025\/05\/Equipa-de-Remocao-1024x521.jpg 1024w, https:\/\/collaboro.ipportalegre.pt\/estg\/wp-content\/uploads\/sites\/5\/2025\/05\/Equipa-de-Remocao-300x153.jpg 300w, https:\/\/collaboro.ipportalegre.pt\/estg\/wp-content\/uploads\/sites\/5\/2025\/05\/Equipa-de-Remocao-768x391.jpg 768w, https:\/\/collaboro.ipportalegre.pt\/estg\/wp-content\/uploads\/sites\/5\/2025\/05\/Equipa-de-Remocao-1536x781.jpg 1536w, https:\/\/collaboro.ipportalegre.pt\/estg\/wp-content\/uploads\/sites\/5\/2025\/05\/Equipa-de-Remocao.jpg 1864w\" sizes=\"auto, (max-width: 800px) 100vw, 800px\" \/><figcaption id=\"caption-attachment-1321\" class=\"wp-caption-text\">A nossa equipa de combate \u00e0s esp\u00e9cies ex\u00f3ticas no PNSSM!<\/figcaption><\/figure>\n<\/div>\n<\/div>\n<p><!--more--><\/p>\n<p><!-- \/wp:spacer --><\/p>\n<p><!-- wp:paragraph {\"align\":\"center\"} --><\/p>\n<p>&nbsp;<\/p>\n<p class=\"has-text-align-center\">Ver mais <strong><a href=\"http:\/\/collaboro.ipportalegre.pt\/estg\/projetos-da-tua-escola\/\" data-type=\"page\" data-id=\"214\">PROJETOS DA TUA ESCOLA<\/a><\/strong><\/p>\n<p><!-- \/wp:paragraph --><\/p>","protected":false},"excerpt":{"rendered":"<p>Dias do ambiente* 2025 | 3\u00aa Edi\u00e7\u00e3o\u00a0 Dia 07 de maio&#8217; 2025&#8242;\u00a0 O EcoCampus do Campus Polit\u00e9cnico do Portalegre, em parceria com a Escola de Hotelaria e Turismo de Portalegre &#8230;<\/p>\n","protected":false},"author":3,"featured_media":1310,"parent":214,"menu_order":1,"comment_status":"closed","ping_status":"closed","template":"template-fullwidth.php","meta":{"inline_featured_image":false,"footnotes":""},"class_list":["post-1328","page","type-page","status-publish","has-post-thumbnail","hentry"],"_links":{"self":[{"href":"https:\/\/collaboro.ipportalegre.pt\/estg\/wp-json\/wp\/v2\/pages\/1328","targetHints":{"allow":["GET"]}}],"collection":[{"href":"https:\/\/collaboro.ipportalegre.pt\/estg\/wp-json\/wp\/v2\/pages"}],"about":[{"href":"https:\/\/collaboro.ipportalegre.pt\/estg\/wp-json\/wp\/v2\/types\/page"}],"author":[{"embeddable":true,"href":"https:\/\/collaboro.ipportalegre.pt\/estg\/wp-json\/wp\/v2\/users\/3"}],"replies":[{"embeddable":true,"href":"https:\/\/collaboro.ipportalegre.pt\/estg\/wp-json\/wp\/v2\/comments?post=1328"}],"version-history":[{"count":3,"href":"https:\/\/collaboro.ipportalegre.pt\/estg\/wp-json\/wp\/v2\/pages\/1328\/revisions"}],"predecessor-version":[{"id":1378,"href":"https:\/\/collaboro.ipportalegre.pt\/estg\/wp-json\/wp\/v2\/pages\/1328\/revisions\/1378"}],"up":[{"embeddable":true,"href":"https:\/\/collaboro.ipportalegre.pt\/estg\/wp-json\/wp\/v2\/pages\/214"}],"wp:featuredmedia":[{"embeddable":true,"href":"https:\/\/collaboro.ipportalegre.pt\/estg\/wp-json\/wp\/v2\/media\/1310"}],"wp:attachment":[{"href":"https:\/\/collaboro.ipportalegre.pt\/estg\/wp-json\/wp\/v2\/media?parent=1328"}],"curies":[{"name":"wp","href":"https:\/\/api.w.org\/{rel}","templated":true}]}}

Dias do Ambiente 2025* Remoção de Espécies Exóticas no PNSSM

<figure class="wp-block-image size-large"><img loading="lazy" decoding="async" width="1024" height="953" src="http://collaboro.ipportalegre.pt/estg/wp-content/uploads/sites/5/2025/05/Remocao-invasoras-3-1024x953.jpg" alt="" class="wp-image-1304" srcset="https://collaboro.ipportalegre.pt/estg/wp-content/uploads/sites/5/2025/05/Remocao-invasoras-3-1024x953.jpg 1024w, https://collaboro.ipportalegre.pt/estg/wp-content/uploads/sites/5/2025/05/Remocao-invasoras-3-300x279.jpg 300w, https://collaboro.ipportalegre.pt/estg/wp-content/uploads/sites/5/2025/05/Remocao-invasoras-3-768x715.jpg 768w, https://collaboro.ipportalegre.pt/estg/wp-content/uploads/sites/5/2025/05/Remocao-invasoras-3-1536x1429.jpg 1536w, https://collaboro.ipportalegre.pt/estg/wp-content/uploads/sites/5/2025/05/Remocao-invasoras-3-2048x1905.jpg 2048w" sizes="auto, (max-width: 1024px) 100vw, 1024px" /></figure>


</figure>
<p><!-- /wp:post-content --></div>
<p><!-- /wp:group --></div>
<p><!-- /wp:group --></div>
<p><!-- /wp:column --></div>
<p><!-- /wp:columns --></div>
<p><!-- /wp:column --></div>
<p><!-- /wp:columns --></div>
<p><!-- /wp:group --></div>
<p><!-- /wp:group --></p>
<p><!-- wp:heading {"style":{"typography":{"textTransform":"uppercase"}}} --></p>
<h2 class="wp-block-heading" style="text-transform: uppercase">Dias do ambiente* 2025 | 3ª Edição </h2>
<p><!-- /wp:heading --></p>
<p><!-- wp:paragraph {"textColor":"luminous-vivid-orange","fontSize":"medium"} --></p>
<p class="has-luminous-vivid-orange-color has-text-color has-medium-font-size"><strong><span style="color: #ff9900">Dia 07 de maio&#8217; 2025&#8242; </span></strong></p>
<p><em><!-- /wp:paragraph --></p>
<p><!-- wp:paragraph --></em></p>
<p>O EcoCampus do Campus Politécnico do Portalegre, em parceria com a Escola de Hotelaria e Turismo de Portalegre e com o Instituto da Conservação da Natureza e das Florestas (ICNF), promoveram uma ação de remoção de espécies exóticas no Parque Natural da Serra de São de Mamede.</p>
<p>A espécie removida, <em><a href="https://invasoras.pt/pt/planta-invasora/hakea-sericea">Hakea</a></em>, de folhas em forma de agulha, e picantes, é uma espécie exótica que apresenta elevado risco de ter um comportamento invasor no território Português. Esse comportamento está patente na rápida propagação nos solos do Parque Natural.</p>
<p>Obrigada a todos os estudantes e professores que contribuíram com um pouco do seu tempo e dedicação!</p>
<p><figure id="attachment_1321" aria-describedby="caption-attachment-1321" style="width: 800px" class="wp-caption aligncenter"><img loading="lazy" decoding="async" class="wp-image-1321 size-large" src="http://collaboro.ipportalegre.pt/estg/wp-content/uploads/sites/5/2025/05/Equipa-de-Remocao-1024x521.jpg" alt="" width="800" height="407" srcset="https://collaboro.ipportalegre.pt/estg/wp-content/uploads/sites/5/2025/05/Equipa-de-Remocao-1024x521.jpg 1024w, https://collaboro.ipportalegre.pt/estg/wp-content/uploads/sites/5/2025/05/Equipa-de-Remocao-300x153.jpg 300w, https://collaboro.ipportalegre.pt/estg/wp-content/uploads/sites/5/2025/05/Equipa-de-Remocao-768x391.jpg 768w, https://collaboro.ipportalegre.pt/estg/wp-content/uploads/sites/5/2025/05/Equipa-de-Remocao-1536x781.jpg 1536w, https://collaboro.ipportalegre.pt/estg/wp-content/uploads/sites/5/2025/05/Equipa-de-Remocao.jpg 1864w" sizes="auto, (max-width: 800px) 100vw, 800px" /><figcaption id="caption-attachment-1321" class="wp-caption-text">A nossa equipa de combate às espécies exóticas no PNSSM!</figcaption></figure>
</div>
</div>
<p><!--more--></p>
<p><!-- /wp:spacer --></p>
<p><!-- wp:paragraph {"align":"center"} --></p>
<p>&nbsp;</p>
<p class="has-text-align-center">Ver mais <strong><a href="http://collaboro.ipportalegre.pt/estg/projetos-da-tua-escola/" data-type="page" data-id="214">PROJETOS DA TUA ESCOLA</a></strong></p>
<p><!-- /wp:paragraph --></p>

<p>Dias do ambiente* 2025 | 3ª Edição  Dia 07 de maio&#8217; 2025&#8242;  O EcoCampus do Campus Politécnico do Portalegre, em parceria com a Escola de Hotelaria e Turismo de Portalegre &#8230;</p>
