{"id":1258,"date":"2025-04-24T21:44:46","date_gmt":"2025-04-24T21:44:46","guid":{"rendered":"https:\/\/collaboro.ipportalegre.pt\/estg\/?page_id=1258"},"modified":"2025-05-19T09:11:29","modified_gmt":"2025-05-19T09:11:29","slug":"coa-mais-selvagem","status":"publish","type":"page","link":"https:\/\/collaboro.ipportalegre.pt\/estg\/projetos-da-tua-escola\/coa-mais-selvagem\/","title":{"rendered":"Dias do Ambiente 2025* &#8220;C\u00f4a Mais Selvagem&#8221;"},"content":{"rendered":"<div class=\"wp-block-group\">\r\n<figure>\r\n<p><a style=\"font-family: Raleway, Helvetica, Arial, sans-serif;font-size: 2rem;font-weight: 600;text-transform: uppercase\" href=\"https:\/\/collaboro.ipportalegre.pt\/ecocampuspolitecnico\/projetos-do-teu-campus\/dias-do-ambiente-2\/\">Dias do ambiente<\/a><\/p>\r\n<p><strong>DOCUMENT\u00c1RIO &#8220;C\u00d4A MAIS SELVAGEM&#8221;. <\/strong>Projeto Rewilding Portugal.<\/p>\r\n<p>O Programa EcoCampus apresenta o document\u00e1rio &#8220;C\u00f4a Mais Selvagem&#8221; no dia 20 de maio, \u00e0s 14:45 no Audit\u00f3rio Francisco Tomatas.<\/p>\r\n<p>Uma oportunidade para os nossos DIAS serem sempre DIAS DO AMBIENTE!. N\u00e3o Faltes!<\/p>\r\n<p><img loading=\"lazy\" decoding=\"async\" class=\"alignnone  wp-image-1259\" src=\"http:\/\/collaboro.ipportalegre.pt\/estg\/wp-content\/uploads\/sites\/5\/2025\/04\/Cartaz-de-filme-com-estilo-escuro-e-serio-em-preto-e-branco-1080-x-1350-px-6-240x300.png\" alt=\"\" width=\"315\" height=\"384\" \/><img decoding=\"async\" src=\"https:\/\/ess.ipportalegre.pt\/media\/filer_public_thumbnails\/filer_public\/9f\/4e\/9f4e4f27-bbd4-41da-ba16-43b8e97d70e2\/dias-do-ambiente-2025-destaque-site.jpg__900x1050_q85_crop_subsampling-2.jpg\" \/><\/p>\r\n<div class=\"wp-block-group\">\r\n<p>&nbsp;<\/p>\r\n<p>Garante o teu lugar!<\/p>\r\n<p>INSCRI\u00c7\u00c3O NA SESS\u00c3O:<br \/>\u00a0<\/p>\r\n<p><strong>20 de maio<\/strong><\/p>\r\n<p><a href=\"https:\/\/docs.google.com\/forms\/d\/e\/1FAIpQLSfw1Ttj6RRwQiXqErGM13UJ4vC4rF14TMvwUUB8sLzu_AqFLg\/viewform?usp=sharing\" target=\"_blank\" rel=\"noopener\">https:\/\/docs.google.com\/forms\/d\/e\/1FAIpQLSfw1Ttj6RRwQiXqErGM13UJ4vC4rF14TMvwUUB8sLzu_AqFLg\/viewform?usp=sharing<\/a><\/p>\r\n<\/div>\r\n<\/figure>\r\n<\/div>\r\n<figure class=\"wp-block-image size-large\"><\/figure>\n\n\n<figure class=\"wp-block-image size-large is-vertical is-layout-flex wp-container-core-group-is-layout-8cf370e7 wp-block-group-is-layout-flex\"><\/figure>\r\n<figure class=\"wp-block-image size-large\"><\/figure>\r\n<p>\n\n\n\n\n\n<\/p>\r\n<p class=\"is-vertical is-layout-flex wp-container-core-group-is-layout-8cf370e7 wp-block-group-is-layout-flex\">&nbsp;<\/p>\n\n\n\n<p>&nbsp;<\/p>\n\n\n\n<h1 class=\"wp-block-heading\">&nbsp;<\/h1>\n\n\n\n<div class=\"wp-block-columns is-layout-flex wp-container-core-columns-is-layout-9d6595d7 wp-block-columns-is-layout-flex\">\n<div class=\"wp-block-column is-vertically-aligned-center is-layout-flow wp-block-column-is-layout-flow\" style=\"flex-basis:33.33%\">\n<div class=\"wp-block-group\"><div class=\"wp-block-group__inner-container is-layout-constrained wp-block-group-is-layout-constrained\">\n<p class=\"has-text-align-left\">&nbsp;<\/p>\n<\/div><\/div>\n<\/div>\n<\/div>\n\n\n\n<p>&nbsp;<\/p>\n\n\n\n<p>&nbsp;<\/p>\n\n\n\n<p>&nbsp;<\/p>\n\n\n\n<p>&nbsp;<\/p>\n\n\n\n<div class=\"wp-block-spacer\" style=\"height: 50px\" aria-hidden=\"true\">\u00a0<\/div>\n\n\n\n<p class=\"has-text-align-center\">Ver mais <strong><a href=\"http:\/\/collaboro.ipportalegre.pt\/estg\/projetos-da-tua-escola\/\" data-type=\"page\" data-id=\"214\">PROJETOS DA TUA ESCOLA<\/a><\/strong><\/p>\n","protected":false},"excerpt":{"rendered":"<p>Dias do ambiente DOCUMENT\u00c1RIO &#8220;C\u00d4A MAIS SELVAGEM&#8221;. Projeto Rewilding Portugal. O Programa EcoCampus apresenta o document\u00e1rio &#8220;C\u00f4a Mais Selvagem&#8221; no dia 20 de maio, \u00e0s 14:45 no Audit\u00f3rio Francisco Tomatas. &#8230;<\/p>\n","protected":false},"author":3,"featured_media":970,"parent":214,"menu_order":1,"comment_status":"closed","ping_status":"closed","template":"","meta":{"inline_featured_image":false,"footnotes":""},"class_list":["post-1258","page","type-page","status-publish","has-post-thumbnail","hentry"],"_links":{"self":[{"href":"https:\/\/collaboro.ipportalegre.pt\/estg\/wp-json\/wp\/v2\/pages\/1258","targetHints":{"allow":["GET"]}}],"collection":[{"href":"https:\/\/collaboro.ipportalegre.pt\/estg\/wp-json\/wp\/v2\/pages"}],"about":[{"href":"https:\/\/collaboro.ipportalegre.pt\/estg\/wp-json\/wp\/v2\/types\/page"}],"author":[{"embeddable":true,"href":"https:\/\/collaboro.ipportalegre.pt\/estg\/wp-json\/wp\/v2\/users\/3"}],"replies":[{"embeddable":true,"href":"https:\/\/collaboro.ipportalegre.pt\/estg\/wp-json\/wp\/v2\/comments?post=1258"}],"version-history":[{"count":4,"href":"https:\/\/collaboro.ipportalegre.pt\/estg\/wp-json\/wp\/v2\/pages\/1258\/revisions"}],"predecessor-version":[{"id":1376,"href":"https:\/\/collaboro.ipportalegre.pt\/estg\/wp-json\/wp\/v2\/pages\/1258\/revisions\/1376"}],"up":[{"embeddable":true,"href":"https:\/\/collaboro.ipportalegre.pt\/estg\/wp-json\/wp\/v2\/pages\/214"}],"wp:featuredmedia":[{"embeddable":true,"href":"https:\/\/collaboro.ipportalegre.pt\/estg\/wp-json\/wp\/v2\/media\/970"}],"wp:attachment":[{"href":"https:\/\/collaboro.ipportalegre.pt\/estg\/wp-json\/wp\/v2\/media?parent=1258"}],"curies":[{"name":"wp","href":"https:\/\/api.w.org\/{rel}","templated":true}]}}

Dias do Ambiente 2025* &#8220;Côa Mais Selvagem&#8221;

<div class="wp-block-group">
<figure>
<p><a style="font-family: Raleway, Helvetica, Arial, sans-serif;font-size: 2rem;font-weight: 600;text-transform: uppercase" href="https://collaboro.ipportalegre.pt/ecocampuspolitecnico/projetos-do-teu-campus/dias-do-ambiente-2/">Dias do ambiente</a></p>
<p><strong>DOCUMENTÁRIO &#8220;CÔA MAIS SELVAGEM&#8221;. </strong>Projeto Rewilding Portugal.</p>
<p>O Programa EcoCampus apresenta o documentário &#8220;Côa Mais Selvagem&#8221; no dia 20 de maio, às 14:45 no Auditório Francisco Tomatas.</p>
<p>Uma oportunidade para os nossos DIAS serem sempre DIAS DO AMBIENTE!. Não Faltes!</p>
<p><img loading="lazy" decoding="async" class="alignnone  wp-image-1259" src="http://collaboro.ipportalegre.pt/estg/wp-content/uploads/sites/5/2025/04/Cartaz-de-filme-com-estilo-escuro-e-serio-em-preto-e-branco-1080-x-1350-px-6-240x300.png" alt="" width="315" height="384" /><img decoding="async" src="https://ess.ipportalegre.pt/media/filer_public_thumbnails/filer_public/9f/4e/9f4e4f27-bbd4-41da-ba16-43b8e97d70e2/dias-do-ambiente-2025-destaque-site.jpg__900x1050_q85_crop_subsampling-2.jpg" /></p>
<div class="wp-block-group">
<p>&nbsp;</p>
<p>Garante o teu lugar!</p>
<p>INSCRIÇÃO NA SESSÃO:<br /> </p>
<p><strong>20 de maio</strong></p>
<p><a href="https://docs.google.com/forms/d/e/1FAIpQLSfw1Ttj6RRwQiXqErGM13UJ4vC4rF14TMvwUUB8sLzu_AqFLg/viewform?usp=sharing" target="_blank" rel="noopener">https://docs.google.com/forms/d/e/1FAIpQLSfw1Ttj6RRwQiXqErGM13UJ4vC4rF14TMvwUUB8sLzu_AqFLg/viewform?usp=sharing</a></p>
</div>
</figure>
</div>
<figure class="wp-block-image size-large"></figure>


<figure class="wp-block-image size-large is-vertical is-layout-flex wp-container-core-group-is-layout-8cf370e7 wp-block-group-is-layout-flex"></figure>
<figure class="wp-block-image size-large"></figure>
<p>





</p>
<p class="is-vertical is-layout-flex wp-container-core-group-is-layout-8cf370e7 wp-block-group-is-layout-flex">&nbsp;</p>



<p>&nbsp;</p>



<h1 class="wp-block-heading">&nbsp;</h1>



<div class="wp-block-columns is-layout-flex wp-container-core-columns-is-layout-9d6595d7 wp-block-columns-is-layout-flex">
<div class="wp-block-column is-vertically-aligned-center is-layout-flow wp-block-column-is-layout-flow" style="flex-basis:33.33%">
<div class="wp-block-group"><div class="wp-block-group__inner-container is-layout-constrained wp-block-group-is-layout-constrained">
<p class="has-text-align-left">&nbsp;</p>
</div></div>
</div>
</div>



<p>&nbsp;</p>



<p>&nbsp;</p>



<p>&nbsp;</p>



<p>&nbsp;</p>



<div class="wp-block-spacer" style="height: 50px" aria-hidden="true"> </div>



<p class="has-text-align-center">Ver mais <strong><a href="http://collaboro.ipportalegre.pt/estg/projetos-da-tua-escola/" data-type="page" data-id="214">PROJETOS DA TUA ESCOLA</a></strong></p>

<p>Dias do ambiente DOCUMENTÁRIO &#8220;CÔA MAIS SELVAGEM&#8221;. Projeto Rewilding Portugal. O Programa EcoCampus apresenta o documentário &#8220;Côa Mais Selvagem&#8221; no dia 20 de maio, às 14:45 no Auditório Francisco Tomatas. &#8230;</p>
