{"id":1038,"date":"2024-10-24T08:42:23","date_gmt":"2024-10-24T08:42:23","guid":{"rendered":"https:\/\/collaboro.ipportalegre.pt\/estg\/?page_id=1038"},"modified":"2024-10-24T08:58:56","modified_gmt":"2024-10-24T08:58:56","slug":"projeto-cantinho-dos-livros-usados","status":"publish","type":"page","link":"https:\/\/collaboro.ipportalegre.pt\/estg\/projetos-da-tua-escola\/projeto-cantinho-dos-livros-usados\/","title":{"rendered":"Projeto &#8220;Cantinho dos Livros Usados&#8221;"},"content":{"rendered":"\n<div aria-hidden=\"true\" class=\"wp-block-spacer\"><\/div>\n\n\n<div class=\"wp-block-image\">\n<figure class=\"alignleft size-full\"><img loading=\"lazy\" decoding=\"async\" width=\"2560\" height=\"1920\" src=\"https:\/\/collaboro.ipportalegre.pt\/estg\/wp-content\/uploads\/sites\/5\/2024\/10\/IMG20240605113518-1-1-scaled.jpg\" alt=\"\" class=\"wp-image-1040\" srcset=\"https:\/\/collaboro.ipportalegre.pt\/estg\/wp-content\/uploads\/sites\/5\/2024\/10\/IMG20240605113518-1-1-scaled.jpg 2560w, https:\/\/collaboro.ipportalegre.pt\/estg\/wp-content\/uploads\/sites\/5\/2024\/10\/IMG20240605113518-1-1-300x225.jpg 300w, https:\/\/collaboro.ipportalegre.pt\/estg\/wp-content\/uploads\/sites\/5\/2024\/10\/IMG20240605113518-1-1-1024x768.jpg 1024w, https:\/\/collaboro.ipportalegre.pt\/estg\/wp-content\/uploads\/sites\/5\/2024\/10\/IMG20240605113518-1-1-768x576.jpg 768w, https:\/\/collaboro.ipportalegre.pt\/estg\/wp-content\/uploads\/sites\/5\/2024\/10\/IMG20240605113518-1-1-1536x1152.jpg 1536w, https:\/\/collaboro.ipportalegre.pt\/estg\/wp-content\/uploads\/sites\/5\/2024\/10\/IMG20240605113518-1-1-2048x1536.jpg 2048w\" sizes=\"auto, (max-width: 2560px) 100vw, 2560px\" \/><figcaption class=\"wp-element-caption\">&#8220;Cantinho dos Livros Usados&#8221;<\/figcaption><\/figure>\n<\/div>\n\n\n<div style=\"height:30px\" aria-hidden=\"true\" class=\"wp-block-spacer\"><\/div>\n\n\n\n<h2 class=\"wp-block-heading\" style=\"text-transform:uppercase\"><a href=\"https:\/\/collaboro.ipportalegre.pt\/estg\/projetos-da-tua-escola\/projeto-cantinho-dos-livros-usados\/(abre num novo separador)\">Projeto &#8220;Cantinho dos livros usados&#8221;<\/a><\/h2>\n\n\n\n<p class=\"has-luminous-vivid-orange-color has-text-color has-medium-font-size\">Uma vez por m\u00eas* num &#8220;cantinho&#8221; do \u00e1trio principal!<\/p>\n\n\n\n<p>A biblioteca do Campus coloca \u00e0 disposi\u00e7\u00e3o de toda a comunidade, livros usados, que podem ter interesse para ti! Aproveita esta oportunidade, uma vez por m\u00eas, a biblioteca dos usados coloca no &#8220;seu&#8221; cantinho do \u00e1trio principal do edif\u00edcio principal do Campus, um livro que te pode ser \u00fatil.<\/p>\n\n\n\n<p>Tamb\u00e9m podes doar livros para este projeto, trazendo aqueles de que j\u00e1 n\u00e3o precisas e que consideras serem \u00fateis, dentro das \u00e1reas de forma\u00e7\u00e3o ministradas no Campus Polit\u00e9cnico.<\/p>\n\n\n\n<h1 class=\"wp-block-heading\"><\/h1>\n\n\n\n<p>Mais informa\u00e7\u00f5es em: collaboro.estg@ipportalegre.pt\/ collaboro.estg@ipportalegre.pt ou na biblioteca do Campus<\/p>\n\n\n\n<p class=\"has-small-font-size\">*Dispon\u00edvel de acordo com as quantidades existentes.<\/p>\n\n\n\n<p><\/p>\n\n\n\n<p><\/p>\n\n\n\n<div class=\"wp-block-columns is-layout-flex wp-container-core-columns-is-layout-9d6595d7 wp-block-columns-is-layout-flex\">\n<div class=\"wp-block-column is-vertically-aligned-center is-layout-flow wp-block-column-is-layout-flow\" style=\"flex-basis:33.33%\">\n<div class=\"wp-block-group\"><div class=\"wp-block-group__inner-container is-layout-constrained wp-block-group-is-layout-constrained\">\n<p class=\"has-text-align-left\"><\/p>\n<\/div><\/div>\n<\/div>\n<\/div>\n\n\n\n<div style=\"height:50px\" aria-hidden=\"true\" class=\"wp-block-spacer\"><\/div>\n\n\n\n<p class=\"has-text-align-center\">Ver mais <strong><a href=\"http:\/\/collaboro.ipportalegre.pt\/estg\/projetos-da-tua-escola\/\" data-type=\"page\" data-id=\"214\">PROJETOS DA TUA ESCOLA<\/a><\/strong><\/p>\n","protected":false},"excerpt":{"rendered":"<p>Projeto &#8220;Cantinho dos livros usados&#8221; Uma vez por m\u00eas* num &#8220;cantinho&#8221; do \u00e1trio principal! A biblioteca do Campus coloca \u00e0 disposi\u00e7\u00e3o de toda a comunidade, livros usados, que podem ter &#8230;<\/p>\n","protected":false},"author":3,"featured_media":970,"parent":214,"menu_order":1,"comment_status":"closed","ping_status":"closed","template":"","meta":{"inline_featured_image":false,"footnotes":""},"class_list":["post-1038","page","type-page","status-publish","has-post-thumbnail","hentry"],"_links":{"self":[{"href":"https:\/\/collaboro.ipportalegre.pt\/estg\/wp-json\/wp\/v2\/pages\/1038","targetHints":{"allow":["GET"]}}],"collection":[{"href":"https:\/\/collaboro.ipportalegre.pt\/estg\/wp-json\/wp\/v2\/pages"}],"about":[{"href":"https:\/\/collaboro.ipportalegre.pt\/estg\/wp-json\/wp\/v2\/types\/page"}],"author":[{"embeddable":true,"href":"https:\/\/collaboro.ipportalegre.pt\/estg\/wp-json\/wp\/v2\/users\/3"}],"replies":[{"embeddable":true,"href":"https:\/\/collaboro.ipportalegre.pt\/estg\/wp-json\/wp\/v2\/comments?post=1038"}],"version-history":[{"count":5,"href":"https:\/\/collaboro.ipportalegre.pt\/estg\/wp-json\/wp\/v2\/pages\/1038\/revisions"}],"predecessor-version":[{"id":1052,"href":"https:\/\/collaboro.ipportalegre.pt\/estg\/wp-json\/wp\/v2\/pages\/1038\/revisions\/1052"}],"up":[{"embeddable":true,"href":"https:\/\/collaboro.ipportalegre.pt\/estg\/wp-json\/wp\/v2\/pages\/214"}],"wp:featuredmedia":[{"embeddable":true,"href":"https:\/\/collaboro.ipportalegre.pt\/estg\/wp-json\/wp\/v2\/media\/970"}],"wp:attachment":[{"href":"https:\/\/collaboro.ipportalegre.pt\/estg\/wp-json\/wp\/v2\/media?parent=1038"}],"curies":[{"name":"wp","href":"https:\/\/api.w.org\/{rel}","templated":true}]}}