{"id":1023,"date":"2024-10-23T20:39:06","date_gmt":"2024-10-23T20:39:06","guid":{"rendered":"https:\/\/collaboro.ipportalegre.pt\/estg\/?page_id=1023"},"modified":"2024-10-23T20:50:11","modified_gmt":"2024-10-23T20:50:11","slug":"dias-do-ambiente2a-edicao-dia-eco-escolas","status":"publish","type":"page","link":"https:\/\/collaboro.ipportalegre.pt\/estg\/projetos-da-tua-escola\/dias-do-ambiente2a-edicao-dia-eco-escolas\/","title":{"rendered":"Dias do Ambiente\u00b42\u00aa Edi\u00e7\u00e3o (Dia Eco-Escolas)"},"content":{"rendered":"\n<div aria-hidden=\"true\" class=\"wp-block-spacer\"><\/div>\n\n\n\n<div class=\"wp-block-group\"><div class=\"wp-block-group__inner-container is-layout-constrained wp-block-group-is-layout-constrained\">\n<div class=\"wp-block-group\"><div class=\"wp-block-group__inner-container is-layout-constrained wp-block-group-is-layout-constrained\">\n<div class=\"wp-block-columns is-layout-flex wp-container-core-columns-is-layout-9d6595d7 wp-block-columns-is-layout-flex\">\n<div class=\"wp-block-column is-layout-flow wp-block-column-is-layout-flow\" style=\"flex-basis:100%\">\n<div class=\"wp-block-columns alignwide are-vertically-aligned-top is-layout-flex wp-container-core-columns-is-layout-9d6595d7 wp-block-columns-is-layout-flex\">\n<div class=\"wp-block-column is-vertically-aligned-top is-layout-flow wp-block-column-is-layout-flow\" style=\"flex-basis:100%\">\n<div class=\"wp-block-group is-vertical is-layout-flex wp-container-core-group-is-layout-8cf370e7 wp-block-group-is-layout-flex\">\n<div class=\"wp-block-group\"><div class=\"wp-block-group__inner-container is-layout-constrained wp-block-group-is-layout-constrained\">\n<figure class=\"wp-block-gallery aligncenter has-nested-images columns-default is-cropped wp-block-gallery-1 is-layout-flex wp-block-gallery-is-layout-flex\">\n<figure class=\"wp-block-image alignwide size-full\"><img loading=\"lazy\" decoding=\"async\" width=\"2560\" height=\"1912\" data-id=\"1027\" src=\"https:\/\/collaboro.ipportalegre.pt\/estg\/wp-content\/uploads\/sites\/5\/2024\/10\/Feira-usados-1-1-1-scaled.jpg\" alt=\"\" class=\"wp-image-1027\" srcset=\"https:\/\/collaboro.ipportalegre.pt\/estg\/wp-content\/uploads\/sites\/5\/2024\/10\/Feira-usados-1-1-1-scaled.jpg 2560w, https:\/\/collaboro.ipportalegre.pt\/estg\/wp-content\/uploads\/sites\/5\/2024\/10\/Feira-usados-1-1-1-300x224.jpg 300w, https:\/\/collaboro.ipportalegre.pt\/estg\/wp-content\/uploads\/sites\/5\/2024\/10\/Feira-usados-1-1-1-1024x765.jpg 1024w, https:\/\/collaboro.ipportalegre.pt\/estg\/wp-content\/uploads\/sites\/5\/2024\/10\/Feira-usados-1-1-1-768x574.jpg 768w, https:\/\/collaboro.ipportalegre.pt\/estg\/wp-content\/uploads\/sites\/5\/2024\/10\/Feira-usados-1-1-1-1536x1147.jpg 1536w, https:\/\/collaboro.ipportalegre.pt\/estg\/wp-content\/uploads\/sites\/5\/2024\/10\/Feira-usados-1-1-1-2048x1530.jpg 2048w\" sizes=\"auto, (max-width: 2560px) 100vw, 2560px\" \/><figcaption class=\"wp-element-caption\">Feira dos Usados<\/figcaption><\/figure>\n\n\n\n<figure class=\"wp-block-image size-full\"><img loading=\"lazy\" decoding=\"async\" width=\"2560\" height=\"1920\" data-id=\"1029\" src=\"https:\/\/collaboro.ipportalegre.pt\/estg\/wp-content\/uploads\/sites\/5\/2024\/10\/Pintura-bancos-1-1-1-scaled.jpg\" alt=\"\" class=\"wp-image-1029\" srcset=\"https:\/\/collaboro.ipportalegre.pt\/estg\/wp-content\/uploads\/sites\/5\/2024\/10\/Pintura-bancos-1-1-1-scaled.jpg 2560w, https:\/\/collaboro.ipportalegre.pt\/estg\/wp-content\/uploads\/sites\/5\/2024\/10\/Pintura-bancos-1-1-1-300x225.jpg 300w, https:\/\/collaboro.ipportalegre.pt\/estg\/wp-content\/uploads\/sites\/5\/2024\/10\/Pintura-bancos-1-1-1-1024x768.jpg 1024w, https:\/\/collaboro.ipportalegre.pt\/estg\/wp-content\/uploads\/sites\/5\/2024\/10\/Pintura-bancos-1-1-1-768x576.jpg 768w, https:\/\/collaboro.ipportalegre.pt\/estg\/wp-content\/uploads\/sites\/5\/2024\/10\/Pintura-bancos-1-1-1-1536x1152.jpg 1536w, https:\/\/collaboro.ipportalegre.pt\/estg\/wp-content\/uploads\/sites\/5\/2024\/10\/Pintura-bancos-1-1-1-2048x1536.jpg 2048w\" sizes=\"auto, (max-width: 2560px) 100vw, 2560px\" \/><\/figure>\n\n\n\n<figure class=\"wp-block-image size-full\"><img loading=\"lazy\" decoding=\"async\" width=\"2560\" height=\"1920\" data-id=\"1028\" src=\"https:\/\/collaboro.ipportalegre.pt\/estg\/wp-content\/uploads\/sites\/5\/2024\/10\/EcoPique-1-1-1-scaled.jpg\" alt=\"\" class=\"wp-image-1028\" srcset=\"https:\/\/collaboro.ipportalegre.pt\/estg\/wp-content\/uploads\/sites\/5\/2024\/10\/EcoPique-1-1-1-scaled.jpg 2560w, https:\/\/collaboro.ipportalegre.pt\/estg\/wp-content\/uploads\/sites\/5\/2024\/10\/EcoPique-1-1-1-300x225.jpg 300w, https:\/\/collaboro.ipportalegre.pt\/estg\/wp-content\/uploads\/sites\/5\/2024\/10\/EcoPique-1-1-1-1024x768.jpg 1024w, https:\/\/collaboro.ipportalegre.pt\/estg\/wp-content\/uploads\/sites\/5\/2024\/10\/EcoPique-1-1-1-768x576.jpg 768w, https:\/\/collaboro.ipportalegre.pt\/estg\/wp-content\/uploads\/sites\/5\/2024\/10\/EcoPique-1-1-1-1536x1152.jpg 1536w, https:\/\/collaboro.ipportalegre.pt\/estg\/wp-content\/uploads\/sites\/5\/2024\/10\/EcoPique-1-1-1-2048x1536.jpg 2048w\" sizes=\"auto, (max-width: 2560px) 100vw, 2560px\" \/><\/figure>\n<\/figure>\n<\/div><\/div>\n<\/div>\n<\/div>\n<\/div>\n<\/div>\n<\/div>\n<\/div><\/div>\n<\/div><\/div>\n\n\n\n<h2 class=\"wp-block-heading\" style=\"text-transform:uppercase\"><a href=\"https:\/\/collaboro.ipportalegre.pt\/estg\/projetos-da-tua-escola\/dias-do-ambiente2a-edicao-dia-eco-escolas\/(abre num novo separador)\">Dias do ambiente&#8217; 2\u00aa Edi\u00e7\u00e3o _ dia eco-escolas<\/a><\/h2>\n\n\n\n<p class=\"has-luminous-vivid-orange-color has-text-color has-medium-font-size\"><strong>Dia 10 de abril&#8217; 2024&#8242;<\/strong> Dia Eco-Escolas<\/p>\n\n\n\n<p>Os grupos Eco-escolas, da Escola Superior de Tecnologia, Gest\u00e3o e Design, e da Escola Superior de Sa\u00fade celebram o Dia Eco-Escolas, integrado na segunda edi\u00e7\u00e3o do evento &#8220;Dias do Ambiente&#8221;, com muita m\u00fasica, exposi\u00e7\u00f5es, pinturas de bancos para os jardins, eco-piquenique e com a nossa feira dos usados, em colabora\u00e7\u00e3o com os N\u00facleos de Design e de Marketing.<\/p>\n\n\n\n<h1 class=\"wp-block-heading\"><\/h1>\n\n\n\n<p><\/p>\n\n\n\n<p><\/p>\n\n\n\n<p><\/p>\n\n\n\n<p><\/p>\n\n\n\n<p><\/p>\n\n\n\n<div class=\"wp-block-columns is-layout-flex wp-container-core-columns-is-layout-9d6595d7 wp-block-columns-is-layout-flex\">\n<div class=\"wp-block-column is-vertically-aligned-center is-layout-flow wp-block-column-is-layout-flow\" style=\"flex-basis:33.33%\">\n<div class=\"wp-block-group\"><div class=\"wp-block-group__inner-container is-layout-constrained wp-block-group-is-layout-constrained\">\n<p class=\"has-text-align-left\"><\/p>\n<\/div><\/div>\n<\/div>\n<\/div>\n\n\n\n<div style=\"height:50px\" aria-hidden=\"true\" class=\"wp-block-spacer\"><\/div>\n\n\n\n<p class=\"has-text-align-center\">Ver mais <strong><a href=\"http:\/\/collaboro.ipportalegre.pt\/estg\/projetos-da-tua-escola\/\" data-type=\"page\" data-id=\"214\">PROJETOS DA TUA ESCOLA<\/a><\/strong><\/p>\n","protected":false},"excerpt":{"rendered":"<p>Dias do ambiente&#8217; 2\u00aa Edi\u00e7\u00e3o _ dia eco-escolas Dia 10 de abril&#8217; 2024&#8242; Dia Eco-Escolas Os grupos Eco-escolas, da Escola Superior de Tecnologia, Gest\u00e3o e Design, e da Escola Superior &#8230;<\/p>\n","protected":false},"author":3,"featured_media":970,"parent":214,"menu_order":1,"comment_status":"closed","ping_status":"closed","template":"","meta":{"inline_featured_image":false,"footnotes":""},"class_list":["post-1023","page","type-page","status-publish","has-post-thumbnail","hentry"],"_links":{"self":[{"href":"https:\/\/collaboro.ipportalegre.pt\/estg\/wp-json\/wp\/v2\/pages\/1023","targetHints":{"allow":["GET"]}}],"collection":[{"href":"https:\/\/collaboro.ipportalegre.pt\/estg\/wp-json\/wp\/v2\/pages"}],"about":[{"href":"https:\/\/collaboro.ipportalegre.pt\/estg\/wp-json\/wp\/v2\/types\/page"}],"author":[{"embeddable":true,"href":"https:\/\/collaboro.ipportalegre.pt\/estg\/wp-json\/wp\/v2\/users\/3"}],"replies":[{"embeddable":true,"href":"https:\/\/collaboro.ipportalegre.pt\/estg\/wp-json\/wp\/v2\/comments?post=1023"}],"version-history":[{"count":5,"href":"https:\/\/collaboro.ipportalegre.pt\/estg\/wp-json\/wp\/v2\/pages\/1023\/revisions"}],"predecessor-version":[{"id":1035,"href":"https:\/\/collaboro.ipportalegre.pt\/estg\/wp-json\/wp\/v2\/pages\/1023\/revisions\/1035"}],"up":[{"embeddable":true,"href":"https:\/\/collaboro.ipportalegre.pt\/estg\/wp-json\/wp\/v2\/pages\/214"}],"wp:featuredmedia":[{"embeddable":true,"href":"https:\/\/collaboro.ipportalegre.pt\/estg\/wp-json\/wp\/v2\/media\/970"}],"wp:attachment":[{"href":"https:\/\/collaboro.ipportalegre.pt\/estg\/wp-json\/wp\/v2\/media?parent=1023"}],"curies":[{"name":"wp","href":"https:\/\/api.w.org\/{rel}","templated":true}]}}

Dias do Ambiente´2ª Edição (Dia Eco-Escolas)

<div aria-hidden="true" class="wp-block-spacer"></div>



<div class="wp-block-group"><div class="wp-block-group__inner-container is-layout-constrained wp-block-group-is-layout-constrained">
<div class="wp-block-group"><div class="wp-block-group__inner-container is-layout-constrained wp-block-group-is-layout-constrained">
<div class="wp-block-columns is-layout-flex wp-container-core-columns-is-layout-9d6595d7 wp-block-columns-is-layout-flex">
<div class="wp-block-column is-layout-flow wp-block-column-is-layout-flow" style="flex-basis:100%">
<div class="wp-block-columns alignwide are-vertically-aligned-top is-layout-flex wp-container-core-columns-is-layout-9d6595d7 wp-block-columns-is-layout-flex">
<div class="wp-block-column is-vertically-aligned-top is-layout-flow wp-block-column-is-layout-flow" style="flex-basis:100%">
<div class="wp-block-group is-vertical is-layout-flex wp-container-core-group-is-layout-8cf370e7 wp-block-group-is-layout-flex">
<div class="wp-block-group"><div class="wp-block-group__inner-container is-layout-constrained wp-block-group-is-layout-constrained">
<figure class="wp-block-gallery aligncenter has-nested-images columns-default is-cropped wp-block-gallery-1 is-layout-flex wp-block-gallery-is-layout-flex">
<figure class="wp-block-image alignwide size-full"><img loading="lazy" decoding="async" width="2560" height="1912" data-id="1027" src="https://collaboro.ipportalegre.pt/estg/wp-content/uploads/sites/5/2024/10/Feira-usados-1-1-1-scaled.jpg" alt="" class="wp-image-1027" srcset="https://collaboro.ipportalegre.pt/estg/wp-content/uploads/sites/5/2024/10/Feira-usados-1-1-1-scaled.jpg 2560w, https://collaboro.ipportalegre.pt/estg/wp-content/uploads/sites/5/2024/10/Feira-usados-1-1-1-300x224.jpg 300w, https://collaboro.ipportalegre.pt/estg/wp-content/uploads/sites/5/2024/10/Feira-usados-1-1-1-1024x765.jpg 1024w, https://collaboro.ipportalegre.pt/estg/wp-content/uploads/sites/5/2024/10/Feira-usados-1-1-1-768x574.jpg 768w, https://collaboro.ipportalegre.pt/estg/wp-content/uploads/sites/5/2024/10/Feira-usados-1-1-1-1536x1147.jpg 1536w, https://collaboro.ipportalegre.pt/estg/wp-content/uploads/sites/5/2024/10/Feira-usados-1-1-1-2048x1530.jpg 2048w" sizes="auto, (max-width: 2560px) 100vw, 2560px" /><figcaption class="wp-element-caption">Feira dos Usados</figcaption></figure>



<figure class="wp-block-image size-full"><img loading="lazy" decoding="async" width="2560" height="1920" data-id="1029" src="https://collaboro.ipportalegre.pt/estg/wp-content/uploads/sites/5/2024/10/Pintura-bancos-1-1-1-scaled.jpg" alt="" class="wp-image-1029" srcset="https://collaboro.ipportalegre.pt/estg/wp-content/uploads/sites/5/2024/10/Pintura-bancos-1-1-1-scaled.jpg 2560w, https://collaboro.ipportalegre.pt/estg/wp-content/uploads/sites/5/2024/10/Pintura-bancos-1-1-1-300x225.jpg 300w, https://collaboro.ipportalegre.pt/estg/wp-content/uploads/sites/5/2024/10/Pintura-bancos-1-1-1-1024x768.jpg 1024w, https://collaboro.ipportalegre.pt/estg/wp-content/uploads/sites/5/2024/10/Pintura-bancos-1-1-1-768x576.jpg 768w, https://collaboro.ipportalegre.pt/estg/wp-content/uploads/sites/5/2024/10/Pintura-bancos-1-1-1-1536x1152.jpg 1536w, https://collaboro.ipportalegre.pt/estg/wp-content/uploads/sites/5/2024/10/Pintura-bancos-1-1-1-2048x1536.jpg 2048w" sizes="auto, (max-width: 2560px) 100vw, 2560px" /></figure>



<figure class="wp-block-image size-full"><img loading="lazy" decoding="async" width="2560" height="1920" data-id="1028" src="https://collaboro.ipportalegre.pt/estg/wp-content/uploads/sites/5/2024/10/EcoPique-1-1-1-scaled.jpg" alt="" class="wp-image-1028" srcset="https://collaboro.ipportalegre.pt/estg/wp-content/uploads/sites/5/2024/10/EcoPique-1-1-1-scaled.jpg 2560w, https://collaboro.ipportalegre.pt/estg/wp-content/uploads/sites/5/2024/10/EcoPique-1-1-1-300x225.jpg 300w, https://collaboro.ipportalegre.pt/estg/wp-content/uploads/sites/5/2024/10/EcoPique-1-1-1-1024x768.jpg 1024w, https://collaboro.ipportalegre.pt/estg/wp-content/uploads/sites/5/2024/10/EcoPique-1-1-1-768x576.jpg 768w, https://collaboro.ipportalegre.pt/estg/wp-content/uploads/sites/5/2024/10/EcoPique-1-1-1-1536x1152.jpg 1536w, https://collaboro.ipportalegre.pt/estg/wp-content/uploads/sites/5/2024/10/EcoPique-1-1-1-2048x1536.jpg 2048w" sizes="auto, (max-width: 2560px) 100vw, 2560px" /></figure>
</figure>
</div></div>
</div>
</div>
</div>
</div>
</div>
</div></div>
</div></div>



<h2 class="wp-block-heading" style="text-transform:uppercase"><a href="https://collaboro.ipportalegre.pt/estg/projetos-da-tua-escola/dias-do-ambiente2a-edicao-dia-eco-escolas/(abre num novo separador)">Dias do ambiente&#8217; 2ª Edição _ dia eco-escolas</a></h2>



<p class="has-luminous-vivid-orange-color has-text-color has-medium-font-size"><strong>Dia 10 de abril&#8217; 2024&#8242;</strong> Dia Eco-Escolas</p>



<p>Os grupos Eco-escolas, da Escola Superior de Tecnologia, Gestão e Design, e da Escola Superior de Saúde celebram o Dia Eco-Escolas, integrado na segunda edição do evento &#8220;Dias do Ambiente&#8221;, com muita música, exposições, pinturas de bancos para os jardins, eco-piquenique e com a nossa feira dos usados, em colaboração com os Núcleos de Design e de Marketing.</p>



<h1 class="wp-block-heading"></h1>



<p></p>



<p></p>



<p></p>



<p></p>



<p></p>



<div class="wp-block-columns is-layout-flex wp-container-core-columns-is-layout-9d6595d7 wp-block-columns-is-layout-flex">
<div class="wp-block-column is-vertically-aligned-center is-layout-flow wp-block-column-is-layout-flow" style="flex-basis:33.33%">
<div class="wp-block-group"><div class="wp-block-group__inner-container is-layout-constrained wp-block-group-is-layout-constrained">
<p class="has-text-align-left"></p>
</div></div>
</div>
</div>



<div style="height:50px" aria-hidden="true" class="wp-block-spacer"></div>



<p class="has-text-align-center">Ver mais <strong><a href="http://collaboro.ipportalegre.pt/estg/projetos-da-tua-escola/" data-type="page" data-id="214">PROJETOS DA TUA ESCOLA</a></strong></p>

<p>Dias do ambiente&#8217; 2ª Edição _ dia eco-escolas Dia 10 de abril&#8217; 2024&#8242; Dia Eco-Escolas Os grupos Eco-escolas, da Escola Superior de Tecnologia, Gestão e Design, e da Escola Superior &#8230;</p>
