{"id":1004,"date":"2024-10-10T16:25:38","date_gmt":"2024-10-10T16:25:38","guid":{"rendered":"https:\/\/collaboro.ipportalegre.pt\/estg\/?page_id=1004"},"modified":"2024-10-10T16:32:00","modified_gmt":"2024-10-10T16:32:00","slug":"candidatura-galardao-eco-escolas-23-24","status":"publish","type":"page","link":"https:\/\/collaboro.ipportalegre.pt\/estg\/projetos-da-tua-escola\/candidatura-galardao-eco-escolas-23-24\/","title":{"rendered":"Candidatura Galard\u00e3o Eco-escolas 23-24"},"content":{"rendered":"\n<div style=\"height:\" aria-hidden=\"true\" class=\"wp-block-spacer\"><\/div>\n\n\n\n<figure class=\"wp-block-image size-full\"><a href=\"https:\/\/collaboro.ipportalegre.pt\/estg\/projetos-da-tua-escola\/candidatura-galardao-eco-escolas-23-24\/\"><img loading=\"lazy\" decoding=\"async\" width=\"1440\" height=\"960\" src=\"https:\/\/collaboro.ipportalegre.pt\/estg\/wp-content\/uploads\/sites\/5\/2024\/10\/Imagem1a-1.jpg\" alt=\"\" class=\"wp-image-1007\" srcset=\"https:\/\/collaboro.ipportalegre.pt\/estg\/wp-content\/uploads\/sites\/5\/2024\/10\/Imagem1a-1.jpg 1440w, https:\/\/collaboro.ipportalegre.pt\/estg\/wp-content\/uploads\/sites\/5\/2024\/10\/Imagem1a-1-300x200.jpg 300w, https:\/\/collaboro.ipportalegre.pt\/estg\/wp-content\/uploads\/sites\/5\/2024\/10\/Imagem1a-1-1024x683.jpg 1024w, https:\/\/collaboro.ipportalegre.pt\/estg\/wp-content\/uploads\/sites\/5\/2024\/10\/Imagem1a-1-768x512.jpg 768w\" sizes=\"auto, (max-width: 1440px) 100vw, 1440px\" \/><\/a><figcaption class=\"wp-element-caption\">Candidatura do Eco-Conselho da ESTG ao Galard\u00e3o Eco-Escolas 2023-2024<\/figcaption><\/figure>\n\n\n\n<div style=\"height:30px\" aria-hidden=\"true\" class=\"wp-block-spacer\"><\/div>\n\n\n\n<h2 class=\"wp-block-heading\" style=\"text-transform:uppercase\">FOI APROVADA A candidatura DA ESTG ao galard\u00e3o eco-Escolas 2023-2024!<\/h2>\n\n\n\n<p class=\"has-luminous-vivid-orange-color has-text-color has-medium-font-size\">Candidatura do Eco-Conselho da ESTGD<\/p>\n\n\n\n<p>A ESTG recebeu pelo segundo ano consecutivo a aprova\u00e7\u00e3o da sua candidatura ao Galard\u00e3o Eco-Escolas. Agradecemos a todos a colabora\u00e7\u00e3o na obten\u00e7\u00e3o de mais uma bandeira verde!<\/p>\n\n\n\n<p>O desafio para os pr\u00f3ximos anos passa pela candidatura Eco-Campus. Contamos com todos!<\/p>\n\n\n\n<p><\/p>\n\n\n\n<div class=\"wp-block-columns is-layout-flex wp-container-core-columns-is-layout-9d6595d7 wp-block-columns-is-layout-flex\">\n<div class=\"wp-block-column is-vertically-aligned-center is-layout-flow wp-block-column-is-layout-flow\" style=\"flex-basis:33.33%\">\n<div class=\"wp-block-group\"><div class=\"wp-block-group__inner-container is-layout-constrained wp-block-group-is-layout-constrained\">\n<p class=\"has-text-align-left\"><\/p>\n<\/div><\/div>\n<\/div>\n<\/div>\n\n\n\n<div style=\"height:50px\" aria-hidden=\"true\" class=\"wp-block-spacer\"><\/div>\n\n\n\n<p class=\"has-text-align-center\">Ver mais <strong><a href=\"http:\/\/collaboro.ipportalegre.pt\/estg\/projetos-da-tua-escola\/\" data-type=\"page\" data-id=\"214\">PROJETOS DA TUA ESCOLA<\/a><\/strong><\/p>\n","protected":false},"excerpt":{"rendered":"<p>FOI APROVADA A candidatura DA ESTG ao galard\u00e3o eco-Escolas 2023-2024! Candidatura do Eco-Conselho da ESTGD A ESTG recebeu pelo segundo ano consecutivo a aprova\u00e7\u00e3o da sua candidatura ao Galard\u00e3o Eco-Escolas. &#8230;<\/p>\n","protected":false},"author":3,"featured_media":1007,"parent":214,"menu_order":1,"comment_status":"closed","ping_status":"closed","template":"","meta":{"inline_featured_image":false,"footnotes":""},"class_list":["post-1004","page","type-page","status-publish","has-post-thumbnail","hentry"],"_links":{"self":[{"href":"https:\/\/collaboro.ipportalegre.pt\/estg\/wp-json\/wp\/v2\/pages\/1004","targetHints":{"allow":["GET"]}}],"collection":[{"href":"https:\/\/collaboro.ipportalegre.pt\/estg\/wp-json\/wp\/v2\/pages"}],"about":[{"href":"https:\/\/collaboro.ipportalegre.pt\/estg\/wp-json\/wp\/v2\/types\/page"}],"author":[{"embeddable":true,"href":"https:\/\/collaboro.ipportalegre.pt\/estg\/wp-json\/wp\/v2\/users\/3"}],"replies":[{"embeddable":true,"href":"https:\/\/collaboro.ipportalegre.pt\/estg\/wp-json\/wp\/v2\/comments?post=1004"}],"version-history":[{"count":2,"href":"https:\/\/collaboro.ipportalegre.pt\/estg\/wp-json\/wp\/v2\/pages\/1004\/revisions"}],"predecessor-version":[{"id":1008,"href":"https:\/\/collaboro.ipportalegre.pt\/estg\/wp-json\/wp\/v2\/pages\/1004\/revisions\/1008"}],"up":[{"embeddable":true,"href":"https:\/\/collaboro.ipportalegre.pt\/estg\/wp-json\/wp\/v2\/pages\/214"}],"wp:featuredmedia":[{"embeddable":true,"href":"https:\/\/collaboro.ipportalegre.pt\/estg\/wp-json\/wp\/v2\/media\/1007"}],"wp:attachment":[{"href":"https:\/\/collaboro.ipportalegre.pt\/estg\/wp-json\/wp\/v2\/media?parent=1004"}],"curies":[{"name":"wp","href":"https:\/\/api.w.org\/{rel}","templated":true}]}}

Candidatura Galardão Eco-escolas 23-24

<div style="height:" aria-hidden="true" class="wp-block-spacer"></div>



<figure class="wp-block-image size-full"><a href="https://collaboro.ipportalegre.pt/estg/projetos-da-tua-escola/candidatura-galardao-eco-escolas-23-24/"><img loading="lazy" decoding="async" width="1440" height="960" src="https://collaboro.ipportalegre.pt/estg/wp-content/uploads/sites/5/2024/10/Imagem1a-1.jpg" alt="" class="wp-image-1007" srcset="https://collaboro.ipportalegre.pt/estg/wp-content/uploads/sites/5/2024/10/Imagem1a-1.jpg 1440w, https://collaboro.ipportalegre.pt/estg/wp-content/uploads/sites/5/2024/10/Imagem1a-1-300x200.jpg 300w, https://collaboro.ipportalegre.pt/estg/wp-content/uploads/sites/5/2024/10/Imagem1a-1-1024x683.jpg 1024w, https://collaboro.ipportalegre.pt/estg/wp-content/uploads/sites/5/2024/10/Imagem1a-1-768x512.jpg 768w" sizes="auto, (max-width: 1440px) 100vw, 1440px" /></a><figcaption class="wp-element-caption">Candidatura do Eco-Conselho da ESTG ao Galardão Eco-Escolas 2023-2024</figcaption></figure>



<div style="height:30px" aria-hidden="true" class="wp-block-spacer"></div>



<h2 class="wp-block-heading" style="text-transform:uppercase">FOI APROVADA A candidatura DA ESTG ao galardão eco-Escolas 2023-2024!</h2>



<p class="has-luminous-vivid-orange-color has-text-color has-medium-font-size">Candidatura do Eco-Conselho da ESTGD</p>



<p>A ESTG recebeu pelo segundo ano consecutivo a aprovação da sua candidatura ao Galardão Eco-Escolas. Agradecemos a todos a colaboração na obtenção de mais uma bandeira verde!</p>



<p>O desafio para os próximos anos passa pela candidatura Eco-Campus. Contamos com todos!</p>



<p></p>



<div class="wp-block-columns is-layout-flex wp-container-core-columns-is-layout-9d6595d7 wp-block-columns-is-layout-flex">
<div class="wp-block-column is-vertically-aligned-center is-layout-flow wp-block-column-is-layout-flow" style="flex-basis:33.33%">
<div class="wp-block-group"><div class="wp-block-group__inner-container is-layout-constrained wp-block-group-is-layout-constrained">
<p class="has-text-align-left"></p>
</div></div>
</div>
</div>



<div style="height:50px" aria-hidden="true" class="wp-block-spacer"></div>



<p class="has-text-align-center">Ver mais <strong><a href="http://collaboro.ipportalegre.pt/estg/projetos-da-tua-escola/" data-type="page" data-id="214">PROJETOS DA TUA ESCOLA</a></strong></p>

<p>FOI APROVADA A candidatura DA ESTG ao galardão eco-Escolas 2023-2024! Candidatura do Eco-Conselho da ESTGD A ESTG recebeu pelo segundo ano consecutivo a aprovação da sua candidatura ao Galardão Eco-Escolas. &#8230;</p>
