{"id":457,"date":"2025-04-27T12:55:41","date_gmt":"2025-04-27T12:55:41","guid":{"rendered":"https:\/\/collaboro.ipportalegre.pt\/ess\/?page_id=457"},"modified":"2025-04-27T12:57:14","modified_gmt":"2025-04-27T12:57:14","slug":"dias-do-ambiente-2025-coa-mais-selvagem","status":"publish","type":"page","link":"https:\/\/collaboro.ipportalegre.pt\/ess\/projetos-da-tua-escola\/dias-do-ambiente-2025-coa-mais-selvagem\/","title":{"rendered":"Dias do ambiente 2025* C\u00f4a Mais Selvagem"},"content":{"rendered":"\r\n<div class=\"wp-block-group\">\r\n<figure>\r\n<p><a style=\"font-family: Raleway, Helvetica, Arial, sans-serif;font-size: 2rem;font-weight: 600;text-transform: uppercase\" href=\"https:\/\/collaboro.ipportalegre.pt\/ess\/projetos-da-tua-escola\/dias-do-ambiente-2025-coa-mais-selvagem\/\">Dias do ambiente<\/a><\/p>\r\n<p><strong>DOCUMENT\u00c1RIO &#8220;C\u00d4A MAIS SELVAGEM&#8221;. <\/strong>Projeto Rewilding Portugal.<\/p>\r\n<p>O Programa EcoCampus apresenta o document\u00e1rio &#8220;C\u00f4a Mais Selvagem&#8221; no dia 20 de maio, \u00e0s 14:45 no Audit\u00f3rio Francisco Tomatas.<\/p>\r\n<p>Uma oportunidade para os nossos DIAS serem sempre DIAS DO AMBIENTE!. N\u00e3o Faltes!<\/p>\r\n<p><img loading=\"lazy\" decoding=\"async\" class=\"alignnone  wp-image-1259\" src=\"http:\/\/collaboro.ipportalegre.pt\/estg\/wp-content\/uploads\/sites\/5\/2025\/04\/Cartaz-de-filme-com-estilo-escuro-e-serio-em-preto-e-branco-1080-x-1350-px-6-240x300.png\" alt=\"\" width=\"315\" height=\"384\" \/><img decoding=\"async\" src=\"https:\/\/ess.ipportalegre.pt\/media\/filer_public_thumbnails\/filer_public\/9f\/4e\/9f4e4f27-bbd4-41da-ba16-43b8e97d70e2\/dias-do-ambiente-2025-destaque-site.jpg__900x1050_q85_crop_subsampling-2.jpg\" \/><\/p>\r\n<div class=\"wp-block-group\">\r\n<p>&nbsp;<\/p>\r\n<p>Garante o teu lugar!<\/p>\r\n<p>INSCRI\u00c7\u00c3O NA SESS\u00c3O:<br \/>\u00a0<\/p>\r\n<p><strong>20 de maio<\/strong><\/p>\r\n<p><a href=\"https:\/\/docs.google.com\/forms\/d\/e\/1FAIpQLSfw1Ttj6RRwQiXqErGM13UJ4vC4rF14TMvwUUB8sLzu_AqFLg\/viewform?usp=sharing\" target=\"_blank\" rel=\"noopener\">https:\/\/docs.google.com\/forms\/d\/e\/1FAIpQLSfw1Ttj6RRwQiXqErGM13UJ4vC4rF14TMvwUUB8sLzu_AqFLg\/viewform?usp=sharing<\/a><\/p>\r\n<\/div>\r\n<\/figure>\r\n<\/div>\r\n<figure class=\"wp-block-image size-large\"><\/figure>\r\n<p>\r\n\r\n<\/p>\r\n<figure class=\"wp-block-image size-large is-vertical is-layout-flex wp-container-core-group-is-layout-8cf370e7 wp-block-group-is-layout-flex\"><\/figure>\r\n<figure class=\"wp-block-image size-large\"><\/figure>\r\n<p>\r\n\r\n\r\n\r\n<\/p>\r\n<p class=\"is-vertical is-layout-flex wp-container-core-group-is-layout-8cf370e7 wp-block-group-is-layout-flex\">&nbsp;<\/p>\r\n<p>\r\n\r\n<\/p>\r\n<p>&nbsp;<\/p>\r\n<p>\r\n\r\n<\/p>\r\n<h1 class=\"wp-block-heading\">\u00a0<\/h1>\r\n<p>\r\n\r\n<\/p>\r\n<div class=\"wp-block-columns is-layout-flex wp-container-core-columns-is-layout-9d6595d7 wp-block-columns-is-layout-flex\">\r\n<div class=\"wp-block-column is-vertically-aligned-center is-layout-flow wp-block-column-is-layout-flow\" style=\"flex-basis: 33.33%\">\r\n<div class=\"wp-block-group\"><div class=\"wp-block-group__inner-container is-layout-constrained wp-block-group-is-layout-constrained\">\r\n<p class=\"has-text-align-left\">\u00a0<\/p>\r\n<\/div><\/div>\r\n<\/div>\r\n<\/div>\r\n<p>\r\n\r\n<\/p>\r\n<p>&nbsp;<\/p>\r\n<p>\r\n\r\n<\/p>\r\n<p>&nbsp;<\/p>\r\n<div class=\"wp-block-group\">\u00a0<\/div>\r\n\r\n\r\n\r\n\r\n\r\n<p class=\"has-text-align-center\">Ver mais <strong><strong><a href=\"http:\/\/collaboro.ipportalegre.pt\/ess\/projetos-da-tua-escola\/\">PROJETOS DA TUA ESCOLA<\/a><\/strong><\/strong><\/p>\r\n\r\n\r\n","protected":false},"excerpt":{"rendered":"<p>Dias do ambiente DOCUMENT\u00c1RIO &#8220;C\u00d4A MAIS SELVAGEM&#8221;. Projeto Rewilding Portugal. O Programa EcoCampus apresenta o document\u00e1rio &#8220;C\u00f4a Mais Selvagem&#8221; no dia 20 de maio, \u00e0s 14:45 no Audit\u00f3rio Francisco Tomatas. &#8230;<\/p>\n","protected":false},"author":4,"featured_media":0,"parent":119,"menu_order":1,"comment_status":"closed","ping_status":"closed","template":"","meta":{"inline_featured_image":false,"footnotes":""},"class_list":["post-457","page","type-page","status-publish","hentry"],"_links":{"self":[{"href":"https:\/\/collaboro.ipportalegre.pt\/ess\/wp-json\/wp\/v2\/pages\/457","targetHints":{"allow":["GET"]}}],"collection":[{"href":"https:\/\/collaboro.ipportalegre.pt\/ess\/wp-json\/wp\/v2\/pages"}],"about":[{"href":"https:\/\/collaboro.ipportalegre.pt\/ess\/wp-json\/wp\/v2\/types\/page"}],"author":[{"embeddable":true,"href":"https:\/\/collaboro.ipportalegre.pt\/ess\/wp-json\/wp\/v2\/users\/4"}],"replies":[{"embeddable":true,"href":"https:\/\/collaboro.ipportalegre.pt\/ess\/wp-json\/wp\/v2\/comments?post=457"}],"version-history":[{"count":2,"href":"https:\/\/collaboro.ipportalegre.pt\/ess\/wp-json\/wp\/v2\/pages\/457\/revisions"}],"predecessor-version":[{"id":460,"href":"https:\/\/collaboro.ipportalegre.pt\/ess\/wp-json\/wp\/v2\/pages\/457\/revisions\/460"}],"up":[{"embeddable":true,"href":"https:\/\/collaboro.ipportalegre.pt\/ess\/wp-json\/wp\/v2\/pages\/119"}],"wp:attachment":[{"href":"https:\/\/collaboro.ipportalegre.pt\/ess\/wp-json\/wp\/v2\/media?parent=457"}],"curies":[{"name":"wp","href":"https:\/\/api.w.org\/{rel}","templated":true}]}}

Dias do ambiente 2025* Côa Mais Selvagem

<div class="wp-block-group">
<figure>
<p><a style="font-family: Raleway, Helvetica, Arial, sans-serif;font-size: 2rem;font-weight: 600;text-transform: uppercase" href="https://collaboro.ipportalegre.pt/ess/projetos-da-tua-escola/dias-do-ambiente-2025-coa-mais-selvagem/">Dias do ambiente</a></p>
<p><strong>DOCUMENTÁRIO &#8220;CÔA MAIS SELVAGEM&#8221;. </strong>Projeto Rewilding Portugal.</p>
<p>O Programa EcoCampus apresenta o documentário &#8220;Côa Mais Selvagem&#8221; no dia 20 de maio, às 14:45 no Auditório Francisco Tomatas.</p>
<p>Uma oportunidade para os nossos DIAS serem sempre DIAS DO AMBIENTE!. Não Faltes!</p>
<p><img loading="lazy" decoding="async" class="alignnone  wp-image-1259" src="http://collaboro.ipportalegre.pt/estg/wp-content/uploads/sites/5/2025/04/Cartaz-de-filme-com-estilo-escuro-e-serio-em-preto-e-branco-1080-x-1350-px-6-240x300.png" alt="" width="315" height="384" /><img decoding="async" src="https://ess.ipportalegre.pt/media/filer_public_thumbnails/filer_public/9f/4e/9f4e4f27-bbd4-41da-ba16-43b8e97d70e2/dias-do-ambiente-2025-destaque-site.jpg__900x1050_q85_crop_subsampling-2.jpg" /></p>
<div class="wp-block-group">
<p>&nbsp;</p>
<p>Garante o teu lugar!</p>
<p>INSCRIÇÃO NA SESSÃO:<br /> </p>
<p><strong>20 de maio</strong></p>
<p><a href="https://docs.google.com/forms/d/e/1FAIpQLSfw1Ttj6RRwQiXqErGM13UJ4vC4rF14TMvwUUB8sLzu_AqFLg/viewform?usp=sharing" target="_blank" rel="noopener">https://docs.google.com/forms/d/e/1FAIpQLSfw1Ttj6RRwQiXqErGM13UJ4vC4rF14TMvwUUB8sLzu_AqFLg/viewform?usp=sharing</a></p>
</div>
</figure>
</div>
<figure class="wp-block-image size-large"></figure>
<p>

</p>
<figure class="wp-block-image size-large is-vertical is-layout-flex wp-container-core-group-is-layout-8cf370e7 wp-block-group-is-layout-flex"></figure>
<figure class="wp-block-image size-large"></figure>
<p>



</p>
<p class="is-vertical is-layout-flex wp-container-core-group-is-layout-8cf370e7 wp-block-group-is-layout-flex">&nbsp;</p>
<p>

</p>
<p>&nbsp;</p>
<p>

</p>
<h1 class="wp-block-heading"> </h1>
<p>

</p>
<div class="wp-block-columns is-layout-flex wp-container-core-columns-is-layout-9d6595d7 wp-block-columns-is-layout-flex">
<div class="wp-block-column is-vertically-aligned-center is-layout-flow wp-block-column-is-layout-flow" style="flex-basis: 33.33%">
<div class="wp-block-group"><div class="wp-block-group__inner-container is-layout-constrained wp-block-group-is-layout-constrained">
<p class="has-text-align-left"> </p>
</div></div>
</div>
</div>
<p>

</p>
<p>&nbsp;</p>
<p>

</p>
<p>&nbsp;</p>
<div class="wp-block-group"> </div>





<p class="has-text-align-center">Ver mais <strong><strong><a href="http://collaboro.ipportalegre.pt/ess/projetos-da-tua-escola/">PROJETOS DA TUA ESCOLA</a></strong></strong></p>

<p>Dias do ambiente DOCUMENTÁRIO &#8220;CÔA MAIS SELVAGEM&#8221;. Projeto Rewilding Portugal. O Programa EcoCampus apresenta o documentário &#8220;Côa Mais Selvagem&#8221; no dia 20 de maio, às 14:45 no Auditório Francisco Tomatas. &#8230;</p>
