{"id":451,"date":"2025-04-27T12:48:49","date_gmt":"2025-04-27T12:48:49","guid":{"rendered":"https:\/\/collaboro.ipportalegre.pt\/ess\/?page_id=451"},"modified":"2025-04-27T12:50:01","modified_gmt":"2025-04-27T12:50:01","slug":"dias-do-ambiente-2","status":"publish","type":"page","link":"https:\/\/collaboro.ipportalegre.pt\/ess\/projetos-da-tua-escola\/dias-do-ambiente-2\/","title":{"rendered":"Dias do ambiente 2025"},"content":{"rendered":"\r\n<p><a style=\"font-family: Raleway, Helvetica, Arial, sans-serif;font-size: 2rem;font-weight: 600;text-transform: uppercase\" href=\"https:\/\/collaboro.ipportalegre.pt\/ess\/projetos-da-tua-escola\/dias-do-ambiente-2\/\">Dias do ambiente<\/a><\/p>\r\n<p>O EcoCampus do Polit\u00e9cnico de Portalegre promove os Dias do Ambiente com um conjunto de atividades que incluem a comemora\u00e7\u00e3o do Dia EcoCampus.<\/p>\r\n<p>PROGRAMA DETALHADO<\/p>\r\n<p><img loading=\"lazy\" decoding=\"async\" class=\"alignnone size-full wp-image-1272\" src=\"http:\/\/collaboro.ipportalegre.pt\/estg\/wp-content\/uploads\/sites\/5\/2025\/04\/Sem-Titulo-1-1.png\" alt=\"\" width=\"1958\" height=\"1094\" \/><\/p>\r\n<div class=\"wp-block-group\">\r\n<p>INSCRI\u00c7\u00d5ES NAS ATIVIDADES:<\/p>\r\n<p><strong>07 de maio<\/strong><\/p>\r\n<p>Inscri\u00e7\u00e3o limitada a 16 participantes, at\u00e9 dia 06 de maio:<\/p>\r\n<p>\u00a0<a href=\"https:\/\/docs.google.com\/forms\/d\/e\/1FAIpQLScvmtnUwoJerc6_kec7DHyVpNlxkbDHy873wEcrdm7A2pnXRg\/viewform?usp=sharing\" target=\"_blank\" rel=\"noopener\">https:\/\/docs.google.com\/forms\/d\/e\/1FAIpQLScvmtnUwoJerc6_kec7DHyVpNlxkbDHy873wEcrdm7A2pnXRg\/viewform?usp=sharing<\/a><br \/>\u00a0<\/p>\r\n<p><strong>13 de maio<\/strong><br \/>Inscri\u00e7\u00f5es limitadas ao n\u00famero de equipamentos, at\u00e9 dia 10 de maio:\u00a0<\/p>\r\n<p><a href=\"https:\/\/docs.google.com\/forms\/d\/e\/1FAIpQLSfw1Ttj6RRwQiXqErGM13UJ4vC4rF14TMvwUUB8sLzu_AqFLg\/viewform?usp=sharing\" target=\"_blank\" rel=\"noopener\">https:\/\/docs.google.com\/forms\/d\/e\/1FAIpQLSfw1Ttj6RRwQiXqErGM13UJ4vC4rF14TMvwUUB8sLzu_AqFLg\/viewform?usp=sharing<\/a><\/p>\r\n<\/div>\r\n\r\n\r\n\r\n\r\n\r\n<p class=\"has-text-align-center\">Ver mais <strong><strong><a href=\"http:\/\/collaboro.ipportalegre.pt\/ess\/projetos-da-tua-escola\/\">PROJETOS DA TUA ESCOLA<\/a><\/strong><\/strong><\/p>\r\n\r\n\r\n","protected":false},"excerpt":{"rendered":"<p>Dias do ambiente O EcoCampus do Polit\u00e9cnico de Portalegre promove os Dias do Ambiente com um conjunto de atividades que incluem a comemora\u00e7\u00e3o do Dia EcoCampus. PROGRAMA DETALHADO INSCRI\u00c7\u00d5ES NAS &#8230;<\/p>\n","protected":false},"author":4,"featured_media":0,"parent":119,"menu_order":1,"comment_status":"closed","ping_status":"closed","template":"","meta":{"inline_featured_image":false,"footnotes":""},"class_list":["post-451","page","type-page","status-publish","hentry"],"_links":{"self":[{"href":"https:\/\/collaboro.ipportalegre.pt\/ess\/wp-json\/wp\/v2\/pages\/451","targetHints":{"allow":["GET"]}}],"collection":[{"href":"https:\/\/collaboro.ipportalegre.pt\/ess\/wp-json\/wp\/v2\/pages"}],"about":[{"href":"https:\/\/collaboro.ipportalegre.pt\/ess\/wp-json\/wp\/v2\/types\/page"}],"author":[{"embeddable":true,"href":"https:\/\/collaboro.ipportalegre.pt\/ess\/wp-json\/wp\/v2\/users\/4"}],"replies":[{"embeddable":true,"href":"https:\/\/collaboro.ipportalegre.pt\/ess\/wp-json\/wp\/v2\/comments?post=451"}],"version-history":[{"count":3,"href":"https:\/\/collaboro.ipportalegre.pt\/ess\/wp-json\/wp\/v2\/pages\/451\/revisions"}],"predecessor-version":[{"id":454,"href":"https:\/\/collaboro.ipportalegre.pt\/ess\/wp-json\/wp\/v2\/pages\/451\/revisions\/454"}],"up":[{"embeddable":true,"href":"https:\/\/collaboro.ipportalegre.pt\/ess\/wp-json\/wp\/v2\/pages\/119"}],"wp:attachment":[{"href":"https:\/\/collaboro.ipportalegre.pt\/ess\/wp-json\/wp\/v2\/media?parent=451"}],"curies":[{"name":"wp","href":"https:\/\/api.w.org\/{rel}","templated":true}]}}

<p><a style="font-family: Raleway, Helvetica, Arial, sans-serif;font-size: 2rem;font-weight: 600;text-transform: uppercase" href="https://collaboro.ipportalegre.pt/ess/projetos-da-tua-escola/dias-do-ambiente-2/">Dias do ambiente</a></p>
<p>O EcoCampus do Politécnico de Portalegre promove os Dias do Ambiente com um conjunto de atividades que incluem a comemoração do Dia EcoCampus.</p>
<p>PROGRAMA DETALHADO</p>
<p><img loading="lazy" decoding="async" class="alignnone size-full wp-image-1272" src="http://collaboro.ipportalegre.pt/estg/wp-content/uploads/sites/5/2025/04/Sem-Titulo-1-1.png" alt="" width="1958" height="1094" /></p>
<div class="wp-block-group">
<p>INSCRIÇÕES NAS ATIVIDADES:</p>
<p><strong>07 de maio</strong></p>
<p>Inscrição limitada a 16 participantes, até dia 06 de maio:</p>
<p> <a href="https://docs.google.com/forms/d/e/1FAIpQLScvmtnUwoJerc6_kec7DHyVpNlxkbDHy873wEcrdm7A2pnXRg/viewform?usp=sharing" target="_blank" rel="noopener">https://docs.google.com/forms/d/e/1FAIpQLScvmtnUwoJerc6_kec7DHyVpNlxkbDHy873wEcrdm7A2pnXRg/viewform?usp=sharing</a><br /> </p>
<p><strong>13 de maio</strong><br />Inscrições limitadas ao número de equipamentos, até dia 10 de maio: </p>
<p><a href="https://docs.google.com/forms/d/e/1FAIpQLSfw1Ttj6RRwQiXqErGM13UJ4vC4rF14TMvwUUB8sLzu_AqFLg/viewform?usp=sharing" target="_blank" rel="noopener">https://docs.google.com/forms/d/e/1FAIpQLSfw1Ttj6RRwQiXqErGM13UJ4vC4rF14TMvwUUB8sLzu_AqFLg/viewform?usp=sharing</a></p>
</div>





<p class="has-text-align-center">Ver mais <strong><strong><a href="http://collaboro.ipportalegre.pt/ess/projetos-da-tua-escola/">PROJETOS DA TUA ESCOLA</a></strong></strong></p>

<p>Dias do ambiente O EcoCampus do Politécnico de Portalegre promove os Dias do Ambiente com um conjunto de atividades que incluem a comemoração do Dia EcoCampus. PROGRAMA DETALHADO INSCRIÇÕES NAS &#8230;</p>
