{"id":379,"date":"2024-10-15T14:10:33","date_gmt":"2024-10-15T14:10:33","guid":{"rendered":"https:\/\/collaboro.ipportalegre.pt\/ess\/?page_id=379"},"modified":"2024-10-24T00:20:31","modified_gmt":"2024-10-24T00:20:31","slug":"dia-mundial-da-arvore","status":"publish","type":"page","link":"https:\/\/collaboro.ipportalegre.pt\/ess\/projetos-da-tua-escola\/dia-mundial-da-arvore\/","title":{"rendered":"Dia Mundial da \u00e1rvore"},"content":{"rendered":"\n<p><\/p>\n\n\n\n<figure class=\"wp-block-gallery has-nested-images columns-default is-cropped wp-block-gallery-1 is-layout-flex wp-block-gallery-is-layout-flex\">\n<figure class=\"wp-block-image size-large\"><img loading=\"lazy\" decoding=\"async\" width=\"1024\" height=\"346\" data-id=\"438\" src=\"https:\/\/collaboro.ipportalegre.pt\/ess\/wp-content\/uploads\/sites\/7\/2024\/10\/plantacao-de-arvores-1024x346.jpg\" alt=\"\" class=\"wp-image-438\" srcset=\"https:\/\/collaboro.ipportalegre.pt\/ess\/wp-content\/uploads\/sites\/7\/2024\/10\/plantacao-de-arvores-1024x346.jpg 1024w, https:\/\/collaboro.ipportalegre.pt\/ess\/wp-content\/uploads\/sites\/7\/2024\/10\/plantacao-de-arvores-300x101.jpg 300w, https:\/\/collaboro.ipportalegre.pt\/ess\/wp-content\/uploads\/sites\/7\/2024\/10\/plantacao-de-arvores-768x259.jpg 768w, https:\/\/collaboro.ipportalegre.pt\/ess\/wp-content\/uploads\/sites\/7\/2024\/10\/plantacao-de-arvores.jpg 1276w\" sizes=\"auto, (max-width: 1024px) 100vw, 1024px\" \/><\/figure>\n<\/figure>\n\n\n\n<p><\/p>\n\n\n\n<p>Para assinalar o da mundial da arvore,  realizaram-se uma vez mais planta\u00e7\u00f5es de \u00e1rvores e arbustos aut\u00f3ctones no campus polit\u00e9cnico com a parceria do CNF atrav\u00e9s de t\u00e9cnicos do PNSSM.  Pretende-se aumentar o numero e a diversidade de especes vegetais no campo, aumentando assim a biodiversidade existente. <\/p>\n\n\n\n<p><\/p>\n\n\n\n<p class=\"has-text-align-center\">Ver mais <strong><a href=\"http:\/\/collaboro.ipportalegre.pt\/estg\/projetos-nacionais\/\"><\/a><strong><a href=\"http:\/\/collaboro.ipportalegre.pt\/ess\/projetos-da-tua-escola\/\">PROJETOS DA TUA ESCOLA<\/a><\/strong><\/strong><\/p>\n","protected":false},"excerpt":{"rendered":"<p>Para assinalar o da mundial da arvore, realizaram-se uma vez mais planta\u00e7\u00f5es de \u00e1rvores e arbustos aut\u00f3ctones no campus polit\u00e9cnico com a parceria do CNF atrav\u00e9s de t\u00e9cnicos do PNSSM. &#8230;<\/p>\n","protected":false},"author":4,"featured_media":0,"parent":119,"menu_order":1,"comment_status":"closed","ping_status":"closed","template":"","meta":{"inline_featured_image":false,"footnotes":""},"class_list":["post-379","page","type-page","status-publish","hentry"],"_links":{"self":[{"href":"https:\/\/collaboro.ipportalegre.pt\/ess\/wp-json\/wp\/v2\/pages\/379","targetHints":{"allow":["GET"]}}],"collection":[{"href":"https:\/\/collaboro.ipportalegre.pt\/ess\/wp-json\/wp\/v2\/pages"}],"about":[{"href":"https:\/\/collaboro.ipportalegre.pt\/ess\/wp-json\/wp\/v2\/types\/page"}],"author":[{"embeddable":true,"href":"https:\/\/collaboro.ipportalegre.pt\/ess\/wp-json\/wp\/v2\/users\/4"}],"replies":[{"embeddable":true,"href":"https:\/\/collaboro.ipportalegre.pt\/ess\/wp-json\/wp\/v2\/comments?post=379"}],"version-history":[{"count":3,"href":"https:\/\/collaboro.ipportalegre.pt\/ess\/wp-json\/wp\/v2\/pages\/379\/revisions"}],"predecessor-version":[{"id":440,"href":"https:\/\/collaboro.ipportalegre.pt\/ess\/wp-json\/wp\/v2\/pages\/379\/revisions\/440"}],"up":[{"embeddable":true,"href":"https:\/\/collaboro.ipportalegre.pt\/ess\/wp-json\/wp\/v2\/pages\/119"}],"wp:attachment":[{"href":"https:\/\/collaboro.ipportalegre.pt\/ess\/wp-json\/wp\/v2\/media?parent=379"}],"curies":[{"name":"wp","href":"https:\/\/api.w.org\/{rel}","templated":true}]}}

Dia Mundial da árvore

<p></p>



<figure class="wp-block-gallery has-nested-images columns-default is-cropped wp-block-gallery-1 is-layout-flex wp-block-gallery-is-layout-flex">
<figure class="wp-block-image size-large"><img loading="lazy" decoding="async" width="1024" height="346" data-id="438" src="https://collaboro.ipportalegre.pt/ess/wp-content/uploads/sites/7/2024/10/plantacao-de-arvores-1024x346.jpg" alt="" class="wp-image-438" srcset="https://collaboro.ipportalegre.pt/ess/wp-content/uploads/sites/7/2024/10/plantacao-de-arvores-1024x346.jpg 1024w, https://collaboro.ipportalegre.pt/ess/wp-content/uploads/sites/7/2024/10/plantacao-de-arvores-300x101.jpg 300w, https://collaboro.ipportalegre.pt/ess/wp-content/uploads/sites/7/2024/10/plantacao-de-arvores-768x259.jpg 768w, https://collaboro.ipportalegre.pt/ess/wp-content/uploads/sites/7/2024/10/plantacao-de-arvores.jpg 1276w" sizes="auto, (max-width: 1024px) 100vw, 1024px" /></figure>
</figure>



<p></p>



<p>Para assinalar o da mundial da arvore,  realizaram-se uma vez mais plantações de árvores e arbustos autóctones no campus politécnico com a parceria do CNF através de técnicos do PNSSM.  Pretende-se aumentar o numero e a diversidade de especes vegetais no campo, aumentando assim a biodiversidade existente. </p>



<p></p>



<p class="has-text-align-center">Ver mais <strong><a href="http://collaboro.ipportalegre.pt/estg/projetos-nacionais/"></a><strong><a href="http://collaboro.ipportalegre.pt/ess/projetos-da-tua-escola/">PROJETOS DA TUA ESCOLA</a></strong></strong></p>

<p>Para assinalar o da mundial da arvore, realizaram-se uma vez mais plantações de árvores e arbustos autóctones no campus politécnico com a parceria do CNF através de técnicos do PNSSM. &#8230;</p>
