{"id":340,"date":"2024-10-15T09:31:25","date_gmt":"2024-10-15T09:31:25","guid":{"rendered":"https:\/\/collaboro.ipportalegre.pt\/ess\/?page_id=340"},"modified":"2024-10-15T09:31:25","modified_gmt":"2024-10-15T09:31:25","slug":"onde-estiver-recicle-sempre","status":"publish","type":"page","link":"https:\/\/collaboro.ipportalegre.pt\/ess\/projetos-da-tua-escola\/onde-estiver-recicle-sempre\/","title":{"rendered":"\u201cOnde estiver, recicle sempre\u201d"},"content":{"rendered":"\n<p><\/p>\n\n\n\n<figure class=\"wp-block-gallery has-nested-images columns-default is-cropped wp-block-gallery-1 is-layout-flex wp-block-gallery-is-layout-flex\">\n<figure class=\"wp-block-image size-full is-style-default\"><img loading=\"lazy\" decoding=\"async\" width=\"1658\" height=\"745\" data-id=\"342\" src=\"https:\/\/collaboro.ipportalegre.pt\/ess\/wp-content\/uploads\/sites\/7\/2024\/10\/SPV_11_04_23.jpg\" alt=\"\" class=\"wp-image-342\" srcset=\"https:\/\/collaboro.ipportalegre.pt\/ess\/wp-content\/uploads\/sites\/7\/2024\/10\/SPV_11_04_23.jpg 1658w, https:\/\/collaboro.ipportalegre.pt\/ess\/wp-content\/uploads\/sites\/7\/2024\/10\/SPV_11_04_23-300x135.jpg 300w, https:\/\/collaboro.ipportalegre.pt\/ess\/wp-content\/uploads\/sites\/7\/2024\/10\/SPV_11_04_23-1024x460.jpg 1024w, https:\/\/collaboro.ipportalegre.pt\/ess\/wp-content\/uploads\/sites\/7\/2024\/10\/SPV_11_04_23-768x345.jpg 768w, https:\/\/collaboro.ipportalegre.pt\/ess\/wp-content\/uploads\/sites\/7\/2024\/10\/SPV_11_04_23-1536x690.jpg 1536w\" sizes=\"auto, (max-width: 1658px) 100vw, 1658px\" \/><\/figure>\n<\/figure>\n\n\n\n<h2 class=\"wp-block-heading\"><\/h2>\n\n\n\n<p>A\u00e7\u00e3o de Forma\u00e7\u00e3o promovida pela Sociedade Ponto Verde<\/p>\n\n\n\n<p>No dia 11 de abril do presente ano, no \u00e2mbito do programa Eco-escolas, foi promovida uma a\u00e7\u00e3o de forma\u00e7\u00e3o destinada a toda a comunidade acad\u00e9mica, com foco na sensibiliza\u00e7\u00e3o, informa\u00e7\u00e3o e consequente melhoria dos processos de separa\u00e7\u00e3o dos res\u00edduos.<\/p>\n\n\n\n<p>A a\u00e7\u00e3o de forma\u00e7\u00e3o contou tamb\u00e9m com a presen\u00e7a dos funcion\u00e1rios respons\u00e1veis pela manuten\u00e7\u00e3o e servi\u00e7os de limpeza, agentes fundamentais para o processo de separa\u00e7\u00e3o e correto encaminhamento dos diferentes res\u00edduos.<\/p>\n\n\n\n<p><\/p>\n\n\n\n<p class=\"has-text-align-center\">Ver mais <strong><a href=\"http:\/\/collaboro.ipportalegre.pt\/estg\/projetos-nacionais\/\"><\/a><strong><a href=\"http:\/\/collaboro.ipportalegre.pt\/ess\/projetos-da-tua-escola\/\">PROJETOS DA TUA ESCOLA<\/a><\/strong><\/strong><\/p>\n","protected":false},"excerpt":{"rendered":"<p>A\u00e7\u00e3o de Forma\u00e7\u00e3o promovida pela Sociedade Ponto Verde No dia 11 de abril do presente ano, no \u00e2mbito do programa Eco-escolas, foi promovida uma a\u00e7\u00e3o de forma\u00e7\u00e3o destinada a toda &#8230;<\/p>\n","protected":false},"author":4,"featured_media":0,"parent":119,"menu_order":1,"comment_status":"closed","ping_status":"closed","template":"","meta":{"inline_featured_image":false,"footnotes":""},"class_list":["post-340","page","type-page","status-publish","hentry"],"_links":{"self":[{"href":"https:\/\/collaboro.ipportalegre.pt\/ess\/wp-json\/wp\/v2\/pages\/340","targetHints":{"allow":["GET"]}}],"collection":[{"href":"https:\/\/collaboro.ipportalegre.pt\/ess\/wp-json\/wp\/v2\/pages"}],"about":[{"href":"https:\/\/collaboro.ipportalegre.pt\/ess\/wp-json\/wp\/v2\/types\/page"}],"author":[{"embeddable":true,"href":"https:\/\/collaboro.ipportalegre.pt\/ess\/wp-json\/wp\/v2\/users\/4"}],"replies":[{"embeddable":true,"href":"https:\/\/collaboro.ipportalegre.pt\/ess\/wp-json\/wp\/v2\/comments?post=340"}],"version-history":[{"count":1,"href":"https:\/\/collaboro.ipportalegre.pt\/ess\/wp-json\/wp\/v2\/pages\/340\/revisions"}],"predecessor-version":[{"id":343,"href":"https:\/\/collaboro.ipportalegre.pt\/ess\/wp-json\/wp\/v2\/pages\/340\/revisions\/343"}],"up":[{"embeddable":true,"href":"https:\/\/collaboro.ipportalegre.pt\/ess\/wp-json\/wp\/v2\/pages\/119"}],"wp:attachment":[{"href":"https:\/\/collaboro.ipportalegre.pt\/ess\/wp-json\/wp\/v2\/media?parent=340"}],"curies":[{"name":"wp","href":"https:\/\/api.w.org\/{rel}","templated":true}]}}