{"id":317,"date":"2024-10-08T16:30:45","date_gmt":"2024-10-08T16:30:45","guid":{"rendered":"https:\/\/collaboro.ipportalegre.pt\/ess\/?page_id=317"},"modified":"2024-10-10T15:34:46","modified_gmt":"2024-10-10T15:34:46","slug":"acao-de-sensibilizacao-sobre-consumo-responsavel-da-utilizacao-da-agua-aguas-do-vale-do-tejo","status":"publish","type":"page","link":"https:\/\/collaboro.ipportalegre.pt\/ess\/projetos-da-tua-escola\/acao-de-sensibilizacao-sobre-consumo-responsavel-da-utilizacao-da-agua-aguas-do-vale-do-tejo\/","title":{"rendered":"A\u00e7\u00e3o de sensibiliza\u00e7\u00e3o sobre consumo respons\u00e1vel da utiliza\u00e7\u00e3o da \u00e1gua &#8211; \u00c1guas do Vale do Tejo"},"content":{"rendered":"\n<p><\/p>\n\n\n\n<figure class=\"wp-block-gallery has-nested-images columns-default is-cropped wp-block-gallery-1 is-layout-flex wp-block-gallery-is-layout-flex\">\n<figure class=\"wp-block-image size-full is-style-default\"><a href=\"acao-de-sensibilizacao-sobre-consumo-responsavel-da-utilizacao-da-agua-aguas-do-vale-do-tejo\"><img loading=\"lazy\" decoding=\"async\" width=\"1024\" height=\"768\" data-id=\"201\" src=\"http:\/\/collaboro.ipportalegre.pt\/ess\/wp-content\/uploads\/sites\/7\/2023\/01\/20221206_103857-Medium.jpg\" alt=\"\" class=\"wp-image-201\" srcset=\"https:\/\/collaboro.ipportalegre.pt\/ess\/wp-content\/uploads\/sites\/7\/2023\/01\/20221206_103857-Medium.jpg 1024w, https:\/\/collaboro.ipportalegre.pt\/ess\/wp-content\/uploads\/sites\/7\/2023\/01\/20221206_103857-Medium-300x225.jpg 300w, https:\/\/collaboro.ipportalegre.pt\/ess\/wp-content\/uploads\/sites\/7\/2023\/01\/20221206_103857-Medium-768x576.jpg 768w\" sizes=\"auto, (max-width: 1024px) 100vw, 1024px\" \/><\/a><\/figure>\n<\/figure>\n\n\n\n<h2 class=\"wp-block-heading\"><\/h2>\n\n\n\n<p>Nos dias 8 e 10 de maio, decorreram na ESS, a\u00e7\u00f5es de sensibiliza\u00e7\u00e3o sobre o consumo respons\u00e1vel da \u00e1gua da torneira. Esta a\u00e7\u00e3o foi dinamizada pelo nosso parceiro- &#8220;\u00c1guas do Vale do Tejo&#8221;. <\/p>\n\n\n\n<p>Acreditamos que ap\u00f3s esta excelente interven\u00e7\u00e3o, os estudantes ficaram mais consciente da responsabilidade em utilizar este bem essencial e escasso de uma forma mais sustent\u00e1vel.  <\/p>\n\n\n\n<p><\/p>\n\n\n\n<p class=\"has-text-align-center\">Ver mais <strong><a href=\"http:\/\/collaboro.ipportalegre.pt\/estg\/projetos-nacionais\/\"><\/a><strong><a href=\"http:\/\/collaboro.ipportalegre.pt\/ess\/projetos-da-tua-escola\/\">PROJETOS DA TUA ESCOLA<\/a><\/strong><\/strong><\/p>\n","protected":false},"excerpt":{"rendered":"<p>Nos dias 8 e 10 de maio, decorreram na ESS, a\u00e7\u00f5es de sensibiliza\u00e7\u00e3o sobre o consumo respons\u00e1vel da \u00e1gua da torneira. Esta a\u00e7\u00e3o foi dinamizada pelo nosso parceiro- &#8220;\u00c1guas do &#8230;<\/p>\n","protected":false},"author":4,"featured_media":0,"parent":119,"menu_order":1,"comment_status":"closed","ping_status":"closed","template":"","meta":{"inline_featured_image":false,"footnotes":""},"class_list":["post-317","page","type-page","status-publish","hentry"],"_links":{"self":[{"href":"https:\/\/collaboro.ipportalegre.pt\/ess\/wp-json\/wp\/v2\/pages\/317","targetHints":{"allow":["GET"]}}],"collection":[{"href":"https:\/\/collaboro.ipportalegre.pt\/ess\/wp-json\/wp\/v2\/pages"}],"about":[{"href":"https:\/\/collaboro.ipportalegre.pt\/ess\/wp-json\/wp\/v2\/types\/page"}],"author":[{"embeddable":true,"href":"https:\/\/collaboro.ipportalegre.pt\/ess\/wp-json\/wp\/v2\/users\/4"}],"replies":[{"embeddable":true,"href":"https:\/\/collaboro.ipportalegre.pt\/ess\/wp-json\/wp\/v2\/comments?post=317"}],"version-history":[{"count":2,"href":"https:\/\/collaboro.ipportalegre.pt\/ess\/wp-json\/wp\/v2\/pages\/317\/revisions"}],"predecessor-version":[{"id":324,"href":"https:\/\/collaboro.ipportalegre.pt\/ess\/wp-json\/wp\/v2\/pages\/317\/revisions\/324"}],"up":[{"embeddable":true,"href":"https:\/\/collaboro.ipportalegre.pt\/ess\/wp-json\/wp\/v2\/pages\/119"}],"wp:attachment":[{"href":"https:\/\/collaboro.ipportalegre.pt\/ess\/wp-json\/wp\/v2\/media?parent=317"}],"curies":[{"name":"wp","href":"https:\/\/api.w.org\/{rel}","templated":true}]}}

Ação de sensibilização sobre consumo responsável da utilização da água &#8211; Águas do Vale do Tejo

<p></p>



<figure class="wp-block-gallery has-nested-images columns-default is-cropped wp-block-gallery-1 is-layout-flex wp-block-gallery-is-layout-flex">
<figure class="wp-block-image size-full is-style-default"><a href="acao-de-sensibilizacao-sobre-consumo-responsavel-da-utilizacao-da-agua-aguas-do-vale-do-tejo"><img loading="lazy" decoding="async" width="1024" height="768" data-id="201" src="http://collaboro.ipportalegre.pt/ess/wp-content/uploads/sites/7/2023/01/20221206_103857-Medium.jpg" alt="" class="wp-image-201" srcset="https://collaboro.ipportalegre.pt/ess/wp-content/uploads/sites/7/2023/01/20221206_103857-Medium.jpg 1024w, https://collaboro.ipportalegre.pt/ess/wp-content/uploads/sites/7/2023/01/20221206_103857-Medium-300x225.jpg 300w, https://collaboro.ipportalegre.pt/ess/wp-content/uploads/sites/7/2023/01/20221206_103857-Medium-768x576.jpg 768w" sizes="auto, (max-width: 1024px) 100vw, 1024px" /></a></figure>
</figure>



<h2 class="wp-block-heading"></h2>



<p>Nos dias 8 e 10 de maio, decorreram na ESS, ações de sensibilização sobre o consumo responsável da água da torneira. Esta ação foi dinamizada pelo nosso parceiro- &#8220;Águas do Vale do Tejo&#8221;. </p>



<p>Acreditamos que após esta excelente intervenção, os estudantes ficaram mais consciente da responsabilidade em utilizar este bem essencial e escasso de uma forma mais sustentável.  </p>



<p></p>



<p class="has-text-align-center">Ver mais <strong><a href="http://collaboro.ipportalegre.pt/estg/projetos-nacionais/"></a><strong><a href="http://collaboro.ipportalegre.pt/ess/projetos-da-tua-escola/">PROJETOS DA TUA ESCOLA</a></strong></strong></p>

<p>Nos dias 8 e 10 de maio, decorreram na ESS, ações de sensibilização sobre o consumo responsável da água da torneira. Esta ação foi dinamizada pelo nosso parceiro- &#8220;Águas do &#8230;</p>
