{"id":251,"date":"2023-03-17T15:56:56","date_gmt":"2023-03-17T15:56:56","guid":{"rendered":"http:\/\/collaboro.ipportalegre.pt\/ess\/?page_id=251"},"modified":"2023-03-24T13:04:23","modified_gmt":"2023-03-24T13:04:23","slug":"comemoracao-do-dia-mundial-da-arvore-21-de-marco","status":"publish","type":"page","link":"https:\/\/collaboro.ipportalegre.pt\/ess\/projetos-da-tua-escola\/comemoracao-do-dia-mundial-da-arvore-21-de-marco\/","title":{"rendered":"&#8220;Comemora\u00e7\u00e3o do dia da \u00e1rvore&#8221; &#8211; 21 de mar\u00e7o"},"content":{"rendered":"\n<figure class=\"wp-block-gallery has-nested-images columns-default is-cropped wp-block-gallery-1 is-layout-flex wp-block-gallery-is-layout-flex\">\n<figure class=\"wp-block-image size-large\"><img loading=\"lazy\" decoding=\"async\" width=\"1024\" height=\"692\" data-id=\"252\" src=\"http:\/\/collaboro.ipportalegre.pt\/ess\/wp-content\/uploads\/sites\/7\/2023\/03\/Locais-de-plantacao-de-arvores-1024x692.jpg\" alt=\"\" class=\"wp-image-252\" srcset=\"https:\/\/collaboro.ipportalegre.pt\/ess\/wp-content\/uploads\/sites\/7\/2023\/03\/Locais-de-plantacao-de-arvores-1024x692.jpg 1024w, https:\/\/collaboro.ipportalegre.pt\/ess\/wp-content\/uploads\/sites\/7\/2023\/03\/Locais-de-plantacao-de-arvores-300x203.jpg 300w, https:\/\/collaboro.ipportalegre.pt\/ess\/wp-content\/uploads\/sites\/7\/2023\/03\/Locais-de-plantacao-de-arvores-768x519.jpg 768w, https:\/\/collaboro.ipportalegre.pt\/ess\/wp-content\/uploads\/sites\/7\/2023\/03\/Locais-de-plantacao-de-arvores.jpg 1510w\" sizes=\"auto, (max-width: 1024px) 100vw, 1024px\" \/><figcaption class=\"wp-element-caption\">Locais de planta\u00e7\u00e3o de \u00e1rvores no campus polit\u00e9cnico<\/figcaption><\/figure>\n<\/figure>\n\n\n\n<p><\/p>\n\n\n\n<p class=\"has-text-align-left\">As \u00e1rvores e as florestas s\u00e3o essenciais ao equil\u00edbrio do ecossistema e \u00e0 manuten\u00e7\u00e3o da vida na Terra. Para assinalar o Dia Mundial da \u00c1rvore e o Dia Mundial das Florestas, o programa Eco-Escolas da ESS e da ESTG, ir\u00e1 promover uma a\u00e7\u00e3o de planta\u00e7\u00e3o de \u00e1rvores, o lod\u00e3o bastardo (<em>Celtis australis<\/em>), o carvalho cerquinho (<em>Quercus faginea<\/em>) e a azinheira (<em>Quercus rotundifolia<\/em>), gentilmente cedidas pelo ICNF. <\/p>\n\n\n\n<p><\/p>\n\n\n\n<p class=\"has-text-align-center\">Ver mais <strong><a href=\"http:\/\/collaboro.ipportalegre.pt\/estg\/projetos-nacionais\/\"><\/a><strong><a href=\"http:\/\/collaboro.ipportalegre.pt\/ess\/projetos-da-tua-escola\/\">PROJETOS DA TUA ESCOLA<\/a><\/strong><\/strong><\/p>\n","protected":false},"excerpt":{"rendered":"<p>As \u00e1rvores e as florestas s\u00e3o essenciais ao equil\u00edbrio do ecossistema e \u00e0 manuten\u00e7\u00e3o da vida na Terra. Para assinalar o Dia Mundial da \u00c1rvore e o Dia Mundial das &#8230;<\/p>\n","protected":false},"author":4,"featured_media":0,"parent":119,"menu_order":3,"comment_status":"closed","ping_status":"closed","template":"","meta":{"inline_featured_image":false,"footnotes":""},"class_list":["post-251","page","type-page","status-publish","hentry"],"_links":{"self":[{"href":"https:\/\/collaboro.ipportalegre.pt\/ess\/wp-json\/wp\/v2\/pages\/251","targetHints":{"allow":["GET"]}}],"collection":[{"href":"https:\/\/collaboro.ipportalegre.pt\/ess\/wp-json\/wp\/v2\/pages"}],"about":[{"href":"https:\/\/collaboro.ipportalegre.pt\/ess\/wp-json\/wp\/v2\/types\/page"}],"author":[{"embeddable":true,"href":"https:\/\/collaboro.ipportalegre.pt\/ess\/wp-json\/wp\/v2\/users\/4"}],"replies":[{"embeddable":true,"href":"https:\/\/collaboro.ipportalegre.pt\/ess\/wp-json\/wp\/v2\/comments?post=251"}],"version-history":[{"count":2,"href":"https:\/\/collaboro.ipportalegre.pt\/ess\/wp-json\/wp\/v2\/pages\/251\/revisions"}],"predecessor-version":[{"id":257,"href":"https:\/\/collaboro.ipportalegre.pt\/ess\/wp-json\/wp\/v2\/pages\/251\/revisions\/257"}],"up":[{"embeddable":true,"href":"https:\/\/collaboro.ipportalegre.pt\/ess\/wp-json\/wp\/v2\/pages\/119"}],"wp:attachment":[{"href":"https:\/\/collaboro.ipportalegre.pt\/ess\/wp-json\/wp\/v2\/media?parent=251"}],"curies":[{"name":"wp","href":"https:\/\/api.w.org\/{rel}","templated":true}]}}

&#8220;Comemoração do dia da árvore&#8221; &#8211; 21 de março

<figure class="wp-block-gallery has-nested-images columns-default is-cropped wp-block-gallery-1 is-layout-flex wp-block-gallery-is-layout-flex">
<figure class="wp-block-image size-large"><img loading="lazy" decoding="async" width="1024" height="692" data-id="252" src="http://collaboro.ipportalegre.pt/ess/wp-content/uploads/sites/7/2023/03/Locais-de-plantacao-de-arvores-1024x692.jpg" alt="" class="wp-image-252" srcset="https://collaboro.ipportalegre.pt/ess/wp-content/uploads/sites/7/2023/03/Locais-de-plantacao-de-arvores-1024x692.jpg 1024w, https://collaboro.ipportalegre.pt/ess/wp-content/uploads/sites/7/2023/03/Locais-de-plantacao-de-arvores-300x203.jpg 300w, https://collaboro.ipportalegre.pt/ess/wp-content/uploads/sites/7/2023/03/Locais-de-plantacao-de-arvores-768x519.jpg 768w, https://collaboro.ipportalegre.pt/ess/wp-content/uploads/sites/7/2023/03/Locais-de-plantacao-de-arvores.jpg 1510w" sizes="auto, (max-width: 1024px) 100vw, 1024px" /><figcaption class="wp-element-caption">Locais de plantação de árvores no campus politécnico</figcaption></figure>
</figure>



<p></p>



<p class="has-text-align-left">As árvores e as florestas são essenciais ao equilíbrio do ecossistema e à manutenção da vida na Terra. Para assinalar o Dia Mundial da Árvore e o Dia Mundial das Florestas, o programa Eco-Escolas da ESS e da ESTG, irá promover uma ação de plantação de árvores, o lodão bastardo (<em>Celtis australis</em>), o carvalho cerquinho (<em>Quercus faginea</em>) e a azinheira (<em>Quercus rotundifolia</em>), gentilmente cedidas pelo ICNF. </p>



<p></p>



<p class="has-text-align-center">Ver mais <strong><a href="http://collaboro.ipportalegre.pt/estg/projetos-nacionais/"></a><strong><a href="http://collaboro.ipportalegre.pt/ess/projetos-da-tua-escola/">PROJETOS DA TUA ESCOLA</a></strong></strong></p>

<p>As árvores e as florestas são essenciais ao equilíbrio do ecossistema e à manutenção da vida na Terra. Para assinalar o Dia Mundial da Árvore e o Dia Mundial das &#8230;</p>
