{"id":236,"date":"2023-03-16T14:10:58","date_gmt":"2023-03-16T14:10:58","guid":{"rendered":"http:\/\/collaboro.ipportalegre.pt\/ess\/?page_id=236"},"modified":"2023-03-17T16:28:59","modified_gmt":"2023-03-17T16:28:59","slug":"divulga-uma-arvore","status":"publish","type":"page","link":"https:\/\/collaboro.ipportalegre.pt\/ess\/projetos-da-tua-escola\/divulga-uma-arvore\/","title":{"rendered":"Desafio &#8211; Divulga uma \u00e1rvore"},"content":{"rendered":"\n<p><\/p>\n\n\n\n<figure class=\"wp-block-gallery has-nested-images columns-default is-cropped wp-block-gallery-1 is-layout-flex wp-block-gallery-is-layout-flex\">\n<figure class=\"wp-block-image size-large\"><img loading=\"lazy\" decoding=\"async\" width=\"1024\" height=\"576\" data-id=\"239\" src=\"http:\/\/collaboro.ipportalegre.pt\/ess\/wp-content\/uploads\/sites\/7\/2023\/03\/arvore-joao-sequeira-2-2-e1678975432270-1024x576.jpg\" alt=\"\" class=\"wp-image-239\" srcset=\"https:\/\/collaboro.ipportalegre.pt\/ess\/wp-content\/uploads\/sites\/7\/2023\/03\/arvore-joao-sequeira-2-2-e1678975432270-1024x576.jpg 1024w, https:\/\/collaboro.ipportalegre.pt\/ess\/wp-content\/uploads\/sites\/7\/2023\/03\/arvore-joao-sequeira-2-2-e1678975432270-300x169.jpg 300w, https:\/\/collaboro.ipportalegre.pt\/ess\/wp-content\/uploads\/sites\/7\/2023\/03\/arvore-joao-sequeira-2-2-e1678975432270-768x432.jpg 768w, https:\/\/collaboro.ipportalegre.pt\/ess\/wp-content\/uploads\/sites\/7\/2023\/03\/arvore-joao-sequeira-2-2-e1678975432270-1536x864.jpg 1536w, https:\/\/collaboro.ipportalegre.pt\/ess\/wp-content\/uploads\/sites\/7\/2023\/03\/arvore-joao-sequeira-2-2-e1678975432270.jpg 2048w\" sizes=\"auto, (max-width: 1024px) 100vw, 1024px\" \/><figcaption class=\"wp-element-caption\">Carvalho-negral. Desenho de Jo\u00e3o Sequeira<\/figcaption><\/figure>\n<\/figure>\n\n\n\n<h2 class=\"wp-block-heading\">Dia Mundial da \u00c1rvore # Dia Mundial das Florestas. 21 de mar\u00e7o<\/h2>\n\n\n\n<p>As \u00e1rvores e as florestas s\u00e3o essenciais ao equil\u00edbrio do ecossistema e \u00e0 manuten\u00e7\u00e3o da vida na Terra. Para assinalar o Dia Mundial da \u00c1rvore e o Dia Mundial das Florestas, o programa Eco-Escolas da ESS lan\u00e7a um desafio a toda a comunidade acad\u00e9mica: escolher de entre as \u00e1rvores do Campus Polit\u00e9cnico uma \u00e1rvore aut\u00f3ctone e realizar um registo fotogr\u00e1fico, desenhado, ou outro, acompanhado da identifica\u00e7\u00e3o da \u00e1rvore.<\/p>\n\n\n\n<p>Iremos divulgar os registos no site do programa,&nbsp;<a href=\"http:\/\/collaboro.ipportalegre.pt\/\">http:\/\/collaboro.ipportalegre.pt\/<\/a>&nbsp;e nas redes sociais, dando rosto \u00e0s \u00c1RVORES do nosso Campus Polit\u00e9cnico!<\/p>\n\n\n\n<p>Envia o teu registo e a identifica\u00e7\u00e3o da \u00e1rvore para:&nbsp;<a rel=\"noreferrer noopener\" href=\"mailto:collaboro.ess@ipportalegre.pt\" target=\"_blank\">collaboro.ess@ipportalegre.pt<\/a>&nbsp;at\u00e9 dia 20 de mar\u00e7o.<\/p>\n\n\n\n<p class=\"has-text-align-center\">Ver mais <strong><a href=\"http:\/\/collaboro.ipportalegre.pt\/estg\/projetos-nacionais\/\"><\/a><strong><a href=\"http:\/\/collaboro.ipportalegre.pt\/ess\/projetos-da-tua-escola\/\">PROJETOS DA TUA ESCOLA<\/a><\/strong><\/strong><\/p>\n","protected":false},"excerpt":{"rendered":"<p>Dia Mundial da \u00c1rvore # Dia Mundial das Florestas. 21 de mar\u00e7o As \u00e1rvores e as florestas s\u00e3o essenciais ao equil\u00edbrio do ecossistema e \u00e0 manuten\u00e7\u00e3o da vida na Terra. &#8230;<\/p>\n","protected":false},"author":4,"featured_media":0,"parent":119,"menu_order":1,"comment_status":"closed","ping_status":"closed","template":"","meta":{"inline_featured_image":false,"footnotes":""},"class_list":["post-236","page","type-page","status-publish","hentry"],"_links":{"self":[{"href":"https:\/\/collaboro.ipportalegre.pt\/ess\/wp-json\/wp\/v2\/pages\/236","targetHints":{"allow":["GET"]}}],"collection":[{"href":"https:\/\/collaboro.ipportalegre.pt\/ess\/wp-json\/wp\/v2\/pages"}],"about":[{"href":"https:\/\/collaboro.ipportalegre.pt\/ess\/wp-json\/wp\/v2\/types\/page"}],"author":[{"embeddable":true,"href":"https:\/\/collaboro.ipportalegre.pt\/ess\/wp-json\/wp\/v2\/users\/4"}],"replies":[{"embeddable":true,"href":"https:\/\/collaboro.ipportalegre.pt\/ess\/wp-json\/wp\/v2\/comments?post=236"}],"version-history":[{"count":9,"href":"https:\/\/collaboro.ipportalegre.pt\/ess\/wp-json\/wp\/v2\/pages\/236\/revisions"}],"predecessor-version":[{"id":262,"href":"https:\/\/collaboro.ipportalegre.pt\/ess\/wp-json\/wp\/v2\/pages\/236\/revisions\/262"}],"up":[{"embeddable":true,"href":"https:\/\/collaboro.ipportalegre.pt\/ess\/wp-json\/wp\/v2\/pages\/119"}],"wp:attachment":[{"href":"https:\/\/collaboro.ipportalegre.pt\/ess\/wp-json\/wp\/v2\/media?parent=236"}],"curies":[{"name":"wp","href":"https:\/\/api.w.org\/{rel}","templated":true}]}}

Desafio &#8211; Divulga uma árvore

<p></p>



<figure class="wp-block-gallery has-nested-images columns-default is-cropped wp-block-gallery-1 is-layout-flex wp-block-gallery-is-layout-flex">
<figure class="wp-block-image size-large"><img loading="lazy" decoding="async" width="1024" height="576" data-id="239" src="http://collaboro.ipportalegre.pt/ess/wp-content/uploads/sites/7/2023/03/arvore-joao-sequeira-2-2-e1678975432270-1024x576.jpg" alt="" class="wp-image-239" srcset="https://collaboro.ipportalegre.pt/ess/wp-content/uploads/sites/7/2023/03/arvore-joao-sequeira-2-2-e1678975432270-1024x576.jpg 1024w, https://collaboro.ipportalegre.pt/ess/wp-content/uploads/sites/7/2023/03/arvore-joao-sequeira-2-2-e1678975432270-300x169.jpg 300w, https://collaboro.ipportalegre.pt/ess/wp-content/uploads/sites/7/2023/03/arvore-joao-sequeira-2-2-e1678975432270-768x432.jpg 768w, https://collaboro.ipportalegre.pt/ess/wp-content/uploads/sites/7/2023/03/arvore-joao-sequeira-2-2-e1678975432270-1536x864.jpg 1536w, https://collaboro.ipportalegre.pt/ess/wp-content/uploads/sites/7/2023/03/arvore-joao-sequeira-2-2-e1678975432270.jpg 2048w" sizes="auto, (max-width: 1024px) 100vw, 1024px" /><figcaption class="wp-element-caption">Carvalho-negral. Desenho de João Sequeira</figcaption></figure>
</figure>



<h2 class="wp-block-heading">Dia Mundial da Árvore # Dia Mundial das Florestas. 21 de março</h2>



<p>As árvores e as florestas são essenciais ao equilíbrio do ecossistema e à manutenção da vida na Terra. Para assinalar o Dia Mundial da Árvore e o Dia Mundial das Florestas, o programa Eco-Escolas da ESS lança um desafio a toda a comunidade académica: escolher de entre as árvores do Campus Politécnico uma árvore autóctone e realizar um registo fotográfico, desenhado, ou outro, acompanhado da identificação da árvore.</p>



<p>Iremos divulgar os registos no site do programa,&nbsp;<a href="http://collaboro.ipportalegre.pt/">http://collaboro.ipportalegre.pt/</a>&nbsp;e nas redes sociais, dando rosto às ÁRVORES do nosso Campus Politécnico!</p>



<p>Envia o teu registo e a identificação da árvore para:&nbsp;<a rel="noreferrer noopener" href="mailto:collaboro.ess@ipportalegre.pt" target="_blank">collaboro.ess@ipportalegre.pt</a>&nbsp;até dia 20 de março.</p>



<p class="has-text-align-center">Ver mais <strong><a href="http://collaboro.ipportalegre.pt/estg/projetos-nacionais/"></a><strong><a href="http://collaboro.ipportalegre.pt/ess/projetos-da-tua-escola/">PROJETOS DA TUA ESCOLA</a></strong></strong></p>

<p>Dia Mundial da Árvore # Dia Mundial das Florestas. 21 de março As árvores e as florestas são essenciais ao equilíbrio do ecossistema e à manutenção da vida na Terra. &#8230;</p>
