{"id":186,"date":"2023-01-04T09:55:31","date_gmt":"2023-01-04T09:55:31","guid":{"rendered":"http:\/\/collaboro.ipportalegre.pt\/ess\/?page_id=186"},"modified":"2023-01-04T10:28:23","modified_gmt":"2023-01-04T10:28:23","slug":"escola-superior-de-saude-ipp-obtem-o-galardao-bandeira-verde-ano-letivo-2021-2022","status":"publish","type":"page","link":"https:\/\/collaboro.ipportalegre.pt\/ess\/projetos-da-tua-escola\/escola-superior-de-saude-ipp-obtem-o-galardao-bandeira-verde-ano-letivo-2021-2022\/","title":{"rendered":"Escola Superior de Sa\u00fade &#8211; IPP obt\u00e9m o Galard\u00e3o Bandeira Verde  &#8211; Ano letivo 2021-2022"},"content":{"rendered":"\n<div class=\"wp-block-media-text alignwide is-stacked-on-mobile is-vertically-aligned-top\" style=\"grid-template-columns:34% auto\"><figure class=\"wp-block-media-text__media\"><img loading=\"lazy\" decoding=\"async\" width=\"1024\" height=\"768\" src=\"http:\/\/collaboro.ipportalegre.pt\/ess\/wp-content\/uploads\/sites\/7\/2023\/01\/20221019_165128-Medium.jpg\" alt=\"\" class=\"wp-image-203 size-full\" srcset=\"https:\/\/collaboro.ipportalegre.pt\/ess\/wp-content\/uploads\/sites\/7\/2023\/01\/20221019_165128-Medium.jpg 1024w, https:\/\/collaboro.ipportalegre.pt\/ess\/wp-content\/uploads\/sites\/7\/2023\/01\/20221019_165128-Medium-300x225.jpg 300w, https:\/\/collaboro.ipportalegre.pt\/ess\/wp-content\/uploads\/sites\/7\/2023\/01\/20221019_165128-Medium-768x576.jpg 768w\" sizes=\"auto, (max-width: 1024px) 100vw, 1024px\" \/><\/figure><div class=\"wp-block-media-text__content\">\n<p><strong><strong><strong><a href=\"http:\/\/collaboro.ipportalegre.pt\/ess\/projetos-da-tua-escola\/\" data-type=\"page\" data-id=\"119\">PROJETOS DA TUA ESCOLA<\/a><\/strong><\/strong><\/strong><\/p>\n\n\n\n<h2 class=\"wp-block-heading\">Escola Superior de Sa\u00fade &#8211; IPP obt\u00e9m o Galard\u00e3o Bandeira Verde  &#8211; Ano letivo 2021-2022<\/h2>\n\n\n\n<p><strong>19 de Outubro de 2022<\/strong><\/p>\n\n\n\n<p>O Evento \u201cGalard\u00e3o\u00a0Eco-Escolas\u00a0do\u00a0Ensino\u00a0Superior\u00a0e\u00a0EcoCampus\u201d,\u00a0decorreu em Coimbra na\u00a0Escola\u00a0Superior\u00a0de\u00a0Tecnologias da Sa\u00fade\u00a0de\u00a0Coimbra no dia 19 de outubro de 2022, \u00e0s 14h.<\/p>\n\n\n\n<p><\/p>\n<\/div><\/div>\n\n\n\n<figure class=\"wp-block-image size-full\"><img loading=\"lazy\" decoding=\"async\" width=\"1024\" height=\"768\" src=\"http:\/\/collaboro.ipportalegre.pt\/ess\/wp-content\/uploads\/sites\/7\/2023\/01\/20221019_173644-Medium.jpg\" alt=\"\" class=\"wp-image-204\" srcset=\"https:\/\/collaboro.ipportalegre.pt\/ess\/wp-content\/uploads\/sites\/7\/2023\/01\/20221019_173644-Medium.jpg 1024w, https:\/\/collaboro.ipportalegre.pt\/ess\/wp-content\/uploads\/sites\/7\/2023\/01\/20221019_173644-Medium-300x225.jpg 300w, https:\/\/collaboro.ipportalegre.pt\/ess\/wp-content\/uploads\/sites\/7\/2023\/01\/20221019_173644-Medium-768x576.jpg 768w\" sizes=\"auto, (max-width: 1024px) 100vw, 1024px\" \/><\/figure>\n\n\n\n\n\n\n\n\n\n\n\n<div class=\"wp-block-columns is-layout-flex wp-container-core-columns-is-layout-9d6595d7 wp-block-columns-is-layout-flex\">\n<div class=\"wp-block-column is-layout-flow wp-block-column-is-layout-flow\">\n<figure class=\"wp-block-gallery has-nested-images columns-default is-cropped wp-block-gallery-1 is-layout-flex wp-block-gallery-is-layout-flex\"><\/figure>\n<\/div>\n<\/div>\n\n\n\n<div class=\"wp-block-group\"><div class=\"wp-block-group__inner-container is-layout-constrained wp-block-group-is-layout-constrained\">\n<div class=\"wp-block-columns is-layout-flex wp-container-core-columns-is-layout-9d6595d7 wp-block-columns-is-layout-flex\">\n<div class=\"wp-block-column is-layout-flow wp-block-column-is-layout-flow\" style=\"flex-basis:100%\"><\/div>\n<\/div>\n<\/div><\/div>\n\n\n\n<!--more-->\n\n\n\n<p><\/p>\n\n\n\n<p><\/p>\n\n\n\n<div style=\"height:50px\" aria-hidden=\"true\" class=\"wp-block-spacer\"><\/div>\n\n\n\n<p class=\"has-text-align-center\">Ver mais <strong><strong><strong><a href=\"http:\/\/collaboro.ipportalegre.pt\/ess\/projetos-da-tua-escola\/\" data-type=\"page\" data-id=\"119\">PROJETOS DA TUA ESCOLA<\/a><\/strong><\/strong><\/strong><\/p>\n","protected":false},"excerpt":{"rendered":"<p>PROJETOS DA TUA ESCOLA Escola Superior de Sa\u00fade &#8211; IPP obt\u00e9m o Galard\u00e3o Bandeira Verde &#8211; Ano letivo 2021-2022 19 de Outubro de 2022 O Evento \u201cGalard\u00e3o\u00a0Eco-Escolas\u00a0do\u00a0Ensino\u00a0Superior\u00a0e\u00a0EcoCampus\u201d,\u00a0decorreu em Coimbra na\u00a0Escola\u00a0Superior\u00a0de\u00a0Tecnologias &#8230;<\/p>\n","protected":false},"author":1,"featured_media":0,"parent":119,"menu_order":2,"comment_status":"closed","ping_status":"closed","template":"","meta":{"inline_featured_image":false,"footnotes":""},"class_list":["post-186","page","type-page","status-publish","hentry"],"_links":{"self":[{"href":"https:\/\/collaboro.ipportalegre.pt\/ess\/wp-json\/wp\/v2\/pages\/186","targetHints":{"allow":["GET"]}}],"collection":[{"href":"https:\/\/collaboro.ipportalegre.pt\/ess\/wp-json\/wp\/v2\/pages"}],"about":[{"href":"https:\/\/collaboro.ipportalegre.pt\/ess\/wp-json\/wp\/v2\/types\/page"}],"author":[{"embeddable":true,"href":"https:\/\/collaboro.ipportalegre.pt\/ess\/wp-json\/wp\/v2\/users\/1"}],"replies":[{"embeddable":true,"href":"https:\/\/collaboro.ipportalegre.pt\/ess\/wp-json\/wp\/v2\/comments?post=186"}],"version-history":[{"count":2,"href":"https:\/\/collaboro.ipportalegre.pt\/ess\/wp-json\/wp\/v2\/pages\/186\/revisions"}],"predecessor-version":[{"id":212,"href":"https:\/\/collaboro.ipportalegre.pt\/ess\/wp-json\/wp\/v2\/pages\/186\/revisions\/212"}],"up":[{"embeddable":true,"href":"https:\/\/collaboro.ipportalegre.pt\/ess\/wp-json\/wp\/v2\/pages\/119"}],"wp:attachment":[{"href":"https:\/\/collaboro.ipportalegre.pt\/ess\/wp-json\/wp\/v2\/media?parent=186"}],"curies":[{"name":"wp","href":"https:\/\/api.w.org\/{rel}","templated":true}]}}

Escola Superior de Saúde &#8211; IPP obtém o Galardão Bandeira Verde  &#8211; Ano letivo 2021-2022

<div class="wp-block-media-text alignwide is-stacked-on-mobile is-vertically-aligned-top" style="grid-template-columns:34% auto"><figure class="wp-block-media-text__media"><img loading="lazy" decoding="async" width="1024" height="768" src="http://collaboro.ipportalegre.pt/ess/wp-content/uploads/sites/7/2023/01/20221019_165128-Medium.jpg" alt="" class="wp-image-203 size-full" srcset="https://collaboro.ipportalegre.pt/ess/wp-content/uploads/sites/7/2023/01/20221019_165128-Medium.jpg 1024w, https://collaboro.ipportalegre.pt/ess/wp-content/uploads/sites/7/2023/01/20221019_165128-Medium-300x225.jpg 300w, https://collaboro.ipportalegre.pt/ess/wp-content/uploads/sites/7/2023/01/20221019_165128-Medium-768x576.jpg 768w" sizes="auto, (max-width: 1024px) 100vw, 1024px" /></figure><div class="wp-block-media-text__content">
<p><strong><strong><strong><a href="http://collaboro.ipportalegre.pt/ess/projetos-da-tua-escola/" data-type="page" data-id="119">PROJETOS DA TUA ESCOLA</a></strong></strong></strong></p>



<h2 class="wp-block-heading">Escola Superior de Saúde &#8211; IPP obtém o Galardão Bandeira Verde  &#8211; Ano letivo 2021-2022</h2>



<p><strong>19 de Outubro de 2022</strong></p>



<p>O Evento “Galardão Eco-Escolas do Ensino Superior e EcoCampus”, decorreu em Coimbra na Escola Superior de Tecnologias da Saúde de Coimbra no dia 19 de outubro de 2022, às 14h.</p>



<p></p>
</div></div>



<figure class="wp-block-image size-full"><img loading="lazy" decoding="async" width="1024" height="768" src="http://collaboro.ipportalegre.pt/ess/wp-content/uploads/sites/7/2023/01/20221019_173644-Medium.jpg" alt="" class="wp-image-204" srcset="https://collaboro.ipportalegre.pt/ess/wp-content/uploads/sites/7/2023/01/20221019_173644-Medium.jpg 1024w, https://collaboro.ipportalegre.pt/ess/wp-content/uploads/sites/7/2023/01/20221019_173644-Medium-300x225.jpg 300w, https://collaboro.ipportalegre.pt/ess/wp-content/uploads/sites/7/2023/01/20221019_173644-Medium-768x576.jpg 768w" sizes="auto, (max-width: 1024px) 100vw, 1024px" /></figure>











<div class="wp-block-columns is-layout-flex wp-container-core-columns-is-layout-9d6595d7 wp-block-columns-is-layout-flex">
<div class="wp-block-column is-layout-flow wp-block-column-is-layout-flow">
<figure class="wp-block-gallery has-nested-images columns-default is-cropped wp-block-gallery-1 is-layout-flex wp-block-gallery-is-layout-flex"></figure>
</div>
</div>



<div class="wp-block-group"><div class="wp-block-group__inner-container is-layout-constrained wp-block-group-is-layout-constrained">
<div class="wp-block-columns is-layout-flex wp-container-core-columns-is-layout-9d6595d7 wp-block-columns-is-layout-flex">
<div class="wp-block-column is-layout-flow wp-block-column-is-layout-flow" style="flex-basis:100%"></div>
</div>
</div></div>



<!--more-->



<p></p>



<p></p>



<div style="height:50px" aria-hidden="true" class="wp-block-spacer"></div>



<p class="has-text-align-center">Ver mais <strong><strong><strong><a href="http://collaboro.ipportalegre.pt/ess/projetos-da-tua-escola/" data-type="page" data-id="119">PROJETOS DA TUA ESCOLA</a></strong></strong></strong></p>

<p>PROJETOS DA TUA ESCOLA Escola Superior de Saúde &#8211; IPP obtém o Galardão Bandeira Verde &#8211; Ano letivo 2021-2022 19 de Outubro de 2022 O Evento “Galardão Eco-Escolas do Ensino Superior e EcoCampus”, decorreu em Coimbra na Escola Superior de Tecnologias &#8230;</p>
