{"id":136,"date":"2022-11-28T15:00:00","date_gmt":"2022-11-28T15:00:00","guid":{"rendered":"http:\/\/collaboro.ipportalegre.pt\/ess\/?page_id=136"},"modified":"2023-01-04T09:50:06","modified_gmt":"2023-01-04T09:50:06","slug":"dia-internacional-da-alimentacao","status":"publish","type":"page","link":"https:\/\/collaboro.ipportalegre.pt\/ess\/projetos-da-tua-escola\/dia-internacional-da-alimentacao\/","title":{"rendered":"Comemora\u00e7\u00e3o do Dia Internacional da Alimenta\u00e7\u00e3o Saud\u00e1vel!"},"content":{"rendered":"\n<div class=\"wp-block-media-text alignwide is-stacked-on-mobile is-vertically-aligned-top\"><figure class=\"wp-block-media-text__media\"><img loading=\"lazy\" decoding=\"async\" width=\"1024\" height=\"768\" src=\"http:\/\/collaboro.ipportalegre.pt\/ess\/wp-content\/uploads\/sites\/7\/2022\/11\/20221017_095046-Medium.jpg\" alt=\"\" class=\"wp-image-166 size-full\" srcset=\"https:\/\/collaboro.ipportalegre.pt\/ess\/wp-content\/uploads\/sites\/7\/2022\/11\/20221017_095046-Medium.jpg 1024w, https:\/\/collaboro.ipportalegre.pt\/ess\/wp-content\/uploads\/sites\/7\/2022\/11\/20221017_095046-Medium-300x225.jpg 300w, https:\/\/collaboro.ipportalegre.pt\/ess\/wp-content\/uploads\/sites\/7\/2022\/11\/20221017_095046-Medium-768x576.jpg 768w\" sizes=\"auto, (max-width: 1024px) 100vw, 1024px\" \/><\/figure><div class=\"wp-block-media-text__content\">\n<p><strong><strong><strong><a href=\"http:\/\/collaboro.ipportalegre.pt\/ess\/projetos-da-tua-escola\/\" data-type=\"page\" data-id=\"119\">PROJETOS DA TUA ESCOLA<\/a><\/strong><\/strong><\/strong><\/p>\n\n\n\n<h2 class=\"wp-block-heading\">Comemora\u00e7\u00e3o do Dia Internacional da Alimenta\u00e7\u00e3o Saud\u00e1vel!<\/h2>\n\n\n\n<p><strong>16 de Outubro de 2022<\/strong><\/p>\n\n\n\n<p><\/p>\n\n\n\n<p>O Dia Internacional da Alimenta\u00e7\u00e3o Saud\u00e1vel comemora-se no dia 16 de outubro. Neste \u00e2mbito, o programa Eco-Escolas da ESS-IPP, comemorou esta data ao longo do m\u00eas de outubro com v\u00e1rias interven\u00e7\u00f5es na Comunidade Acad\u00e9mica do Campus Polit\u00e9cnico.<\/p>\n\n\n\n<p>Com o objetivo de sensibilizar o consumo de fruta, no dia 17, foram oferecidas v\u00e1rias pe\u00e7as de fruta no bar e no hall do Campus Polit\u00e9cnico para toda a comunidade acad\u00e9mica. Esta iniciativa foi refor\u00e7ada com informa\u00e7\u00e3o sobre as regras de alimenta\u00e7\u00e3o e vida saud\u00e1vel.<\/p>\n\n\n\n<p>Nos dias 18 e 19, em colabora\u00e7\u00e3o com os estudantes do 3\u00ba ano em Enfermagem, na UC de Enfermagem Comunit\u00e1ria, foram desenvolvidas a\u00e7\u00f5es de sensibiliza\u00e7\u00e3o para h\u00e1bitos saud\u00e1veis: Alimenta\u00e7\u00e3o Saud\u00e1vel e Pr\u00e1tica de Exerc\u00edcio F\u00edsico. Estas a\u00e7\u00f5es decorreram na resid\u00eancia de estudantes, no Bairro dos Assentos e envolveram 19 participantes. No Campus Polit\u00e9cnico, as a\u00e7\u00f5es foram dirigidas aos estudantes dos 1\u00bas anos de Enfermagem e Higiene Oral e envolveram um total de 47 participantes.<\/p>\n\n\n\n<p>No dia 26 de outubro realizou-se uma caminhada promovida tamb\u00e9m pelos estudantes do 3\u00ba ano em Enfermagem. Como eram objetivos dar a conhecer o eco-trilho, informar acerca das esp\u00e9cies de fauna e flora existentes no Campus e sensibilizar para a pr\u00e1tica do exerc\u00edcio f\u00edsico, esteve presente o T\u00e9cnico Nuno Sequeira, do Parque Natural da Serra de S\u00e3o Mamede (PNSSM) do Instituto da Conserva\u00e7\u00e3o da Natureza e Florestas (ICNF).<\/p>\n\n\n\n<p>Esta a\u00e7\u00e3o envolveu cerca de 100 participantes (docentes, estudantes dos cursos de Design sustent\u00e1vel, T\u00e9cnicas de Produ\u00e7\u00e3o de Biocombust\u00edveis, Higiene oral e enfermagem).<\/p>\n\n\n\n<p><\/p>\n<\/div><\/div>\n\n\n\n<div class=\"wp-block-columns is-layout-flex wp-container-core-columns-is-layout-9d6595d7 wp-block-columns-is-layout-flex\">\n<div class=\"wp-block-column is-layout-flow wp-block-column-is-layout-flow\">\n<figure class=\"wp-block-gallery has-nested-images columns-default is-cropped wp-block-gallery-1 is-layout-flex wp-block-gallery-is-layout-flex\">\n<figure class=\"wp-block-image size-large\"><a href=\"http:\/\/collaboro.ipportalegre.pt\/ess\/wp-content\/uploads\/sites\/7\/2022\/11\/IMG-20221031-WA0019-2.jpg\" target=\"_blank\" rel=\"noopener\"><img loading=\"lazy\" decoding=\"async\" width=\"1024\" height=\"576\" data-id=\"175\" src=\"http:\/\/collaboro.ipportalegre.pt\/ess\/wp-content\/uploads\/sites\/7\/2022\/11\/IMG-20221031-WA0019-2-1024x576.jpg\" alt=\"\" class=\"wp-image-175\" srcset=\"https:\/\/collaboro.ipportalegre.pt\/ess\/wp-content\/uploads\/sites\/7\/2022\/11\/IMG-20221031-WA0019-2-1024x576.jpg 1024w, https:\/\/collaboro.ipportalegre.pt\/ess\/wp-content\/uploads\/sites\/7\/2022\/11\/IMG-20221031-WA0019-2-300x169.jpg 300w, https:\/\/collaboro.ipportalegre.pt\/ess\/wp-content\/uploads\/sites\/7\/2022\/11\/IMG-20221031-WA0019-2-768x432.jpg 768w, https:\/\/collaboro.ipportalegre.pt\/ess\/wp-content\/uploads\/sites\/7\/2022\/11\/IMG-20221031-WA0019-2-1536x864.jpg 1536w, https:\/\/collaboro.ipportalegre.pt\/ess\/wp-content\/uploads\/sites\/7\/2022\/11\/IMG-20221031-WA0019-2.jpg 1920w\" sizes=\"auto, (max-width: 1024px) 100vw, 1024px\" \/><\/a><\/figure>\n<\/figure>\n<\/div>\n<\/div>\n\n\n\n<div class=\"wp-block-group\"><div class=\"wp-block-group__inner-container is-layout-constrained wp-block-group-is-layout-constrained\">\n<div class=\"wp-block-columns is-layout-flex wp-container-core-columns-is-layout-9d6595d7 wp-block-columns-is-layout-flex\">\n<div class=\"wp-block-column is-layout-flow wp-block-column-is-layout-flow\" style=\"flex-basis:100%\">\n<figure class=\"wp-block-image size-large\"><img loading=\"lazy\" decoding=\"async\" width=\"1024\" height=\"478\" src=\"http:\/\/collaboro.ipportalegre.pt\/ess\/wp-content\/uploads\/sites\/7\/2022\/11\/IMG-20221026-WA0015-Medium-1024x478.jpg\" alt=\"\" class=\"wp-image-170\" srcset=\"https:\/\/collaboro.ipportalegre.pt\/ess\/wp-content\/uploads\/sites\/7\/2022\/11\/IMG-20221026-WA0015-Medium-1024x478.jpg 1024w, https:\/\/collaboro.ipportalegre.pt\/ess\/wp-content\/uploads\/sites\/7\/2022\/11\/IMG-20221026-WA0015-Medium-300x140.jpg 300w, https:\/\/collaboro.ipportalegre.pt\/ess\/wp-content\/uploads\/sites\/7\/2022\/11\/IMG-20221026-WA0015-Medium-768x358.jpg 768w, https:\/\/collaboro.ipportalegre.pt\/ess\/wp-content\/uploads\/sites\/7\/2022\/11\/IMG-20221026-WA0015-Medium.jpg 1366w\" sizes=\"auto, (max-width: 1024px) 100vw, 1024px\" \/><\/figure>\n<\/div>\n<\/div>\n<\/div><\/div>\n\n\n\n<!--more-->\n\n\n\n<p><\/p>\n\n\n\n<p><\/p>\n\n\n\n<div style=\"height:50px\" aria-hidden=\"true\" class=\"wp-block-spacer\"><\/div>\n\n\n\n<p class=\"has-text-align-center\">Ver mais <strong><strong><strong><a href=\"http:\/\/collaboro.ipportalegre.pt\/ess\/projetos-da-tua-escola\/\" data-type=\"page\" data-id=\"119\">PROJETOS DA TUA ESCOLA<\/a><\/strong><\/strong><\/strong><\/p>\n","protected":false},"excerpt":{"rendered":"<p>PROJETOS DA TUA ESCOLA Comemora\u00e7\u00e3o do Dia Internacional da Alimenta\u00e7\u00e3o Saud\u00e1vel! 16 de Outubro de 2022 O Dia Internacional da Alimenta\u00e7\u00e3o Saud\u00e1vel comemora-se no dia 16 de outubro. Neste \u00e2mbito, &#8230;<\/p>\n","protected":false},"author":1,"featured_media":0,"parent":119,"menu_order":2,"comment_status":"closed","ping_status":"closed","template":"","meta":{"inline_featured_image":false,"footnotes":""},"class_list":["post-136","page","type-page","status-publish","hentry"],"_links":{"self":[{"href":"https:\/\/collaboro.ipportalegre.pt\/ess\/wp-json\/wp\/v2\/pages\/136","targetHints":{"allow":["GET"]}}],"collection":[{"href":"https:\/\/collaboro.ipportalegre.pt\/ess\/wp-json\/wp\/v2\/pages"}],"about":[{"href":"https:\/\/collaboro.ipportalegre.pt\/ess\/wp-json\/wp\/v2\/types\/page"}],"author":[{"embeddable":true,"href":"https:\/\/collaboro.ipportalegre.pt\/ess\/wp-json\/wp\/v2\/users\/1"}],"replies":[{"embeddable":true,"href":"https:\/\/collaboro.ipportalegre.pt\/ess\/wp-json\/wp\/v2\/comments?post=136"}],"version-history":[{"count":8,"href":"https:\/\/collaboro.ipportalegre.pt\/ess\/wp-json\/wp\/v2\/pages\/136\/revisions"}],"predecessor-version":[{"id":184,"href":"https:\/\/collaboro.ipportalegre.pt\/ess\/wp-json\/wp\/v2\/pages\/136\/revisions\/184"}],"up":[{"embeddable":true,"href":"https:\/\/collaboro.ipportalegre.pt\/ess\/wp-json\/wp\/v2\/pages\/119"}],"wp:attachment":[{"href":"https:\/\/collaboro.ipportalegre.pt\/ess\/wp-json\/wp\/v2\/media?parent=136"}],"curies":[{"name":"wp","href":"https:\/\/api.w.org\/{rel}","templated":true}]}}

Comemoração do Dia Internacional da Alimentação Saudável!

<div class="wp-block-media-text alignwide is-stacked-on-mobile is-vertically-aligned-top"><figure class="wp-block-media-text__media"><img loading="lazy" decoding="async" width="1024" height="768" src="http://collaboro.ipportalegre.pt/ess/wp-content/uploads/sites/7/2022/11/20221017_095046-Medium.jpg" alt="" class="wp-image-166 size-full" srcset="https://collaboro.ipportalegre.pt/ess/wp-content/uploads/sites/7/2022/11/20221017_095046-Medium.jpg 1024w, https://collaboro.ipportalegre.pt/ess/wp-content/uploads/sites/7/2022/11/20221017_095046-Medium-300x225.jpg 300w, https://collaboro.ipportalegre.pt/ess/wp-content/uploads/sites/7/2022/11/20221017_095046-Medium-768x576.jpg 768w" sizes="auto, (max-width: 1024px) 100vw, 1024px" /></figure><div class="wp-block-media-text__content">
<p><strong><strong><strong><a href="http://collaboro.ipportalegre.pt/ess/projetos-da-tua-escola/" data-type="page" data-id="119">PROJETOS DA TUA ESCOLA</a></strong></strong></strong></p>



<h2 class="wp-block-heading">Comemoração do Dia Internacional da Alimentação Saudável!</h2>



<p><strong>16 de Outubro de 2022</strong></p>



<p></p>



<p>O Dia Internacional da Alimentação Saudável comemora-se no dia 16 de outubro. Neste âmbito, o programa Eco-Escolas da ESS-IPP, comemorou esta data ao longo do mês de outubro com várias intervenções na Comunidade Académica do Campus Politécnico.</p>



<p>Com o objetivo de sensibilizar o consumo de fruta, no dia 17, foram oferecidas várias peças de fruta no bar e no hall do Campus Politécnico para toda a comunidade académica. Esta iniciativa foi reforçada com informação sobre as regras de alimentação e vida saudável.</p>



<p>Nos dias 18 e 19, em colaboração com os estudantes do 3º ano em Enfermagem, na UC de Enfermagem Comunitária, foram desenvolvidas ações de sensibilização para hábitos saudáveis: Alimentação Saudável e Prática de Exercício Físico. Estas ações decorreram na residência de estudantes, no Bairro dos Assentos e envolveram 19 participantes. No Campus Politécnico, as ações foram dirigidas aos estudantes dos 1ºs anos de Enfermagem e Higiene Oral e envolveram um total de 47 participantes.</p>



<p>No dia 26 de outubro realizou-se uma caminhada promovida também pelos estudantes do 3º ano em Enfermagem. Como eram objetivos dar a conhecer o eco-trilho, informar acerca das espécies de fauna e flora existentes no Campus e sensibilizar para a prática do exercício físico, esteve presente o Técnico Nuno Sequeira, do Parque Natural da Serra de São Mamede (PNSSM) do Instituto da Conservação da Natureza e Florestas (ICNF).</p>



<p>Esta ação envolveu cerca de 100 participantes (docentes, estudantes dos cursos de Design sustentável, Técnicas de Produção de Biocombustíveis, Higiene oral e enfermagem).</p>



<p></p>
</div></div>



<div class="wp-block-columns is-layout-flex wp-container-core-columns-is-layout-9d6595d7 wp-block-columns-is-layout-flex">
<div class="wp-block-column is-layout-flow wp-block-column-is-layout-flow">
<figure class="wp-block-gallery has-nested-images columns-default is-cropped wp-block-gallery-1 is-layout-flex wp-block-gallery-is-layout-flex">
<figure class="wp-block-image size-large"><a href="http://collaboro.ipportalegre.pt/ess/wp-content/uploads/sites/7/2022/11/IMG-20221031-WA0019-2.jpg" target="_blank" rel="noopener"><img loading="lazy" decoding="async" width="1024" height="576" data-id="175" src="http://collaboro.ipportalegre.pt/ess/wp-content/uploads/sites/7/2022/11/IMG-20221031-WA0019-2-1024x576.jpg" alt="" class="wp-image-175" srcset="https://collaboro.ipportalegre.pt/ess/wp-content/uploads/sites/7/2022/11/IMG-20221031-WA0019-2-1024x576.jpg 1024w, https://collaboro.ipportalegre.pt/ess/wp-content/uploads/sites/7/2022/11/IMG-20221031-WA0019-2-300x169.jpg 300w, https://collaboro.ipportalegre.pt/ess/wp-content/uploads/sites/7/2022/11/IMG-20221031-WA0019-2-768x432.jpg 768w, https://collaboro.ipportalegre.pt/ess/wp-content/uploads/sites/7/2022/11/IMG-20221031-WA0019-2-1536x864.jpg 1536w, https://collaboro.ipportalegre.pt/ess/wp-content/uploads/sites/7/2022/11/IMG-20221031-WA0019-2.jpg 1920w" sizes="auto, (max-width: 1024px) 100vw, 1024px" /></a></figure>
</figure>
</div>
</div>



<div class="wp-block-group"><div class="wp-block-group__inner-container is-layout-constrained wp-block-group-is-layout-constrained">
<div class="wp-block-columns is-layout-flex wp-container-core-columns-is-layout-9d6595d7 wp-block-columns-is-layout-flex">
<div class="wp-block-column is-layout-flow wp-block-column-is-layout-flow" style="flex-basis:100%">
<figure class="wp-block-image size-large"><img loading="lazy" decoding="async" width="1024" height="478" src="http://collaboro.ipportalegre.pt/ess/wp-content/uploads/sites/7/2022/11/IMG-20221026-WA0015-Medium-1024x478.jpg" alt="" class="wp-image-170" srcset="https://collaboro.ipportalegre.pt/ess/wp-content/uploads/sites/7/2022/11/IMG-20221026-WA0015-Medium-1024x478.jpg 1024w, https://collaboro.ipportalegre.pt/ess/wp-content/uploads/sites/7/2022/11/IMG-20221026-WA0015-Medium-300x140.jpg 300w, https://collaboro.ipportalegre.pt/ess/wp-content/uploads/sites/7/2022/11/IMG-20221026-WA0015-Medium-768x358.jpg 768w, https://collaboro.ipportalegre.pt/ess/wp-content/uploads/sites/7/2022/11/IMG-20221026-WA0015-Medium.jpg 1366w" sizes="auto, (max-width: 1024px) 100vw, 1024px" /></figure>
</div>
</div>
</div></div>



<!--more-->



<p></p>



<p></p>



<div style="height:50px" aria-hidden="true" class="wp-block-spacer"></div>



<p class="has-text-align-center">Ver mais <strong><strong><strong><a href="http://collaboro.ipportalegre.pt/ess/projetos-da-tua-escola/" data-type="page" data-id="119">PROJETOS DA TUA ESCOLA</a></strong></strong></strong></p>

<p>PROJETOS DA TUA ESCOLA Comemoração do Dia Internacional da Alimentação Saudável! 16 de Outubro de 2022 O Dia Internacional da Alimentação Saudável comemora-se no dia 16 de outubro. Neste âmbito, &#8230;</p>
