{"id":123,"date":"2022-11-21T11:34:37","date_gmt":"2022-11-21T11:34:37","guid":{"rendered":"http:\/\/collaboro.ipportalegre.pt\/ess\/?page_id=123"},"modified":"2023-02-16T16:42:39","modified_gmt":"2023-02-16T16:42:39","slug":"epal","status":"publish","type":"page","link":"https:\/\/collaboro.ipportalegre.pt\/ess\/projetos-da-tua-escola\/epal\/","title":{"rendered":"Escola Superior de Sa\u00fade adere \u00e0 campanha de consumo de \u00e1gua da torneira da EPAL"},"content":{"rendered":"\n<div style=\"height:20px\" aria-hidden=\"true\" class=\"wp-block-spacer\"><\/div>\n\n\n\n<div class=\"wp-block-media-text alignwide is-stacked-on-mobile is-vertically-aligned-top\"><figure class=\"wp-block-media-text__media\"><img loading=\"lazy\" decoding=\"async\" width=\"1024\" height=\"687\" src=\"http:\/\/collaboro.ipportalegre.pt\/ess\/wp-content\/uploads\/sites\/7\/2022\/11\/EPAL-garrafas-e1669199999847-1024x687.jpg\" alt=\"\" class=\"wp-image-89 size-full\" srcset=\"https:\/\/collaboro.ipportalegre.pt\/ess\/wp-content\/uploads\/sites\/7\/2022\/11\/EPAL-garrafas-e1669199999847-1024x687.jpg 1024w, https:\/\/collaboro.ipportalegre.pt\/ess\/wp-content\/uploads\/sites\/7\/2022\/11\/EPAL-garrafas-e1669199999847-300x201.jpg 300w, https:\/\/collaboro.ipportalegre.pt\/ess\/wp-content\/uploads\/sites\/7\/2022\/11\/EPAL-garrafas-e1669199999847-768x515.jpg 768w, https:\/\/collaboro.ipportalegre.pt\/ess\/wp-content\/uploads\/sites\/7\/2022\/11\/EPAL-garrafas-e1669199999847-1536x1030.jpg 1536w, https:\/\/collaboro.ipportalegre.pt\/ess\/wp-content\/uploads\/sites\/7\/2022\/11\/EPAL-garrafas-e1669199999847.jpg 1775w\" sizes=\"auto, (max-width: 1024px) 100vw, 1024px\" \/><\/figure><div class=\"wp-block-media-text__content\">\n<p><strong><strong><strong><a href=\"http:\/\/collaboro.ipportalegre.pt\/ess\/projetos-da-tua-escola\/\" data-type=\"page\" data-id=\"119\">PROJETOS DA TUA ESCOLA<\/a><\/strong><\/strong><\/strong><\/p>\n\n\n\n<h2 class=\"wp-block-heading\" style=\"text-transform:uppercase\">Escola Superior de Sa\u00fade adere \u00e0 campanha de consumo de \u00e1gua da torneira da EPAL<\/h2>\n\n\n\n<p>No dia 10 de Novembro de 2022 decorreu no hall de entrada do Campus Polit\u00e9cnico,&nbsp;a cerim\u00f3nia simb\u00f3lica de ades\u00e3o ao desafio do consumo de \u00c1gua da Torneira&nbsp;promovido pela EPAL.<\/p>\n\n\n\n<p>Esta iniciativa pretende fomentar boas pr\u00e1ticas de consumo sustent\u00e1vel nos edif\u00edcios do campus, tendo&nbsp;sido disponibilizados doze jarros para o mais f\u00e1cil acesso pela comunidade acad\u00e9mica \u00e0 \u00e1gua da rede e incentivo ao consumo de \u00e1gua da torneira.&nbsp;<\/p>\n\n\n\n<p>A cerim\u00f3nia contou com a presen\u00e7a&nbsp;da respons\u00e1vel do departamento de Educa\u00e7\u00e3o Ambiental da EPAL, Susana F\u00e9,&nbsp; da diretora da ESS, Helena Arco, do sub-diretor Francisco Monteiro, das coordenadoras do projeto Eco-Escolas da ESS, Margarida Malcata Ana Carvalho, e, tamb\u00e9m do diretor da ESTG, Miguel Serafim, do sub-diretor Valentim Realinho e da coordenadora do projeto Eco-Escolas da ESTG, Jos\u00e9lia Pedro.&nbsp;<\/p>\n<\/div><\/div>\n\n\n\n<figure class=\"wp-block-gallery has-nested-images columns-3 is-cropped wp-block-gallery-1 is-layout-flex wp-block-gallery-is-layout-flex\">\n<figure class=\"wp-block-image size-large\"><a href=\"http:\/\/collaboro.ipportalegre.pt\/ess\/wp-content\/uploads\/sites\/7\/2022\/11\/ROLHA.jpg\"><img loading=\"lazy\" decoding=\"async\" width=\"768\" height=\"1024\" data-id=\"92\" src=\"http:\/\/collaboro.ipportalegre.pt\/ess\/wp-content\/uploads\/sites\/7\/2022\/11\/ROLHA-768x1024.jpg\" alt=\"\" class=\"wp-image-92\" srcset=\"https:\/\/collaboro.ipportalegre.pt\/ess\/wp-content\/uploads\/sites\/7\/2022\/11\/ROLHA-768x1024.jpg 768w, https:\/\/collaboro.ipportalegre.pt\/ess\/wp-content\/uploads\/sites\/7\/2022\/11\/ROLHA-225x300.jpg 225w, https:\/\/collaboro.ipportalegre.pt\/ess\/wp-content\/uploads\/sites\/7\/2022\/11\/ROLHA-1152x1536.jpg 1152w, https:\/\/collaboro.ipportalegre.pt\/ess\/wp-content\/uploads\/sites\/7\/2022\/11\/ROLHA.jpg 1536w\" sizes=\"auto, (max-width: 768px) 100vw, 768px\" \/><\/a><\/figure>\n\n\n\n<figure class=\"wp-block-image size-large\"><a href=\"http:\/\/collaboro.ipportalegre.pt\/ess\/wp-content\/uploads\/sites\/7\/2022\/11\/jarro-EPAL-1-1.jpg\"><img loading=\"lazy\" decoding=\"async\" width=\"768\" height=\"1024\" data-id=\"91\" src=\"http:\/\/collaboro.ipportalegre.pt\/ess\/wp-content\/uploads\/sites\/7\/2022\/11\/jarro-EPAL-1-1-768x1024.jpg\" alt=\"\" class=\"wp-image-91\" srcset=\"https:\/\/collaboro.ipportalegre.pt\/ess\/wp-content\/uploads\/sites\/7\/2022\/11\/jarro-EPAL-1-1-768x1024.jpg 768w, https:\/\/collaboro.ipportalegre.pt\/ess\/wp-content\/uploads\/sites\/7\/2022\/11\/jarro-EPAL-1-1-225x300.jpg 225w, https:\/\/collaboro.ipportalegre.pt\/ess\/wp-content\/uploads\/sites\/7\/2022\/11\/jarro-EPAL-1-1-1152x1536.jpg 1152w, https:\/\/collaboro.ipportalegre.pt\/ess\/wp-content\/uploads\/sites\/7\/2022\/11\/jarro-EPAL-1-1.jpg 1536w\" sizes=\"auto, (max-width: 768px) 100vw, 768px\" \/><\/a><\/figure>\n<\/figure>\n\n\n\n<div style=\"height:50px\" aria-hidden=\"true\" class=\"wp-block-spacer\"><\/div>\n\n\n\n<p class=\"has-text-align-center\">Ver mais <strong><a href=\"http:\/\/collaboro.ipportalegre.pt\/estg\/projetos-nacionais\/\"><\/a><strong><a href=\"http:\/\/collaboro.ipportalegre.pt\/ess\/projetos-da-tua-escola\/\">PROJETOS DA TUA ESCOLA<\/a><\/strong><\/strong><\/p>\n","protected":false},"excerpt":{"rendered":"<p>PROJETOS DA TUA ESCOLA Escola Superior de Sa\u00fade adere \u00e0 campanha de consumo de \u00e1gua da torneira da EPAL No dia 10 de Novembro de 2022 decorreu no hall de &#8230;<\/p>\n","protected":false},"author":1,"featured_media":0,"parent":119,"menu_order":1,"comment_status":"closed","ping_status":"closed","template":"","meta":{"inline_featured_image":false,"footnotes":""},"class_list":["post-123","page","type-page","status-publish","hentry"],"_links":{"self":[{"href":"https:\/\/collaboro.ipportalegre.pt\/ess\/wp-json\/wp\/v2\/pages\/123","targetHints":{"allow":["GET"]}}],"collection":[{"href":"https:\/\/collaboro.ipportalegre.pt\/ess\/wp-json\/wp\/v2\/pages"}],"about":[{"href":"https:\/\/collaboro.ipportalegre.pt\/ess\/wp-json\/wp\/v2\/types\/page"}],"author":[{"embeddable":true,"href":"https:\/\/collaboro.ipportalegre.pt\/ess\/wp-json\/wp\/v2\/users\/1"}],"replies":[{"embeddable":true,"href":"https:\/\/collaboro.ipportalegre.pt\/ess\/wp-json\/wp\/v2\/comments?post=123"}],"version-history":[{"count":10,"href":"https:\/\/collaboro.ipportalegre.pt\/ess\/wp-json\/wp\/v2\/pages\/123\/revisions"}],"predecessor-version":[{"id":228,"href":"https:\/\/collaboro.ipportalegre.pt\/ess\/wp-json\/wp\/v2\/pages\/123\/revisions\/228"}],"up":[{"embeddable":true,"href":"https:\/\/collaboro.ipportalegre.pt\/ess\/wp-json\/wp\/v2\/pages\/119"}],"wp:attachment":[{"href":"https:\/\/collaboro.ipportalegre.pt\/ess\/wp-json\/wp\/v2\/media?parent=123"}],"curies":[{"name":"wp","href":"https:\/\/api.w.org\/{rel}","templated":true}]}}

Escola Superior de Saúde adere à campanha de consumo de água da torneira da EPAL

<div style="height:20px" aria-hidden="true" class="wp-block-spacer"></div>



<div class="wp-block-media-text alignwide is-stacked-on-mobile is-vertically-aligned-top"><figure class="wp-block-media-text__media"><img loading="lazy" decoding="async" width="1024" height="687" src="http://collaboro.ipportalegre.pt/ess/wp-content/uploads/sites/7/2022/11/EPAL-garrafas-e1669199999847-1024x687.jpg" alt="" class="wp-image-89 size-full" srcset="https://collaboro.ipportalegre.pt/ess/wp-content/uploads/sites/7/2022/11/EPAL-garrafas-e1669199999847-1024x687.jpg 1024w, https://collaboro.ipportalegre.pt/ess/wp-content/uploads/sites/7/2022/11/EPAL-garrafas-e1669199999847-300x201.jpg 300w, https://collaboro.ipportalegre.pt/ess/wp-content/uploads/sites/7/2022/11/EPAL-garrafas-e1669199999847-768x515.jpg 768w, https://collaboro.ipportalegre.pt/ess/wp-content/uploads/sites/7/2022/11/EPAL-garrafas-e1669199999847-1536x1030.jpg 1536w, https://collaboro.ipportalegre.pt/ess/wp-content/uploads/sites/7/2022/11/EPAL-garrafas-e1669199999847.jpg 1775w" sizes="auto, (max-width: 1024px) 100vw, 1024px" /></figure><div class="wp-block-media-text__content">
<p><strong><strong><strong><a href="http://collaboro.ipportalegre.pt/ess/projetos-da-tua-escola/" data-type="page" data-id="119">PROJETOS DA TUA ESCOLA</a></strong></strong></strong></p>



<h2 class="wp-block-heading" style="text-transform:uppercase">Escola Superior de Saúde adere à campanha de consumo de água da torneira da EPAL</h2>



<p>No dia 10 de Novembro de 2022 decorreu no hall de entrada do Campus Politécnico,&nbsp;a cerimónia simbólica de adesão ao desafio do consumo de Água da Torneira&nbsp;promovido pela EPAL.</p>



<p>Esta iniciativa pretende fomentar boas práticas de consumo sustentável nos edifícios do campus, tendo&nbsp;sido disponibilizados doze jarros para o mais fácil acesso pela comunidade académica à água da rede e incentivo ao consumo de água da torneira.&nbsp;</p>



<p>A cerimónia contou com a presença&nbsp;da responsável do departamento de Educação Ambiental da EPAL, Susana Fé,&nbsp; da diretora da ESS, Helena Arco, do sub-diretor Francisco Monteiro, das coordenadoras do projeto Eco-Escolas da ESS, Margarida Malcata Ana Carvalho, e, também do diretor da ESTG, Miguel Serafim, do sub-diretor Valentim Realinho e da coordenadora do projeto Eco-Escolas da ESTG, Josélia Pedro.&nbsp;</p>
</div></div>



<figure class="wp-block-gallery has-nested-images columns-3 is-cropped wp-block-gallery-1 is-layout-flex wp-block-gallery-is-layout-flex">
<figure class="wp-block-image size-large"><a href="http://collaboro.ipportalegre.pt/ess/wp-content/uploads/sites/7/2022/11/ROLHA.jpg"><img loading="lazy" decoding="async" width="768" height="1024" data-id="92" src="http://collaboro.ipportalegre.pt/ess/wp-content/uploads/sites/7/2022/11/ROLHA-768x1024.jpg" alt="" class="wp-image-92" srcset="https://collaboro.ipportalegre.pt/ess/wp-content/uploads/sites/7/2022/11/ROLHA-768x1024.jpg 768w, https://collaboro.ipportalegre.pt/ess/wp-content/uploads/sites/7/2022/11/ROLHA-225x300.jpg 225w, https://collaboro.ipportalegre.pt/ess/wp-content/uploads/sites/7/2022/11/ROLHA-1152x1536.jpg 1152w, https://collaboro.ipportalegre.pt/ess/wp-content/uploads/sites/7/2022/11/ROLHA.jpg 1536w" sizes="auto, (max-width: 768px) 100vw, 768px" /></a></figure>



<figure class="wp-block-image size-large"><a href="http://collaboro.ipportalegre.pt/ess/wp-content/uploads/sites/7/2022/11/jarro-EPAL-1-1.jpg"><img loading="lazy" decoding="async" width="768" height="1024" data-id="91" src="http://collaboro.ipportalegre.pt/ess/wp-content/uploads/sites/7/2022/11/jarro-EPAL-1-1-768x1024.jpg" alt="" class="wp-image-91" srcset="https://collaboro.ipportalegre.pt/ess/wp-content/uploads/sites/7/2022/11/jarro-EPAL-1-1-768x1024.jpg 768w, https://collaboro.ipportalegre.pt/ess/wp-content/uploads/sites/7/2022/11/jarro-EPAL-1-1-225x300.jpg 225w, https://collaboro.ipportalegre.pt/ess/wp-content/uploads/sites/7/2022/11/jarro-EPAL-1-1-1152x1536.jpg 1152w, https://collaboro.ipportalegre.pt/ess/wp-content/uploads/sites/7/2022/11/jarro-EPAL-1-1.jpg 1536w" sizes="auto, (max-width: 768px) 100vw, 768px" /></a></figure>
</figure>



<div style="height:50px" aria-hidden="true" class="wp-block-spacer"></div>



<p class="has-text-align-center">Ver mais <strong><a href="http://collaboro.ipportalegre.pt/estg/projetos-nacionais/"></a><strong><a href="http://collaboro.ipportalegre.pt/ess/projetos-da-tua-escola/">PROJETOS DA TUA ESCOLA</a></strong></strong></p>

<p>PROJETOS DA TUA ESCOLA Escola Superior de Saúde adere à campanha de consumo de água da torneira da EPAL No dia 10 de Novembro de 2022 decorreu no hall de &#8230;</p>
