{"id":967,"date":"2024-05-20T18:40:30","date_gmt":"2024-05-20T18:40:30","guid":{"rendered":"https:\/\/collaboro.ipportalegre.pt\/ecocampuspolitecnico\/?page_id=967"},"modified":"2024-10-24T09:39:06","modified_gmt":"2024-10-24T09:39:06","slug":"caminhada-pela-mobilidade","status":"publish","type":"page","link":"https:\/\/collaboro.ipportalegre.pt\/ecocampuspolitecnico\/projetos-do-teu-campus\/caminhada-pela-mobilidade\/","title":{"rendered":"Caminhada pela mobilidade"},"content":{"rendered":"\n<div aria-hidden=\"true\" class=\"wp-block-spacer\"><\/div>\n\n\n\n<div style=\"height:30px\" aria-hidden=\"true\" class=\"wp-block-spacer\"><\/div>\n\n\n<div class=\"wp-block-image\">\n<figure class=\"alignleft size-full\"><img loading=\"lazy\" decoding=\"async\" width=\"1200\" height=\"937\" src=\"https:\/\/collaboro.ipportalegre.pt\/ecocampuspolitecnico\/wp-content\/uploads\/sites\/9\/2024\/05\/bicicleta-2.jpg\" alt=\"\" class=\"wp-image-970\" srcset=\"https:\/\/collaboro.ipportalegre.pt\/ecocampuspolitecnico\/wp-content\/uploads\/sites\/9\/2024\/05\/bicicleta-2.jpg 1200w, https:\/\/collaboro.ipportalegre.pt\/ecocampuspolitecnico\/wp-content\/uploads\/sites\/9\/2024\/05\/bicicleta-2-300x234.jpg 300w, https:\/\/collaboro.ipportalegre.pt\/ecocampuspolitecnico\/wp-content\/uploads\/sites\/9\/2024\/05\/bicicleta-2-1024x800.jpg 1024w, https:\/\/collaboro.ipportalegre.pt\/ecocampuspolitecnico\/wp-content\/uploads\/sites\/9\/2024\/05\/bicicleta-2-768x600.jpg 768w\" sizes=\"auto, (max-width: 1200px) 100vw, 1200px\" \/><figcaption class=\"wp-element-caption\">Fotografia: Carlos Rodrigues<\/figcaption><\/figure>\n<\/div>\n\n\n<h2 class=\"wp-block-heading\" style=\"text-transform:uppercase\"><a href=\"https:\/\/collaboro.ipportalegre.pt\/ecocampuspolitecnico\/projetos-da-tua-escola\/caminhada-pela-mobilidade\/\">caminhada por uma mobilidade mais sustent\u00e1vel no campus<\/a><\/h2>\n\n\n\n<p class=\"has-luminous-vivid-orange-color has-text-color has-medium-font-size\">Dia 21 de maio&#8217; 2024&#8242; 16:00<\/p>\n\n\n\n<p>Os grupos Eco-escolas, da Escola Superior de Tecnologia, Gest\u00e3o e Design, e da Escola Superior de Sa\u00fade, ir\u00e3o organizar um encontro com o intuito de realizar uma caminhada entre o Campus e a Resid\u00eancia dos Estudantes para identificar e real\u00e7ar          as dificuldades de acessibilidade at\u00e9 ao Campus Polit\u00e9cnico, usando meios de transporte alternativos e menos poluentes.<\/p>\n\n\n\n<p>O encontro conta ainda com os depoimentos de estudantes e de docentes que, usando meios alternativos para se deslocarem at\u00e9 ao Campus, encontram in\u00fameras dificuldades para fazer o percurso de forma segura.<\/p>\n\n\n\n<h1 class=\"wp-block-heading\"><\/h1>\n\n\n\n<p>Mais informa\u00e7\u00f5es em:<\/p>\n\n\n\n<p><a href=\"https:\/\/estgd.ipportalegre.pt\/pt\/2024\/05\/21\/dias-do-ambiente-caminhada-sustentavel\/\">https:\/\/estgd.ipportalegre.pt\/pt\/2024\/05\/21\/dias-do-ambiente-caminhada-sustentavel\/<\/a><\/p>\n\n\n\n<p><\/p>\n\n\n\n<p><\/p>\n\n\n\n<p><\/p>\n\n\n\n<div class=\"wp-block-columns is-layout-flex wp-container-core-columns-is-layout-9d6595d7 wp-block-columns-is-layout-flex\">\n<div class=\"wp-block-column is-vertically-aligned-center is-layout-flow wp-block-column-is-layout-flow\" style=\"flex-basis:33.33%\">\n<div class=\"wp-block-group\"><div class=\"wp-block-group__inner-container is-layout-constrained wp-block-group-is-layout-constrained\">\n<p class=\"has-text-align-left\"><\/p>\n<\/div><\/div>\n<\/div>\n<\/div>\n\n\n\n<div style=\"height:50px\" aria-hidden=\"true\" class=\"wp-block-spacer\"><\/div>\n\n\n\n<p class=\"has-text-align-center\">Ver mais <strong><a href=\"http:\/\/collaboro.ipportalegre.pt\/ecocampuspolitecnico\/projetos-da-tua-escola\/\" data-type=\"page\" data-id=\"214\">PROJETOS DA TUA ESCOLA<\/a><\/strong><\/p>\n","protected":false},"excerpt":{"rendered":"<p>caminhada por uma mobilidade mais sustent\u00e1vel no campus Dia 21 de maio&#8217; 2024&#8242; 16:00 Os grupos Eco-escolas, da Escola Superior de Tecnologia, Gest\u00e3o e Design, e da Escola Superior de &#8230;<\/p>\n","protected":false},"author":3,"featured_media":970,"parent":214,"menu_order":1,"comment_status":"closed","ping_status":"closed","template":"","meta":{"inline_featured_image":false,"footnotes":""},"class_list":["post-967","page","type-page","status-publish","has-post-thumbnail","hentry"],"_links":{"self":[{"href":"https:\/\/collaboro.ipportalegre.pt\/ecocampuspolitecnico\/wp-json\/wp\/v2\/pages\/967","targetHints":{"allow":["GET"]}}],"collection":[{"href":"https:\/\/collaboro.ipportalegre.pt\/ecocampuspolitecnico\/wp-json\/wp\/v2\/pages"}],"about":[{"href":"https:\/\/collaboro.ipportalegre.pt\/ecocampuspolitecnico\/wp-json\/wp\/v2\/types\/page"}],"author":[{"embeddable":true,"href":"https:\/\/collaboro.ipportalegre.pt\/ecocampuspolitecnico\/wp-json\/wp\/v2\/users\/3"}],"replies":[{"embeddable":true,"href":"https:\/\/collaboro.ipportalegre.pt\/ecocampuspolitecnico\/wp-json\/wp\/v2\/comments?post=967"}],"version-history":[{"count":5,"href":"https:\/\/collaboro.ipportalegre.pt\/ecocampuspolitecnico\/wp-json\/wp\/v2\/pages\/967\/revisions"}],"predecessor-version":[{"id":1068,"href":"https:\/\/collaboro.ipportalegre.pt\/ecocampuspolitecnico\/wp-json\/wp\/v2\/pages\/967\/revisions\/1068"}],"up":[{"embeddable":true,"href":"https:\/\/collaboro.ipportalegre.pt\/ecocampuspolitecnico\/wp-json\/wp\/v2\/pages\/214"}],"wp:featuredmedia":[{"embeddable":true,"href":"https:\/\/collaboro.ipportalegre.pt\/ecocampuspolitecnico\/wp-json\/wp\/v2\/media\/970"}],"wp:attachment":[{"href":"https:\/\/collaboro.ipportalegre.pt\/ecocampuspolitecnico\/wp-json\/wp\/v2\/media?parent=967"}],"curies":[{"name":"wp","href":"https:\/\/api.w.org\/{rel}","templated":true}]}}

<div aria-hidden="true" class="wp-block-spacer"></div>



<div style="height:30px" aria-hidden="true" class="wp-block-spacer"></div>


<div class="wp-block-image">
<figure class="alignleft size-full"><img loading="lazy" decoding="async" width="1200" height="937" src="https://collaboro.ipportalegre.pt/ecocampuspolitecnico/wp-content/uploads/sites/9/2024/05/bicicleta-2.jpg" alt="" class="wp-image-970" srcset="https://collaboro.ipportalegre.pt/ecocampuspolitecnico/wp-content/uploads/sites/9/2024/05/bicicleta-2.jpg 1200w, https://collaboro.ipportalegre.pt/ecocampuspolitecnico/wp-content/uploads/sites/9/2024/05/bicicleta-2-300x234.jpg 300w, https://collaboro.ipportalegre.pt/ecocampuspolitecnico/wp-content/uploads/sites/9/2024/05/bicicleta-2-1024x800.jpg 1024w, https://collaboro.ipportalegre.pt/ecocampuspolitecnico/wp-content/uploads/sites/9/2024/05/bicicleta-2-768x600.jpg 768w" sizes="auto, (max-width: 1200px) 100vw, 1200px" /><figcaption class="wp-element-caption">Fotografia: Carlos Rodrigues</figcaption></figure>
</div>


<h2 class="wp-block-heading" style="text-transform:uppercase"><a href="https://collaboro.ipportalegre.pt/ecocampuspolitecnico/projetos-da-tua-escola/caminhada-pela-mobilidade/">caminhada por uma mobilidade mais sustentável no campus</a></h2>



<p class="has-luminous-vivid-orange-color has-text-color has-medium-font-size">Dia 21 de maio&#8217; 2024&#8242; 16:00</p>



<p>Os grupos Eco-escolas, da Escola Superior de Tecnologia, Gestão e Design, e da Escola Superior de Saúde, irão organizar um encontro com o intuito de realizar uma caminhada entre o Campus e a Residência dos Estudantes para identificar e realçar          as dificuldades de acessibilidade até ao Campus Politécnico, usando meios de transporte alternativos e menos poluentes.</p>



<p>O encontro conta ainda com os depoimentos de estudantes e de docentes que, usando meios alternativos para se deslocarem até ao Campus, encontram inúmeras dificuldades para fazer o percurso de forma segura.</p>



<h1 class="wp-block-heading"></h1>



<p>Mais informações em:</p>



<p><a href="https://estgd.ipportalegre.pt/pt/2024/05/21/dias-do-ambiente-caminhada-sustentavel/">https://estgd.ipportalegre.pt/pt/2024/05/21/dias-do-ambiente-caminhada-sustentavel/</a></p>



<p></p>



<p></p>



<p></p>



<div class="wp-block-columns is-layout-flex wp-container-core-columns-is-layout-9d6595d7 wp-block-columns-is-layout-flex">
<div class="wp-block-column is-vertically-aligned-center is-layout-flow wp-block-column-is-layout-flow" style="flex-basis:33.33%">
<div class="wp-block-group"><div class="wp-block-group__inner-container is-layout-constrained wp-block-group-is-layout-constrained">
<p class="has-text-align-left"></p>
</div></div>
</div>
</div>



<div style="height:50px" aria-hidden="true" class="wp-block-spacer"></div>



<p class="has-text-align-center">Ver mais <strong><a href="http://collaboro.ipportalegre.pt/ecocampuspolitecnico/projetos-da-tua-escola/" data-type="page" data-id="214">PROJETOS DA TUA ESCOLA</a></strong></p>

<p>caminhada por uma mobilidade mais sustentável no campus Dia 21 de maio&#8217; 2024&#8242; 16:00 Os grupos Eco-escolas, da Escola Superior de Tecnologia, Gestão e Design, e da Escola Superior de &#8230;</p>
