{"id":800,"date":"2023-05-06T00:45:43","date_gmt":"2023-05-06T00:45:43","guid":{"rendered":"http:\/\/collaboro.ipportalegre.pt\/ecocampuspolitecnico\/?page_id=800"},"modified":"2025-05-12T09:51:51","modified_gmt":"2025-05-12T09:51:51","slug":"politecnico-de-portalegre-tera-melhoria-da-eficiencia-energetica","status":"publish","type":"page","link":"https:\/\/collaboro.ipportalegre.pt\/ecocampuspolitecnico\/outros-projetos-e-noticias\/politecnico-de-portalegre-tera-melhoria-da-eficiencia-energetica\/","title":{"rendered":"Polit\u00e9cnico de Portalegre ter\u00e1 melhoria da efici\u00eancia energ\u00e9tica"},"content":{"rendered":"<div class=\"wp-block-image\">\n<figure class=\"alignleft size-full\"><img loading=\"lazy\" decoding=\"async\" width=\"450\" height=\"350\" src=\"http:\/\/collaboro.ipportalegre.pt\/ecocampuspolitecnico\/wp-content\/uploads\/sites\/9\/2023\/05\/melhoria-da-eficiencia-energetica_destaque-1.jpg__450x350_q85_crop_subsampling-2.jpg\" alt=\"\" class=\"wp-image-802\" srcset=\"https:\/\/collaboro.ipportalegre.pt\/ecocampuspolitecnico\/wp-content\/uploads\/sites\/9\/2023\/05\/melhoria-da-eficiencia-energetica_destaque-1.jpg__450x350_q85_crop_subsampling-2.jpg 450w, https:\/\/collaboro.ipportalegre.pt\/ecocampuspolitecnico\/wp-content\/uploads\/sites\/9\/2023\/05\/melhoria-da-eficiencia-energetica_destaque-1.jpg__450x350_q85_crop_subsampling-2-300x233.jpg 300w\" sizes=\"auto, (max-width: 450px) 100vw, 450px\" \/><\/figure>\n<\/div>\n\n\n<div style=\"height:30px\" aria-hidden=\"true\" class=\"wp-block-spacer\"><\/div>\n\n\n\n<h2 class=\"wp-block-heading\" style=\"text-transform:uppercase\"><a href=\"http:\/\/collaboro.ipportalegre.pt\/ecocampuspolitecnico\/outros-projetos-e-noticias\/politecnico-de-portalegre-tera-melhoria-da-eficiencia-energetica\/\" data-type=\"page\" data-id=\"800\">ipp ter\u00e1 melhoria da efici\u00eancia energ\u00e9tica<\/a><\/h2>\n\n\n\n<p class=\"has-text-color has-medium-font-size\" style=\"color:#fdc300\">Os projetos de melhoria da efici\u00eancia energ\u00e9tica candidatados pelo IPP a financiamento atrav\u00e9s do PRR, abrangem o Campus Polit\u00e9cnico.<\/p>\n\n\n\n<p>As medidas previstas abrangem o edif\u00edcio principal do Campus Polit\u00e9cnico e preveem a instala\u00e7\u00e3o de centrais fotovoltaicas e sistemas de gest\u00e3o de energia para controlar os consumos; substitui\u00e7\u00e3o de portas e janelas para melhorar o comportamento t\u00e9rmico e troca das l\u00e2mpadas atuais por l\u00e2mpadas LED. Os sistemas de climatiza\u00e7\u00e3o ser\u00e3o substitu\u00eddos nos edif\u00edcios indicados das quatro UOs, por equipamentos de elevada efici\u00eancia energ\u00e9tica.<\/p>\n\n\n\n<p>Mais informa\u00e7\u00f5es no site do IPP:<\/p>\n\n\n\n<p><a href=\"https:\/\/www.ipportalegre.pt\/pt\/2023\/03\/27\/politecnico-de-portalegre-com-financiamento-para-melhoria-da-eficiencia-energetica\/\">https:\/\/www.ipportalegre.pt\/pt\/2023\/03\/27\/politecnico-de-portalegre-com-financiamento-para-melhoria-da-eficiencia-energetica\/<\/a><\/p>\n\n\n\n<div style=\"height:50px\" aria-hidden=\"true\" class=\"wp-block-spacer\"><\/div>\n\n\n\n<p class=\"has-text-align-center\">Ver mais <strong><strong><strong><a href=\"http:\/\/collaboro.ipportalegre.pt\/ecocampuspolitecnico\/outros-projetos-e-noticias\/\" data-type=\"page\" data-id=\"43\">OUTROS PROJETOS E NOT\u00cdCIAS<\/a><\/strong><\/strong><\/strong><\/p>\n","protected":false},"excerpt":{"rendered":"<p>ipp ter\u00e1 melhoria da efici\u00eancia energ\u00e9tica Os projetos de melhoria da efici\u00eancia energ\u00e9tica candidatados pelo IPP a financiamento atrav\u00e9s do PRR, abrangem o Campus Polit\u00e9cnico. As medidas previstas abrangem o &#8230;<\/p>\n","protected":false},"author":3,"featured_media":480,"parent":43,"menu_order":2,"comment_status":"closed","ping_status":"closed","template":"","meta":{"inline_featured_image":false,"footnotes":""},"class_list":["post-800","page","type-page","status-publish","has-post-thumbnail","hentry"],"_links":{"self":[{"href":"https:\/\/collaboro.ipportalegre.pt\/ecocampuspolitecnico\/wp-json\/wp\/v2\/pages\/800","targetHints":{"allow":["GET"]}}],"collection":[{"href":"https:\/\/collaboro.ipportalegre.pt\/ecocampuspolitecnico\/wp-json\/wp\/v2\/pages"}],"about":[{"href":"https:\/\/collaboro.ipportalegre.pt\/ecocampuspolitecnico\/wp-json\/wp\/v2\/types\/page"}],"author":[{"embeddable":true,"href":"https:\/\/collaboro.ipportalegre.pt\/ecocampuspolitecnico\/wp-json\/wp\/v2\/users\/3"}],"replies":[{"embeddable":true,"href":"https:\/\/collaboro.ipportalegre.pt\/ecocampuspolitecnico\/wp-json\/wp\/v2\/comments?post=800"}],"version-history":[{"count":4,"href":"https:\/\/collaboro.ipportalegre.pt\/ecocampuspolitecnico\/wp-json\/wp\/v2\/pages\/800\/revisions"}],"predecessor-version":[{"id":1326,"href":"https:\/\/collaboro.ipportalegre.pt\/ecocampuspolitecnico\/wp-json\/wp\/v2\/pages\/800\/revisions\/1326"}],"up":[{"embeddable":true,"href":"https:\/\/collaboro.ipportalegre.pt\/ecocampuspolitecnico\/wp-json\/wp\/v2\/pages\/43"}],"wp:featuredmedia":[{"embeddable":true,"href":"https:\/\/collaboro.ipportalegre.pt\/ecocampuspolitecnico\/wp-json\/wp\/v2\/media\/480"}],"wp:attachment":[{"href":"https:\/\/collaboro.ipportalegre.pt\/ecocampuspolitecnico\/wp-json\/wp\/v2\/media?parent=800"}],"curies":[{"name":"wp","href":"https:\/\/api.w.org\/{rel}","templated":true}]}}

Politécnico de Portalegre terá melhoria da eficiência energética

<div class="wp-block-image">
<figure class="alignleft size-full"><img loading="lazy" decoding="async" width="450" height="350" src="http://collaboro.ipportalegre.pt/ecocampuspolitecnico/wp-content/uploads/sites/9/2023/05/melhoria-da-eficiencia-energetica_destaque-1.jpg__450x350_q85_crop_subsampling-2.jpg" alt="" class="wp-image-802" srcset="https://collaboro.ipportalegre.pt/ecocampuspolitecnico/wp-content/uploads/sites/9/2023/05/melhoria-da-eficiencia-energetica_destaque-1.jpg__450x350_q85_crop_subsampling-2.jpg 450w, https://collaboro.ipportalegre.pt/ecocampuspolitecnico/wp-content/uploads/sites/9/2023/05/melhoria-da-eficiencia-energetica_destaque-1.jpg__450x350_q85_crop_subsampling-2-300x233.jpg 300w" sizes="auto, (max-width: 450px) 100vw, 450px" /></figure>
</div>


<div style="height:30px" aria-hidden="true" class="wp-block-spacer"></div>



<h2 class="wp-block-heading" style="text-transform:uppercase"><a href="http://collaboro.ipportalegre.pt/ecocampuspolitecnico/outros-projetos-e-noticias/politecnico-de-portalegre-tera-melhoria-da-eficiencia-energetica/" data-type="page" data-id="800">ipp terá melhoria da eficiência energética</a></h2>



<p class="has-text-color has-medium-font-size" style="color:#fdc300">Os projetos de melhoria da eficiência energética candidatados pelo IPP a financiamento através do PRR, abrangem o Campus Politécnico.</p>



<p>As medidas previstas abrangem o edifício principal do Campus Politécnico e preveem a instalação de centrais fotovoltaicas e sistemas de gestão de energia para controlar os consumos; substituição de portas e janelas para melhorar o comportamento térmico e troca das lâmpadas atuais por lâmpadas LED. Os sistemas de climatização serão substituídos nos edifícios indicados das quatro UOs, por equipamentos de elevada eficiência energética.</p>



<p>Mais informações no site do IPP:</p>



<p><a href="https://www.ipportalegre.pt/pt/2023/03/27/politecnico-de-portalegre-com-financiamento-para-melhoria-da-eficiencia-energetica/">https://www.ipportalegre.pt/pt/2023/03/27/politecnico-de-portalegre-com-financiamento-para-melhoria-da-eficiencia-energetica/</a></p>



<div style="height:50px" aria-hidden="true" class="wp-block-spacer"></div>



<p class="has-text-align-center">Ver mais <strong><strong><strong><a href="http://collaboro.ipportalegre.pt/ecocampuspolitecnico/outros-projetos-e-noticias/" data-type="page" data-id="43">OUTROS PROJETOS E NOTÍCIAS</a></strong></strong></strong></p>

<p>ipp terá melhoria da eficiência energética Os projetos de melhoria da eficiência energética candidatados pelo IPP a financiamento através do PRR, abrangem o Campus Politécnico. As medidas previstas abrangem o &#8230;</p>
