{"id":19,"date":"2022-07-29T09:47:53","date_gmt":"2022-07-29T09:47:53","guid":{"rendered":"http:\/\/collaboro.ipportalegre.pt\/ecocampuspolitecnico\/?page_id=19"},"modified":"2026-03-20T18:40:32","modified_gmt":"2026-03-20T18:40:32","slug":"contactos","status":"publish","type":"page","link":"https:\/\/collaboro.ipportalegre.pt\/ecocampuspolitecnico\/contactos\/","title":{"rendered":"Contatos"},"content":{"rendered":"\n<p class=\"has-medium-font-size\"><strong>Coordenadores EcoEscolas e EcoCampus do Campus Polit\u00e9cnico:<\/strong><\/p>\n\n\n\n<div style=\"height:5px\" aria-hidden=\"true\" class=\"wp-block-spacer\"><\/div>\n\n\n\n<div class=\"wp-block-columns is-layout-flex wp-container-core-columns-is-layout-9d6595d7 wp-block-columns-is-layout-flex\">\n<div class=\"wp-block-column is-layout-flow wp-block-column-is-layout-flow\">\n<p>EcoEscola: <strong>Escola Superior de Tecnologia, Gest\u00e3o e Design<\/strong><\/p>\n\n\n\n<p>Jos\u00e9lia Pedro: <a href=\"mailto:joselia@ipportalegre.pt\">joselia@ipportalegre.pt<\/a><\/p>\n\n\n\n<p>Luiz Rodrigues: <a href=\"mailto:joselia@ipportalegre.pt\">luiz.rodrigues@ipportalegre.pt<\/a><\/p>\n\n\n\n<div style=\"height:24px\" aria-hidden=\"true\" class=\"wp-block-spacer\"><\/div>\n\n\n\n<p><strong>Geral<\/strong> ESTGD+ESS: <a href=\"mailto:collaboro.ecocampus@ipportalegre.pt\">collaboro.ecocampus@ipportalegre.pt<\/a> <\/p>\n<\/div>\n\n\n\n<div class=\"wp-block-column is-layout-flow wp-block-column-is-layout-flow\">\n<p>     EcoEscola: <strong>Escola Superior de Sa\u00fade&nbsp;<\/strong><\/p>\n\n\n\n<p>Paula Oliveira:&nbsp;<a href=\"mailto:margaridamalcata@ipportalegre.pt\">paulaoliveira@ipportalegre.pt<\/a><\/p>\n\n\n\n<p>Ana Carvalho:&nbsp;<a href=\"mailto:ana.gama.carvalho@ipportalegre.pt\">ana.gama.carvalho@ipportalegre.pt<\/a> <\/p>\n\n\n\n<div style=\"height:24px\" aria-hidden=\"true\" class=\"wp-block-spacer\"><\/div>\n\n\n\n<p><strong>Participar<\/strong> no EcoConselho ESTGD+ESS: <a href=\"https:\/\/forms.gle\/jVRb7WRE2um6xx7q8\">https:\/\/forms.gle\/jVRb7WRE2um6xx7q8<\/a><\/p>\n<\/div>\n<\/div>\n\n\n\n<p><strong>EcoConselho <\/strong>do EcoCampus (EcoEscola ESTGD + EcoEscola ESS) do Campus Polit\u00e9cnico:<\/p>\n\n\n\n<p><strong>Docentes e Funcion\u00e1rios<\/strong>: Ana Gama Carvalho; Ana Loures; Andrea Inoc\u00eancio; Anita Lucindo; Carla Moura Serra; Carla Fonseca; Carolina Santos; Dinis Martins; Eduarda Correia; Francisco Monteiro; Helena Arco; Jo\u00e3o Milheiro; Jo\u00e3o Sequeira; Jos\u00e9 Gama; Jos\u00e9lia Pedro; Luiz Rodrigues; Maria Jos\u00e9 Martins; M\u00f3nica Martins; Orlanda P\u00f3voa; Paula Marques; Paula Oliveira; Paula Reis; Paulo Nuno Can\u00e1rio; Pedro Romano; Pedro Matos; Rui Telmo Rom\u00e3o; Sabina Valente; Secundino Lopes; Sofia Roque; S\u00f3nia Monteiro; Telmo Lopes; Valentim Realinho; Vanda Correia; V\u00edtor Joaquim. <strong>Estudantes<\/strong>: Abel Santos; Admilson Mendon\u00e7a; Beatriz Louro; Bruno Machado; Bruno Pinto; Carla Anselmo; David Ferreira; Edna Lu\u00eds; Edna Landim; Filipe Amador; Grazielle Malta; Guilherme Muralhas; Maria Marques; Marta Bento; Nicolas Gauye; Rodrigo Oliveira; Wildia Quaresma. <strong>Parceiros<\/strong>: Afonso Noutel (Sociedade Ponto Verde); Jos\u00e9 Janela (Quercus); Susana F\u00e9 (AVT); Laura Gal\u00e3o (CMP); Lu\u00eds Carapinha (ESMS); Nuno Sequeira (ICNF); Ricardo Louren\u00e7o (EHTP); Rui Pulido Valente (Coopernico).<\/p>\n\n\n\n<div style=\"height:60px\" aria-hidden=\"true\" class=\"wp-block-spacer\"><\/div>\n","protected":false},"excerpt":{"rendered":"<p>Coordenadores EcoEscolas e EcoCampus do Campus Polit\u00e9cnico: EcoEscola: Escola Superior de Tecnologia, Gest\u00e3o e Design Jos\u00e9lia Pedro: joselia@ipportalegre.pt Luiz Rodrigues: luiz.rodrigues@ipportalegre.pt Geral ESTGD+ESS: collaboro.ecocampus@ipportalegre.pt EcoEscola: Escola Superior de Sa\u00fade&nbsp; Paula &#8230;<\/p>\n","protected":false},"author":1,"featured_media":0,"parent":0,"menu_order":0,"comment_status":"closed","ping_status":"closed","template":"","meta":{"inline_featured_image":false,"footnotes":""},"class_list":["post-19","page","type-page","status-publish","hentry"],"_links":{"self":[{"href":"https:\/\/collaboro.ipportalegre.pt\/ecocampuspolitecnico\/wp-json\/wp\/v2\/pages\/19","targetHints":{"allow":["GET"]}}],"collection":[{"href":"https:\/\/collaboro.ipportalegre.pt\/ecocampuspolitecnico\/wp-json\/wp\/v2\/pages"}],"about":[{"href":"https:\/\/collaboro.ipportalegre.pt\/ecocampuspolitecnico\/wp-json\/wp\/v2\/types\/page"}],"author":[{"embeddable":true,"href":"https:\/\/collaboro.ipportalegre.pt\/ecocampuspolitecnico\/wp-json\/wp\/v2\/users\/1"}],"replies":[{"embeddable":true,"href":"https:\/\/collaboro.ipportalegre.pt\/ecocampuspolitecnico\/wp-json\/wp\/v2\/comments?post=19"}],"version-history":[{"count":19,"href":"https:\/\/collaboro.ipportalegre.pt\/ecocampuspolitecnico\/wp-json\/wp\/v2\/pages\/19\/revisions"}],"predecessor-version":[{"id":1535,"href":"https:\/\/collaboro.ipportalegre.pt\/ecocampuspolitecnico\/wp-json\/wp\/v2\/pages\/19\/revisions\/1535"}],"wp:attachment":[{"href":"https:\/\/collaboro.ipportalegre.pt\/ecocampuspolitecnico\/wp-json\/wp\/v2\/media?parent=19"}],"curies":[{"name":"wp","href":"https:\/\/api.w.org\/{rel}","templated":true}]}}

<p class="has-medium-font-size"><strong>Coordenadores EcoEscolas e EcoCampus do Campus Politécnico:</strong></p>



<div style="height:5px" aria-hidden="true" class="wp-block-spacer"></div>



<div class="wp-block-columns is-layout-flex wp-container-core-columns-is-layout-9d6595d7 wp-block-columns-is-layout-flex">
<div class="wp-block-column is-layout-flow wp-block-column-is-layout-flow">
<p>EcoEscola: <strong>Escola Superior de Tecnologia, Gestão e Design</strong></p>



<p>Josélia Pedro: <a href="mailto:joselia@ipportalegre.pt">joselia@ipportalegre.pt</a></p>



<p>Luiz Rodrigues: <a href="mailto:joselia@ipportalegre.pt">luiz.rodrigues@ipportalegre.pt</a></p>



<div style="height:24px" aria-hidden="true" class="wp-block-spacer"></div>



<p><strong>Geral</strong> ESTGD+ESS: <a href="mailto:collaboro.ecocampus@ipportalegre.pt">collaboro.ecocampus@ipportalegre.pt</a> </p>
</div>



<div class="wp-block-column is-layout-flow wp-block-column-is-layout-flow">
<p>     EcoEscola: <strong>Escola Superior de Saúde&nbsp;</strong></p>



<p>Paula Oliveira:&nbsp;<a href="mailto:margaridamalcata@ipportalegre.pt">paulaoliveira@ipportalegre.pt</a></p>



<p>Ana Carvalho:&nbsp;<a href="mailto:ana.gama.carvalho@ipportalegre.pt">ana.gama.carvalho@ipportalegre.pt</a> </p>



<div style="height:24px" aria-hidden="true" class="wp-block-spacer"></div>



<p><strong>Participar</strong> no EcoConselho ESTGD+ESS: <a href="https://forms.gle/jVRb7WRE2um6xx7q8">https://forms.gle/jVRb7WRE2um6xx7q8</a></p>
</div>
</div>



<p><strong>EcoConselho </strong>do EcoCampus (EcoEscola ESTGD + EcoEscola ESS) do Campus Politécnico:</p>



<p><strong>Docentes e Funcionários</strong>: Ana Gama Carvalho; Ana Loures; Andrea Inocêncio; Anita Lucindo; Carla Moura Serra; Carla Fonseca; Carolina Santos; Dinis Martins; Eduarda Correia; Francisco Monteiro; Helena Arco; João Milheiro; João Sequeira; José Gama; Josélia Pedro; Luiz Rodrigues; Maria José Martins; Mónica Martins; Orlanda Póvoa; Paula Marques; Paula Oliveira; Paula Reis; Paulo Nuno Canário; Pedro Romano; Pedro Matos; Rui Telmo Romão; Sabina Valente; Secundino Lopes; Sofia Roque; Sónia Monteiro; Telmo Lopes; Valentim Realinho; Vanda Correia; Vítor Joaquim. <strong>Estudantes</strong>: Abel Santos; Admilson Mendonça; Beatriz Louro; Bruno Machado; Bruno Pinto; Carla Anselmo; David Ferreira; Edna Luís; Edna Landim; Filipe Amador; Grazielle Malta; Guilherme Muralhas; Maria Marques; Marta Bento; Nicolas Gauye; Rodrigo Oliveira; Wildia Quaresma. <strong>Parceiros</strong>: Afonso Noutel (Sociedade Ponto Verde); José Janela (Quercus); Susana Fé (AVT); Laura Galão (CMP); Luís Carapinha (ESMS); Nuno Sequeira (ICNF); Ricardo Lourenço (EHTP); Rui Pulido Valente (Coopernico).</p>



<div style="height:60px" aria-hidden="true" class="wp-block-spacer"></div>

<p>Coordenadores EcoEscolas e EcoCampus do Campus Politécnico: EcoEscola: Escola Superior de Tecnologia, Gestão e Design Josélia Pedro: joselia@ipportalegre.pt Luiz Rodrigues: luiz.rodrigues@ipportalegre.pt Geral ESTGD+ESS: collaboro.ecocampus@ipportalegre.pt EcoEscola: Escola Superior de Saúde&nbsp; Paula &#8230;</p>
