{"id":1523,"date":"2026-03-20T11:20:44","date_gmt":"2026-03-20T11:20:44","guid":{"rendered":"https:\/\/collaboro.ipportalegre.pt\/ecocampuspolitecnico\/?page_id=1523"},"modified":"2026-03-20T11:54:04","modified_gmt":"2026-03-20T11:54:04","slug":"plano-de-acoes-25-26","status":"publish","type":"page","link":"https:\/\/collaboro.ipportalegre.pt\/ecocampuspolitecnico\/projetos-do-teu-campus\/plano-de-acoes-25-26\/","title":{"rendered":"plano de a\u00e7\u00f5es 25\/26"},"content":{"rendered":"\n<div aria-hidden=\"true\" class=\"wp-block-spacer\"><\/div>\n\n\n\n<div class=\"wp-block-media-text is-stacked-on-mobile is-vertically-aligned-top\"><figure class=\"wp-block-media-text__media\"><img loading=\"lazy\" decoding=\"async\" width=\"1024\" height=\"683\" src=\"http:\/\/collaboro.ipportalegre.pt\/ecocampuspolitecnico\/wp-content\/uploads\/sites\/9\/2024\/10\/Imagem1a-1024x683.jpg\" alt=\"\" class=\"wp-image-990 size-full\" srcset=\"https:\/\/collaboro.ipportalegre.pt\/ecocampuspolitecnico\/wp-content\/uploads\/sites\/9\/2024\/10\/Imagem1a-1024x683.jpg 1024w, https:\/\/collaboro.ipportalegre.pt\/ecocampuspolitecnico\/wp-content\/uploads\/sites\/9\/2024\/10\/Imagem1a-300x200.jpg 300w, https:\/\/collaboro.ipportalegre.pt\/ecocampuspolitecnico\/wp-content\/uploads\/sites\/9\/2024\/10\/Imagem1a-768x512.jpg 768w, https:\/\/collaboro.ipportalegre.pt\/ecocampuspolitecnico\/wp-content\/uploads\/sites\/9\/2024\/10\/Imagem1a.jpg 1440w\" sizes=\"auto, (max-width: 1024px) 100vw, 1024px\" \/><\/figure><div class=\"wp-block-media-text__content\">\n<h2 class=\"wp-block-heading\" style=\"text-transform:uppercase\"><a href=\"https:\/\/collaboro.ipportalegre.pt\/ecocampuspolitecnico\/projetos-da-tua-escola\/caminhada-pela-mobilidade\/\">plano de a\u00e7\u00f5es 2025\/2026<\/a><\/h2>\n\n\n\n<p class=\"has-text-color has-medium-font-size\" style=\"color:#fdc300\">Plano de A\u00e7\u00f5es para o programa do ano letivo 2025\/2026<\/p>\n\n\n\n<p>No dia 10 de mar\u00e7o de 2026, em reuni\u00e3o do EcoConselho do EcoCampus da ESTGD+ESS foi aprovado o plano de a\u00e7\u00f5es a realizar at\u00e9 ao final do programa deste ano letivo.<\/p>\n\n\n\n<p><a href=\"http:\/\/collaboro.ipportalegre.pt\/ecocampuspolitecnico\/wp-content\/uploads\/sites\/9\/2026\/03\/PA-FINAL-EcoCampus-25-26_ABAAE.pdf\">PLANO DE A\u00c7\u00d5ES<\/a><\/p>\n\n\n\n<p>Se pretender participar, pode inscrever-se <a href=\"https:\/\/collaboro.ipportalegre.pt\/ecocampuspolitecnico\/contactos\/\" data-type=\"page\" data-id=\"19\">aqui<\/a><\/p>\n<\/div><\/div>\n\n\n\n<div style=\"height:50px\" aria-hidden=\"true\" class=\"wp-block-spacer\"><\/div>\n\n\n\n<p><br>EcoCampus: <a href=\"mailto:collaboro.estg@ipportalegre.pt\">collaboro.ecocampus@ipportalegre.pt<\/a><\/p>\n\n\n\n<p><br><\/p>\n\n\n\n<div style=\"height:62px\" aria-hidden=\"true\" class=\"wp-block-spacer\"><\/div>\n\n\n\n<p class=\"has-text-align-center\">Ver mais <strong><a href=\"http:\/\/collaboro.ipportalegre.pt\/ecocampuspolitecnico\/projetos-da-tua-escola\/\" data-type=\"page\" data-id=\"214\">PROJETOS DA TUA ESCOLA<\/a><\/strong><\/p>\n","protected":false},"excerpt":{"rendered":"<p>plano de a\u00e7\u00f5es 2025\/2026 Plano de A\u00e7\u00f5es para o programa do ano letivo 2025\/2026 No dia 10 de mar\u00e7o de 2026, em reuni\u00e3o do EcoConselho do EcoCampus da ESTGD+ESS foi &#8230;<\/p>\n","protected":false},"author":3,"featured_media":970,"parent":214,"menu_order":1,"comment_status":"closed","ping_status":"closed","template":"","meta":{"inline_featured_image":false,"footnotes":""},"class_list":["post-1523","page","type-page","status-publish","has-post-thumbnail","hentry"],"_links":{"self":[{"href":"https:\/\/collaboro.ipportalegre.pt\/ecocampuspolitecnico\/wp-json\/wp\/v2\/pages\/1523","targetHints":{"allow":["GET"]}}],"collection":[{"href":"https:\/\/collaboro.ipportalegre.pt\/ecocampuspolitecnico\/wp-json\/wp\/v2\/pages"}],"about":[{"href":"https:\/\/collaboro.ipportalegre.pt\/ecocampuspolitecnico\/wp-json\/wp\/v2\/types\/page"}],"author":[{"embeddable":true,"href":"https:\/\/collaboro.ipportalegre.pt\/ecocampuspolitecnico\/wp-json\/wp\/v2\/users\/3"}],"replies":[{"embeddable":true,"href":"https:\/\/collaboro.ipportalegre.pt\/ecocampuspolitecnico\/wp-json\/wp\/v2\/comments?post=1523"}],"version-history":[{"count":4,"href":"https:\/\/collaboro.ipportalegre.pt\/ecocampuspolitecnico\/wp-json\/wp\/v2\/pages\/1523\/revisions"}],"predecessor-version":[{"id":1533,"href":"https:\/\/collaboro.ipportalegre.pt\/ecocampuspolitecnico\/wp-json\/wp\/v2\/pages\/1523\/revisions\/1533"}],"up":[{"embeddable":true,"href":"https:\/\/collaboro.ipportalegre.pt\/ecocampuspolitecnico\/wp-json\/wp\/v2\/pages\/214"}],"wp:featuredmedia":[{"embeddable":true,"href":"https:\/\/collaboro.ipportalegre.pt\/ecocampuspolitecnico\/wp-json\/wp\/v2\/media\/970"}],"wp:attachment":[{"href":"https:\/\/collaboro.ipportalegre.pt\/ecocampuspolitecnico\/wp-json\/wp\/v2\/media?parent=1523"}],"curies":[{"name":"wp","href":"https:\/\/api.w.org\/{rel}","templated":true}]}}

plano de ações 25/26

<div aria-hidden="true" class="wp-block-spacer"></div>



<div class="wp-block-media-text is-stacked-on-mobile is-vertically-aligned-top"><figure class="wp-block-media-text__media"><img loading="lazy" decoding="async" width="1024" height="683" src="http://collaboro.ipportalegre.pt/ecocampuspolitecnico/wp-content/uploads/sites/9/2024/10/Imagem1a-1024x683.jpg" alt="" class="wp-image-990 size-full" srcset="https://collaboro.ipportalegre.pt/ecocampuspolitecnico/wp-content/uploads/sites/9/2024/10/Imagem1a-1024x683.jpg 1024w, https://collaboro.ipportalegre.pt/ecocampuspolitecnico/wp-content/uploads/sites/9/2024/10/Imagem1a-300x200.jpg 300w, https://collaboro.ipportalegre.pt/ecocampuspolitecnico/wp-content/uploads/sites/9/2024/10/Imagem1a-768x512.jpg 768w, https://collaboro.ipportalegre.pt/ecocampuspolitecnico/wp-content/uploads/sites/9/2024/10/Imagem1a.jpg 1440w" sizes="auto, (max-width: 1024px) 100vw, 1024px" /></figure><div class="wp-block-media-text__content">
<h2 class="wp-block-heading" style="text-transform:uppercase"><a href="https://collaboro.ipportalegre.pt/ecocampuspolitecnico/projetos-da-tua-escola/caminhada-pela-mobilidade/">plano de ações 2025/2026</a></h2>



<p class="has-text-color has-medium-font-size" style="color:#fdc300">Plano de Ações para o programa do ano letivo 2025/2026</p>



<p>No dia 10 de março de 2026, em reunião do EcoConselho do EcoCampus da ESTGD+ESS foi aprovado o plano de ações a realizar até ao final do programa deste ano letivo.</p>



<p><a href="http://collaboro.ipportalegre.pt/ecocampuspolitecnico/wp-content/uploads/sites/9/2026/03/PA-FINAL-EcoCampus-25-26_ABAAE.pdf">PLANO DE AÇÕES</a></p>



<p>Se pretender participar, pode inscrever-se <a href="https://collaboro.ipportalegre.pt/ecocampuspolitecnico/contactos/" data-type="page" data-id="19">aqui</a></p>
</div></div>



<div style="height:50px" aria-hidden="true" class="wp-block-spacer"></div>



<p><br>EcoCampus: <a href="mailto:collaboro.estg@ipportalegre.pt">collaboro.ecocampus@ipportalegre.pt</a></p>



<p><br></p>



<div style="height:62px" aria-hidden="true" class="wp-block-spacer"></div>



<p class="has-text-align-center">Ver mais <strong><a href="http://collaboro.ipportalegre.pt/ecocampuspolitecnico/projetos-da-tua-escola/" data-type="page" data-id="214">PROJETOS DA TUA ESCOLA</a></strong></p>

<p>plano de ações 2025/2026 Plano de Ações para o programa do ano letivo 2025/2026 No dia 10 de março de 2026, em reunião do EcoConselho do EcoCampus da ESTGD+ESS foi &#8230;</p>
