{"id":1460,"date":"2026-03-09T11:17:02","date_gmt":"2026-03-09T11:17:02","guid":{"rendered":"https:\/\/collaboro.ipportalegre.pt\/ecocampuspolitecnico\/?page_id=1460"},"modified":"2026-03-10T13:26:17","modified_gmt":"2026-03-10T13:26:17","slug":"troca-doacao-de-plantas","status":"publish","type":"page","link":"https:\/\/collaboro.ipportalegre.pt\/ecocampuspolitecnico\/projetos-do-teu-campus\/troca-doacao-de-plantas\/","title":{"rendered":"Troca\/doa\u00e7\u00e3o de plantas"},"content":{"rendered":"\n<div aria-hidden=\"true\" class=\"wp-block-spacer\"><\/div>\n\n\n\n<div style=\"height:30px\" aria-hidden=\"true\" class=\"wp-block-spacer\"><\/div>\n\n\n<div class=\"wp-block-image is-style-default\">\n<figure class=\"aligncenter size-large\"><img loading=\"lazy\" decoding=\"async\" width=\"692\" height=\"1024\" src=\"https:\/\/collaboro.ipportalegre.pt\/ecocampuspolitecnico\/wp-content\/uploads\/sites\/9\/2026\/03\/WhatsApp-Image-2026-03-04-at-17.23.37-692x1024.jpeg\" alt=\"\" class=\"wp-image-1461\" style=\"aspect-ratio:4\/3;object-fit:cover\" srcset=\"https:\/\/collaboro.ipportalegre.pt\/ecocampuspolitecnico\/wp-content\/uploads\/sites\/9\/2026\/03\/WhatsApp-Image-2026-03-04-at-17.23.37-692x1024.jpeg 692w, https:\/\/collaboro.ipportalegre.pt\/ecocampuspolitecnico\/wp-content\/uploads\/sites\/9\/2026\/03\/WhatsApp-Image-2026-03-04-at-17.23.37-203x300.jpeg 203w, https:\/\/collaboro.ipportalegre.pt\/ecocampuspolitecnico\/wp-content\/uploads\/sites\/9\/2026\/03\/WhatsApp-Image-2026-03-04-at-17.23.37-768x1136.jpeg 768w, https:\/\/collaboro.ipportalegre.pt\/ecocampuspolitecnico\/wp-content\/uploads\/sites\/9\/2026\/03\/WhatsApp-Image-2026-03-04-at-17.23.37-1038x1536.jpeg 1038w, https:\/\/collaboro.ipportalegre.pt\/ecocampuspolitecnico\/wp-content\/uploads\/sites\/9\/2026\/03\/WhatsApp-Image-2026-03-04-at-17.23.37.jpeg 1285w\" sizes=\"auto, (max-width: 692px) 100vw, 692px\" \/><\/figure>\n<\/div>\n\n\n<h2 class=\"wp-block-heading\" style=\"text-transform:uppercase\"><a href=\"https:\/\/collaboro.ipportalegre.pt\/ecocampuspolitecnico\/projetos-da-tua-escola\/caminhada-pela-mobilidade\/\"><strong>tens tantas plantas a germinar que j\u00e1 n\u00e3o sabes mais onde plantar! queres ter uma que sempre desejaste? vem buscar, d\u00e1 ou troca!<\/strong><\/a><\/h2>\n\n\n\n<p>PODES AINDA ADICIONAR UMA POESIA \u00c0 PLANTA, SER\u00c1 MUITO BEM-VINDA!<\/p>\n\n\n\n<p class=\"has-luminous-vivid-orange-color has-text-color has-medium-font-size\">Comemora\u00e7\u00e3o do &#8220;Dia Internacional da \u00c1rvore&#8221;, do &#8220;Dia Internacional da \u00c1gua&#8221; e do &#8220;Dia Internacional da Poesia&#8221;<\/p>\n\n\n\n<p class=\"has-luminous-vivid-orange-color has-text-color has-medium-font-size\">25 de mar\u00e7o&#8217; 2026&#8242; 14h:00<\/p>\n\n\n\n<p>Para comemorar os Dias Internacionais da &#8220;\u00c1rvore&#8221;, da &#8220;\u00c1gua&#8221; e da &#8220;Poesia&#8221;, o projeto EcoCampus da Escola Superior de Tecnologia, Gest\u00e3o e Design e da Escola Superior de Sa\u00fade ir\u00e1 organizar o momento ideal para a troca ou a doa\u00e7\u00e3o das plantas que nesta \u00e9poca florescem nos nossos canteiros e jardins.<\/p>\n\n\n\n<p>No dia 25 de mar\u00e7o, pelas 14h:00, teremos no hall do edif\u00edcio principal do Campus uma banca com plantas para simplesmente dar ou trocar. Basta vires buscar uma planta ou trazeres as plantas que queres trocar ou doar, e n\u00f3s tratamos do resto!<\/p>\n\n\n\n<h1 class=\"wp-block-heading\"><\/h1>\n\n\n\n<p><\/p>\n\n\n\n<p><\/p>\n\n\n\n<p><\/p>\n\n\n\n<div class=\"wp-block-columns is-layout-flex wp-container-core-columns-is-layout-9d6595d7 wp-block-columns-is-layout-flex\">\n<div class=\"wp-block-column is-vertically-aligned-center is-layout-flow wp-block-column-is-layout-flow\" style=\"flex-basis:33.33%\">\n<div class=\"wp-block-group\"><div class=\"wp-block-group__inner-container is-layout-constrained wp-block-group-is-layout-constrained\">\n<p class=\"has-text-align-left\"><\/p>\n<\/div><\/div>\n<\/div>\n<\/div>\n\n\n\n<div style=\"height:50px\" aria-hidden=\"true\" class=\"wp-block-spacer\"><\/div>\n\n\n\n<p class=\"has-text-align-center\">Ver mais <strong><a href=\"http:\/\/collaboro.ipportalegre.pt\/ecocampuspolitecnico\/projetos-da-tua-escola\/\" data-type=\"page\" data-id=\"214\">PROJETOS DA TUA ESCOLA<\/a><\/strong><\/p>\n","protected":false},"excerpt":{"rendered":"<p>tens tantas plantas a germinar que j\u00e1 n\u00e3o sabes mais onde plantar! queres ter uma que sempre desejaste? vem buscar, d\u00e1 ou troca! PODES AINDA ADICIONAR UMA POESIA \u00c0 PLANTA, &#8230;<\/p>\n","protected":false},"author":3,"featured_media":970,"parent":214,"menu_order":1,"comment_status":"closed","ping_status":"closed","template":"","meta":{"inline_featured_image":false,"footnotes":""},"class_list":["post-1460","page","type-page","status-publish","has-post-thumbnail","hentry"],"_links":{"self":[{"href":"https:\/\/collaboro.ipportalegre.pt\/ecocampuspolitecnico\/wp-json\/wp\/v2\/pages\/1460","targetHints":{"allow":["GET"]}}],"collection":[{"href":"https:\/\/collaboro.ipportalegre.pt\/ecocampuspolitecnico\/wp-json\/wp\/v2\/pages"}],"about":[{"href":"https:\/\/collaboro.ipportalegre.pt\/ecocampuspolitecnico\/wp-json\/wp\/v2\/types\/page"}],"author":[{"embeddable":true,"href":"https:\/\/collaboro.ipportalegre.pt\/ecocampuspolitecnico\/wp-json\/wp\/v2\/users\/3"}],"replies":[{"embeddable":true,"href":"https:\/\/collaboro.ipportalegre.pt\/ecocampuspolitecnico\/wp-json\/wp\/v2\/comments?post=1460"}],"version-history":[{"count":9,"href":"https:\/\/collaboro.ipportalegre.pt\/ecocampuspolitecnico\/wp-json\/wp\/v2\/pages\/1460\/revisions"}],"predecessor-version":[{"id":1496,"href":"https:\/\/collaboro.ipportalegre.pt\/ecocampuspolitecnico\/wp-json\/wp\/v2\/pages\/1460\/revisions\/1496"}],"up":[{"embeddable":true,"href":"https:\/\/collaboro.ipportalegre.pt\/ecocampuspolitecnico\/wp-json\/wp\/v2\/pages\/214"}],"wp:featuredmedia":[{"embeddable":true,"href":"https:\/\/collaboro.ipportalegre.pt\/ecocampuspolitecnico\/wp-json\/wp\/v2\/media\/970"}],"wp:attachment":[{"href":"https:\/\/collaboro.ipportalegre.pt\/ecocampuspolitecnico\/wp-json\/wp\/v2\/media?parent=1460"}],"curies":[{"name":"wp","href":"https:\/\/api.w.org\/{rel}","templated":true}]}}

Troca/doação de plantas

<div aria-hidden="true" class="wp-block-spacer"></div>



<div style="height:30px" aria-hidden="true" class="wp-block-spacer"></div>


<div class="wp-block-image is-style-default">
<figure class="aligncenter size-large"><img loading="lazy" decoding="async" width="692" height="1024" src="https://collaboro.ipportalegre.pt/ecocampuspolitecnico/wp-content/uploads/sites/9/2026/03/WhatsApp-Image-2026-03-04-at-17.23.37-692x1024.jpeg" alt="" class="wp-image-1461" style="aspect-ratio:4/3;object-fit:cover" srcset="https://collaboro.ipportalegre.pt/ecocampuspolitecnico/wp-content/uploads/sites/9/2026/03/WhatsApp-Image-2026-03-04-at-17.23.37-692x1024.jpeg 692w, https://collaboro.ipportalegre.pt/ecocampuspolitecnico/wp-content/uploads/sites/9/2026/03/WhatsApp-Image-2026-03-04-at-17.23.37-203x300.jpeg 203w, https://collaboro.ipportalegre.pt/ecocampuspolitecnico/wp-content/uploads/sites/9/2026/03/WhatsApp-Image-2026-03-04-at-17.23.37-768x1136.jpeg 768w, https://collaboro.ipportalegre.pt/ecocampuspolitecnico/wp-content/uploads/sites/9/2026/03/WhatsApp-Image-2026-03-04-at-17.23.37-1038x1536.jpeg 1038w, https://collaboro.ipportalegre.pt/ecocampuspolitecnico/wp-content/uploads/sites/9/2026/03/WhatsApp-Image-2026-03-04-at-17.23.37.jpeg 1285w" sizes="auto, (max-width: 692px) 100vw, 692px" /></figure>
</div>


<h2 class="wp-block-heading" style="text-transform:uppercase"><a href="https://collaboro.ipportalegre.pt/ecocampuspolitecnico/projetos-da-tua-escola/caminhada-pela-mobilidade/"><strong>tens tantas plantas a germinar que já não sabes mais onde plantar! queres ter uma que sempre desejaste? vem buscar, dá ou troca!</strong></a></h2>



<p>PODES AINDA ADICIONAR UMA POESIA À PLANTA, SERÁ MUITO BEM-VINDA!</p>



<p class="has-luminous-vivid-orange-color has-text-color has-medium-font-size">Comemoração do &#8220;Dia Internacional da Árvore&#8221;, do &#8220;Dia Internacional da Água&#8221; e do &#8220;Dia Internacional da Poesia&#8221;</p>



<p class="has-luminous-vivid-orange-color has-text-color has-medium-font-size">25 de março&#8217; 2026&#8242; 14h:00</p>



<p>Para comemorar os Dias Internacionais da &#8220;Árvore&#8221;, da &#8220;Água&#8221; e da &#8220;Poesia&#8221;, o projeto EcoCampus da Escola Superior de Tecnologia, Gestão e Design e da Escola Superior de Saúde irá organizar o momento ideal para a troca ou a doação das plantas que nesta época florescem nos nossos canteiros e jardins.</p>



<p>No dia 25 de março, pelas 14h:00, teremos no hall do edifício principal do Campus uma banca com plantas para simplesmente dar ou trocar. Basta vires buscar uma planta ou trazeres as plantas que queres trocar ou doar, e nós tratamos do resto!</p>



<h1 class="wp-block-heading"></h1>



<p></p>



<p></p>



<p></p>



<div class="wp-block-columns is-layout-flex wp-container-core-columns-is-layout-9d6595d7 wp-block-columns-is-layout-flex">
<div class="wp-block-column is-vertically-aligned-center is-layout-flow wp-block-column-is-layout-flow" style="flex-basis:33.33%">
<div class="wp-block-group"><div class="wp-block-group__inner-container is-layout-constrained wp-block-group-is-layout-constrained">
<p class="has-text-align-left"></p>
</div></div>
</div>
</div>



<div style="height:50px" aria-hidden="true" class="wp-block-spacer"></div>



<p class="has-text-align-center">Ver mais <strong><a href="http://collaboro.ipportalegre.pt/ecocampuspolitecnico/projetos-da-tua-escola/" data-type="page" data-id="214">PROJETOS DA TUA ESCOLA</a></strong></p>

<p>tens tantas plantas a germinar que já não sabes mais onde plantar! queres ter uma que sempre desejaste? vem buscar, dá ou troca! PODES AINDA ADICIONAR UMA POESIA À PLANTA, &#8230;</p>
