{"id":1456,"date":"2026-03-09T10:49:36","date_gmt":"2026-03-09T10:49:36","guid":{"rendered":"https:\/\/collaboro.ipportalegre.pt\/ecocampuspolitecnico\/?page_id=1456"},"modified":"2026-03-10T13:21:27","modified_gmt":"2026-03-10T13:21:27","slug":"ecowaste_-a-tua-garrafa-para-a-recolha-de-oleos-alimentares","status":"publish","type":"page","link":"https:\/\/collaboro.ipportalegre.pt\/ecocampuspolitecnico\/projetos-do-teu-campus\/ecowaste_-a-tua-garrafa-para-a-recolha-de-oleos-alimentares\/","title":{"rendered":"EcoWaste_ a tua garrafa para a recolha de \u00f3leos alimentares"},"content":{"rendered":"\n<div aria-hidden=\"true\" class=\"wp-block-spacer\"><\/div>\n\n\n\n<div style=\"height:30px\" aria-hidden=\"true\" class=\"wp-block-spacer\"><\/div>\n\n\n\n<figure class=\"wp-block-gallery has-nested-images columns-default is-cropped wp-block-gallery-1 is-layout-flex wp-block-gallery-is-layout-flex\">\n<figure class=\"wp-block-image size-large is-style-default\"><img loading=\"lazy\" decoding=\"async\" width=\"979\" height=\"1469\" data-id=\"1472\" src=\"https:\/\/collaboro.ipportalegre.pt\/ecocampuspolitecnico\/wp-content\/uploads\/sites\/9\/2026\/03\/WhatsApp-Image-2026-03-04-at-14.45.33-edited.jpeg\" alt=\"\" class=\"wp-image-1472\" style=\"object-fit:cover\" srcset=\"https:\/\/collaboro.ipportalegre.pt\/ecocampuspolitecnico\/wp-content\/uploads\/sites\/9\/2026\/03\/WhatsApp-Image-2026-03-04-at-14.45.33-edited.jpeg 979w, https:\/\/collaboro.ipportalegre.pt\/ecocampuspolitecnico\/wp-content\/uploads\/sites\/9\/2026\/03\/WhatsApp-Image-2026-03-04-at-14.45.33-edited-200x300.jpeg 200w, https:\/\/collaboro.ipportalegre.pt\/ecocampuspolitecnico\/wp-content\/uploads\/sites\/9\/2026\/03\/WhatsApp-Image-2026-03-04-at-14.45.33-edited-682x1024.jpeg 682w, https:\/\/collaboro.ipportalegre.pt\/ecocampuspolitecnico\/wp-content\/uploads\/sites\/9\/2026\/03\/WhatsApp-Image-2026-03-04-at-14.45.33-edited-768x1152.jpeg 768w\" sizes=\"auto, (max-width: 979px) 100vw, 979px\" \/><\/figure>\n\n\n\n<figure class=\"wp-block-image size-large\"><img loading=\"lazy\" decoding=\"async\" width=\"502\" height=\"1024\" data-id=\"1468\" src=\"https:\/\/collaboro.ipportalegre.pt\/ecocampuspolitecnico\/wp-content\/uploads\/sites\/9\/2026\/03\/file316_pt-1_page-0001-502x1024.jpg\" alt=\"\" class=\"wp-image-1468\" srcset=\"https:\/\/collaboro.ipportalegre.pt\/ecocampuspolitecnico\/wp-content\/uploads\/sites\/9\/2026\/03\/file316_pt-1_page-0001-502x1024.jpg 502w, https:\/\/collaboro.ipportalegre.pt\/ecocampuspolitecnico\/wp-content\/uploads\/sites\/9\/2026\/03\/file316_pt-1_page-0001-147x300.jpg 147w, https:\/\/collaboro.ipportalegre.pt\/ecocampuspolitecnico\/wp-content\/uploads\/sites\/9\/2026\/03\/file316_pt-1_page-0001.jpg 626w\" sizes=\"auto, (max-width: 502px) 100vw, 502px\" \/><\/figure>\n<\/figure>\n\n\n\n<p><\/p>\n\n\n\n<div style=\"height:50px\" aria-hidden=\"true\" class=\"wp-block-spacer\"><\/div>\n\n\n\n<h2 class=\"wp-block-heading\" style=\"text-transform:uppercase\"><strong><a href=\"https:\/\/collaboro.ipportalegre.pt\/ecocampuspolitecnico\/projetos-da-tua-escola\/caminhada-pela-mobilidade\/\">est\u00e1 a chegar ao campus polit\u00e9cnico a garrafa para a recolha do \u00f3leo alimentar usado<\/a>!<\/strong><\/h2>\n\n\n\n<p class=\"has-luminous-vivid-orange-color has-text-color has-medium-font-size\">Programa Prio Ecowaste. Dia 25 de mar\u00e7o&#8217; 2026&#8242; 14h:00<\/p>\n\n\n\n<p>O projeto EcoCampus da Escola Superior de Tecnologia, Gest\u00e3o e Design e da Escola Superior de Sa\u00fade, adere ao programa Prio EcoWaste, um projeto de sustentabilidade ambiental que tem com finalidade a recolha e a transforma\u00e7\u00e3o de \u00f3leos alimentares usados em biodiesel.<\/p>\n\n\n\n<p>No dia 25 de mar\u00e7o, pelas 14h:00, no hall do edif\u00edcio principal do Campus, teremos uma apresenta\u00e7\u00e3o feita pela Dra. In\u00eas Vieira, do programa EcoWaste_Prio, e ser\u00e3o oferecidas as garrafas para a recolha de \u00f3leos alimentares usados. Da apresenta\u00e7\u00e3o constam tamb\u00e9m as informa\u00e7\u00f5es e os procedimentos mais adequados para a recolha do \u00f3leo usado. <\/p>\n\n\n\n<p>Contamos com a presen\u00e7a de todos!<\/p>\n\n\n\n<h1 class=\"wp-block-heading\"><\/h1>\n\n\n\n<p>Mais informa\u00e7\u00f5es em:<\/p>\n\n\n\n<p><a href=\"https:\/\/www.prio.pt\/pt\/prio-ecowaste\">https:\/\/www.prio.pt\/pt\/prio-ecowaste<\/a><\/p>\n\n\n\n<p><\/p>\n\n\n\n<p><\/p>\n\n\n\n<p><\/p>\n\n\n\n<div class=\"wp-block-columns is-layout-flex wp-container-core-columns-is-layout-9d6595d7 wp-block-columns-is-layout-flex\">\n<div class=\"wp-block-column is-vertically-aligned-center is-layout-flow wp-block-column-is-layout-flow\" style=\"flex-basis:33.33%\">\n<div class=\"wp-block-group\"><div class=\"wp-block-group__inner-container is-layout-constrained wp-block-group-is-layout-constrained\">\n<p class=\"has-text-align-left\"><\/p>\n<\/div><\/div>\n<\/div>\n<\/div>\n\n\n\n<p class=\"has-text-align-center\">Ver mais <strong><a href=\"http:\/\/collaboro.ipportalegre.pt\/ecocampuspolitecnico\/projetos-da-tua-escola\/\" data-type=\"page\" data-id=\"214\">PROJETOS DA TUA ESCOLA<\/a><\/strong><\/p>\n","protected":false},"excerpt":{"rendered":"<p>est\u00e1 a chegar ao campus polit\u00e9cnico a garrafa para a recolha do \u00f3leo alimentar usado! Programa Prio Ecowaste. Dia 25 de mar\u00e7o&#8217; 2026&#8242; 14h:00 O projeto EcoCampus da Escola Superior &#8230;<\/p>\n","protected":false},"author":3,"featured_media":970,"parent":214,"menu_order":1,"comment_status":"closed","ping_status":"closed","template":"","meta":{"inline_featured_image":false,"footnotes":""},"class_list":["post-1456","page","type-page","status-publish","has-post-thumbnail","hentry"],"_links":{"self":[{"href":"https:\/\/collaboro.ipportalegre.pt\/ecocampuspolitecnico\/wp-json\/wp\/v2\/pages\/1456","targetHints":{"allow":["GET"]}}],"collection":[{"href":"https:\/\/collaboro.ipportalegre.pt\/ecocampuspolitecnico\/wp-json\/wp\/v2\/pages"}],"about":[{"href":"https:\/\/collaboro.ipportalegre.pt\/ecocampuspolitecnico\/wp-json\/wp\/v2\/types\/page"}],"author":[{"embeddable":true,"href":"https:\/\/collaboro.ipportalegre.pt\/ecocampuspolitecnico\/wp-json\/wp\/v2\/users\/3"}],"replies":[{"embeddable":true,"href":"https:\/\/collaboro.ipportalegre.pt\/ecocampuspolitecnico\/wp-json\/wp\/v2\/comments?post=1456"}],"version-history":[{"count":12,"href":"https:\/\/collaboro.ipportalegre.pt\/ecocampuspolitecnico\/wp-json\/wp\/v2\/pages\/1456\/revisions"}],"predecessor-version":[{"id":1490,"href":"https:\/\/collaboro.ipportalegre.pt\/ecocampuspolitecnico\/wp-json\/wp\/v2\/pages\/1456\/revisions\/1490"}],"up":[{"embeddable":true,"href":"https:\/\/collaboro.ipportalegre.pt\/ecocampuspolitecnico\/wp-json\/wp\/v2\/pages\/214"}],"wp:featuredmedia":[{"embeddable":true,"href":"https:\/\/collaboro.ipportalegre.pt\/ecocampuspolitecnico\/wp-json\/wp\/v2\/media\/970"}],"wp:attachment":[{"href":"https:\/\/collaboro.ipportalegre.pt\/ecocampuspolitecnico\/wp-json\/wp\/v2\/media?parent=1456"}],"curies":[{"name":"wp","href":"https:\/\/api.w.org\/{rel}","templated":true}]}}

EcoWaste_ a tua garrafa para a recolha de óleos alimentares

<div aria-hidden="true" class="wp-block-spacer"></div>



<div style="height:30px" aria-hidden="true" class="wp-block-spacer"></div>



<figure class="wp-block-gallery has-nested-images columns-default is-cropped wp-block-gallery-1 is-layout-flex wp-block-gallery-is-layout-flex">
<figure class="wp-block-image size-large is-style-default"><img loading="lazy" decoding="async" width="979" height="1469" data-id="1472" src="https://collaboro.ipportalegre.pt/ecocampuspolitecnico/wp-content/uploads/sites/9/2026/03/WhatsApp-Image-2026-03-04-at-14.45.33-edited.jpeg" alt="" class="wp-image-1472" style="object-fit:cover" srcset="https://collaboro.ipportalegre.pt/ecocampuspolitecnico/wp-content/uploads/sites/9/2026/03/WhatsApp-Image-2026-03-04-at-14.45.33-edited.jpeg 979w, https://collaboro.ipportalegre.pt/ecocampuspolitecnico/wp-content/uploads/sites/9/2026/03/WhatsApp-Image-2026-03-04-at-14.45.33-edited-200x300.jpeg 200w, https://collaboro.ipportalegre.pt/ecocampuspolitecnico/wp-content/uploads/sites/9/2026/03/WhatsApp-Image-2026-03-04-at-14.45.33-edited-682x1024.jpeg 682w, https://collaboro.ipportalegre.pt/ecocampuspolitecnico/wp-content/uploads/sites/9/2026/03/WhatsApp-Image-2026-03-04-at-14.45.33-edited-768x1152.jpeg 768w" sizes="auto, (max-width: 979px) 100vw, 979px" /></figure>



<figure class="wp-block-image size-large"><img loading="lazy" decoding="async" width="502" height="1024" data-id="1468" src="https://collaboro.ipportalegre.pt/ecocampuspolitecnico/wp-content/uploads/sites/9/2026/03/file316_pt-1_page-0001-502x1024.jpg" alt="" class="wp-image-1468" srcset="https://collaboro.ipportalegre.pt/ecocampuspolitecnico/wp-content/uploads/sites/9/2026/03/file316_pt-1_page-0001-502x1024.jpg 502w, https://collaboro.ipportalegre.pt/ecocampuspolitecnico/wp-content/uploads/sites/9/2026/03/file316_pt-1_page-0001-147x300.jpg 147w, https://collaboro.ipportalegre.pt/ecocampuspolitecnico/wp-content/uploads/sites/9/2026/03/file316_pt-1_page-0001.jpg 626w" sizes="auto, (max-width: 502px) 100vw, 502px" /></figure>
</figure>



<p></p>



<div style="height:50px" aria-hidden="true" class="wp-block-spacer"></div>



<h2 class="wp-block-heading" style="text-transform:uppercase"><strong><a href="https://collaboro.ipportalegre.pt/ecocampuspolitecnico/projetos-da-tua-escola/caminhada-pela-mobilidade/">está a chegar ao campus politécnico a garrafa para a recolha do óleo alimentar usado</a>!</strong></h2>



<p class="has-luminous-vivid-orange-color has-text-color has-medium-font-size">Programa Prio Ecowaste. Dia 25 de março&#8217; 2026&#8242; 14h:00</p>



<p>O projeto EcoCampus da Escola Superior de Tecnologia, Gestão e Design e da Escola Superior de Saúde, adere ao programa Prio EcoWaste, um projeto de sustentabilidade ambiental que tem com finalidade a recolha e a transformação de óleos alimentares usados em biodiesel.</p>



<p>No dia 25 de março, pelas 14h:00, no hall do edifício principal do Campus, teremos uma apresentação feita pela Dra. Inês Vieira, do programa EcoWaste_Prio, e serão oferecidas as garrafas para a recolha de óleos alimentares usados. Da apresentação constam também as informações e os procedimentos mais adequados para a recolha do óleo usado. </p>



<p>Contamos com a presença de todos!</p>



<h1 class="wp-block-heading"></h1>



<p>Mais informações em:</p>



<p><a href="https://www.prio.pt/pt/prio-ecowaste">https://www.prio.pt/pt/prio-ecowaste</a></p>



<p></p>



<p></p>



<p></p>



<div class="wp-block-columns is-layout-flex wp-container-core-columns-is-layout-9d6595d7 wp-block-columns-is-layout-flex">
<div class="wp-block-column is-vertically-aligned-center is-layout-flow wp-block-column-is-layout-flow" style="flex-basis:33.33%">
<div class="wp-block-group"><div class="wp-block-group__inner-container is-layout-constrained wp-block-group-is-layout-constrained">
<p class="has-text-align-left"></p>
</div></div>
</div>
</div>



<p class="has-text-align-center">Ver mais <strong><a href="http://collaboro.ipportalegre.pt/ecocampuspolitecnico/projetos-da-tua-escola/" data-type="page" data-id="214">PROJETOS DA TUA ESCOLA</a></strong></p>

<p>está a chegar ao campus politécnico a garrafa para a recolha do óleo alimentar usado! Programa Prio Ecowaste. Dia 25 de março&#8217; 2026&#8242; 14h:00 O projeto EcoCampus da Escola Superior &#8230;</p>
