{"id":1398,"date":"2025-12-05T23:44:17","date_gmt":"2025-12-05T23:44:17","guid":{"rendered":"https:\/\/collaboro.ipportalegre.pt\/ecocampuspolitecnico\/?page_id=1398"},"modified":"2025-12-07T10:40:20","modified_gmt":"2025-12-07T10:40:20","slug":"bandeira-verde-2025","status":"publish","type":"page","link":"https:\/\/collaboro.ipportalegre.pt\/ecocampuspolitecnico\/projetos-do-teu-campus\/bandeira-verde-2025\/","title":{"rendered":"Bandeira Verde 2025"},"content":{"rendered":"\n<div aria-hidden=\"true\" class=\"wp-block-spacer\"><\/div>\n\n\n\n<div class=\"wp-block-group is-nowrap is-layout-flex wp-container-core-group-is-layout-ad2f72ca wp-block-group-is-layout-flex\">\n<div class=\"wp-block-group is-nowrap is-layout-flex wp-container-core-group-is-layout-d653275e wp-block-group-is-layout-flex\">\n<div class=\"wp-block-group\"><div class=\"wp-block-group__inner-container is-layout-constrained wp-block-group-is-layout-constrained\">\n<div class=\"wp-block-columns is-layout-flex wp-container-core-columns-is-layout-9d6595d7 wp-block-columns-is-layout-flex\">\n<div class=\"wp-block-column is-layout-flow wp-block-column-is-layout-flow\" style=\"flex-basis:50%\">\n<figure class=\"wp-block-image size-large\"><img loading=\"lazy\" decoding=\"async\" width=\"1024\" height=\"602\" src=\"https:\/\/collaboro.ipportalegre.pt\/ecocampuspolitecnico\/wp-content\/uploads\/sites\/9\/2025\/12\/WhatsApp-Image-2025-12-05-at-18.12.04-1-1024x602.jpg\" alt=\"\" class=\"wp-image-1425\" srcset=\"https:\/\/collaboro.ipportalegre.pt\/ecocampuspolitecnico\/wp-content\/uploads\/sites\/9\/2025\/12\/WhatsApp-Image-2025-12-05-at-18.12.04-1-1024x602.jpg 1024w, https:\/\/collaboro.ipportalegre.pt\/ecocampuspolitecnico\/wp-content\/uploads\/sites\/9\/2025\/12\/WhatsApp-Image-2025-12-05-at-18.12.04-1-300x176.jpg 300w, https:\/\/collaboro.ipportalegre.pt\/ecocampuspolitecnico\/wp-content\/uploads\/sites\/9\/2025\/12\/WhatsApp-Image-2025-12-05-at-18.12.04-1-768x452.jpg 768w, https:\/\/collaboro.ipportalegre.pt\/ecocampuspolitecnico\/wp-content\/uploads\/sites\/9\/2025\/12\/WhatsApp-Image-2025-12-05-at-18.12.04-1-1536x904.jpg 1536w, https:\/\/collaboro.ipportalegre.pt\/ecocampuspolitecnico\/wp-content\/uploads\/sites\/9\/2025\/12\/WhatsApp-Image-2025-12-05-at-18.12.04-1.jpg 2040w\" sizes=\"auto, (max-width: 1024px) 100vw, 1024px\" \/><\/figure>\n<\/div>\n\n\n\n<div class=\"wp-block-column is-vertically-aligned-stretch is-layout-flow wp-block-column-is-layout-flow\" style=\"flex-basis:50%\">\n<figure class=\"wp-block-gallery has-nested-images columns-default is-cropped wp-block-gallery-1 is-layout-flex wp-block-gallery-is-layout-flex\">\n<figure class=\"wp-block-image size-full is-style-default\"><img loading=\"lazy\" decoding=\"async\" width=\"1896\" height=\"1109\" data-id=\"1429\" src=\"https:\/\/collaboro.ipportalegre.pt\/ecocampuspolitecnico\/wp-content\/uploads\/sites\/9\/2025\/12\/WhatsApp-Image-2025-12-05-at-18.12.04-1.jpeg\" alt=\"\" class=\"wp-image-1429\" srcset=\"https:\/\/collaboro.ipportalegre.pt\/ecocampuspolitecnico\/wp-content\/uploads\/sites\/9\/2025\/12\/WhatsApp-Image-2025-12-05-at-18.12.04-1.jpeg 1896w, https:\/\/collaboro.ipportalegre.pt\/ecocampuspolitecnico\/wp-content\/uploads\/sites\/9\/2025\/12\/WhatsApp-Image-2025-12-05-at-18.12.04-1-300x175.jpeg 300w, https:\/\/collaboro.ipportalegre.pt\/ecocampuspolitecnico\/wp-content\/uploads\/sites\/9\/2025\/12\/WhatsApp-Image-2025-12-05-at-18.12.04-1-1024x599.jpeg 1024w, https:\/\/collaboro.ipportalegre.pt\/ecocampuspolitecnico\/wp-content\/uploads\/sites\/9\/2025\/12\/WhatsApp-Image-2025-12-05-at-18.12.04-1-768x449.jpeg 768w, https:\/\/collaboro.ipportalegre.pt\/ecocampuspolitecnico\/wp-content\/uploads\/sites\/9\/2025\/12\/WhatsApp-Image-2025-12-05-at-18.12.04-1-1536x898.jpeg 1536w\" sizes=\"auto, (max-width: 1896px) 100vw, 1896px\" \/><\/figure>\n<\/figure>\n<\/div>\n<\/div>\n<\/div><\/div>\n<\/div>\n<\/div>\n\n\n<div class=\"wp-block-image\">\n<figure class=\"aligncenter size-large\"><img loading=\"lazy\" decoding=\"async\" width=\"1024\" height=\"495\" src=\"https:\/\/collaboro.ipportalegre.pt\/ecocampuspolitecnico\/wp-content\/uploads\/sites\/9\/2025\/12\/WhatsApp-Image-2025-12-05-at-18.20.40-1-1024x495.jpg\" alt=\"\" class=\"wp-image-1403\" srcset=\"https:\/\/collaboro.ipportalegre.pt\/ecocampuspolitecnico\/wp-content\/uploads\/sites\/9\/2025\/12\/WhatsApp-Image-2025-12-05-at-18.20.40-1-1024x495.jpg 1024w, https:\/\/collaboro.ipportalegre.pt\/ecocampuspolitecnico\/wp-content\/uploads\/sites\/9\/2025\/12\/WhatsApp-Image-2025-12-05-at-18.20.40-1-300x145.jpg 300w, https:\/\/collaboro.ipportalegre.pt\/ecocampuspolitecnico\/wp-content\/uploads\/sites\/9\/2025\/12\/WhatsApp-Image-2025-12-05-at-18.20.40-1-768x371.jpg 768w, https:\/\/collaboro.ipportalegre.pt\/ecocampuspolitecnico\/wp-content\/uploads\/sites\/9\/2025\/12\/WhatsApp-Image-2025-12-05-at-18.20.40-1-1536x742.jpg 1536w, https:\/\/collaboro.ipportalegre.pt\/ecocampuspolitecnico\/wp-content\/uploads\/sites\/9\/2025\/12\/WhatsApp-Image-2025-12-05-at-18.20.40-1.jpg 1640w\" sizes=\"auto, (max-width: 1024px) 100vw, 1024px\" \/><\/figure>\n<\/div>\n\n\n<p class=\"has-text-align-center has-small-font-size\">Docentes e estudantes em representa\u00e7\u00e3o das UO do Instituto Polit\u00e9cnico de Portalegre<\/p>\n\n\n\n<p class=\"has-text-align-center has-small-font-size\"><\/p>\n\n\n\n<div style=\"height:18px\" aria-hidden=\"true\" class=\"wp-block-spacer\"><\/div>\n\n\n\n<h2 class=\"wp-block-heading\" style=\"text-transform:uppercase\">galard\u00e3o ecocampus 2025<\/h2>\n\n\n\n<p class=\"has-text-color has-medium-font-size\" style=\"color:#fdc300\">Instituto Polit\u00e9cnico de Tomar* Cerim\u00f3nia de entrega dos galard\u00f5es EcoCampus | 05 de dezembro de 2025<\/p>\n\n\n\n<p><\/p>\n\n\n\n<div class=\"wp-block-columns is-layout-flex wp-container-core-columns-is-layout-9d6595d7 wp-block-columns-is-layout-flex\">\n<div class=\"wp-block-column is-layout-flow wp-block-column-is-layout-flow\" style=\"flex-basis:100%\">\n<p>Pelo quarto ano consecutivo a ESTGD e a ESS receberam o Galard\u00e3o Bandeira Verde, que premeia o trabalho desenvolvido no \u00e2mbito dos temas da sustentabilidade, uma distin\u00e7\u00e3o atribu\u00edda pelas boas pr\u00e1ticas evidentes no Campus, na \u00e1rea da sustentabilidade. Na sess\u00e3o deste ano, que decorreu no Polit\u00e9cnico de Tomar, o grupo EcoCampus recebeu ainda o segundo Galard\u00e3o EcoCampus.<\/p>\n\n\n\n<p>Obrigado a todos os estudantes, funcion\u00e1rios e professores, que t\u00eam contribu\u00eddo para o desenvolvimento deste programa!<\/p>\n\n\n\n<p><\/p>\n\n\n\n<p><\/p>\n<\/div>\n<\/div>\n\n\n\n<div style=\"height:50px\" aria-hidden=\"true\" class=\"wp-block-spacer\"><\/div>\n\n\n\n<p class=\"has-text-align-center\">Ver mais <strong><a href=\"https:\/\/collaboro.ipportalegre.pt\/ecocampuspolitecnico\/projetos-do-teu-campus\/\">PROJETOS DA TUA ESCOLA<\/a><\/strong><\/p>\n\n\n\n<p><\/p>\n","protected":false},"excerpt":{"rendered":"<p>Docentes e estudantes em representa\u00e7\u00e3o das UO do Instituto Polit\u00e9cnico de Portalegre galard\u00e3o ecocampus 2025 Instituto Polit\u00e9cnico de Tomar* Cerim\u00f3nia de entrega dos galard\u00f5es EcoCampus | 05 de dezembro de &#8230;<\/p>\n","protected":false},"author":3,"featured_media":0,"parent":214,"menu_order":1,"comment_status":"closed","ping_status":"closed","template":"","meta":{"inline_featured_image":false,"footnotes":"[]"},"class_list":["post-1398","page","type-page","status-publish","hentry"],"_links":{"self":[{"href":"https:\/\/collaboro.ipportalegre.pt\/ecocampuspolitecnico\/wp-json\/wp\/v2\/pages\/1398","targetHints":{"allow":["GET"]}}],"collection":[{"href":"https:\/\/collaboro.ipportalegre.pt\/ecocampuspolitecnico\/wp-json\/wp\/v2\/pages"}],"about":[{"href":"https:\/\/collaboro.ipportalegre.pt\/ecocampuspolitecnico\/wp-json\/wp\/v2\/types\/page"}],"author":[{"embeddable":true,"href":"https:\/\/collaboro.ipportalegre.pt\/ecocampuspolitecnico\/wp-json\/wp\/v2\/users\/3"}],"replies":[{"embeddable":true,"href":"https:\/\/collaboro.ipportalegre.pt\/ecocampuspolitecnico\/wp-json\/wp\/v2\/comments?post=1398"}],"version-history":[{"count":9,"href":"https:\/\/collaboro.ipportalegre.pt\/ecocampuspolitecnico\/wp-json\/wp\/v2\/pages\/1398\/revisions"}],"predecessor-version":[{"id":1435,"href":"https:\/\/collaboro.ipportalegre.pt\/ecocampuspolitecnico\/wp-json\/wp\/v2\/pages\/1398\/revisions\/1435"}],"up":[{"embeddable":true,"href":"https:\/\/collaboro.ipportalegre.pt\/ecocampuspolitecnico\/wp-json\/wp\/v2\/pages\/214"}],"wp:attachment":[{"href":"https:\/\/collaboro.ipportalegre.pt\/ecocampuspolitecnico\/wp-json\/wp\/v2\/media?parent=1398"}],"curies":[{"name":"wp","href":"https:\/\/api.w.org\/{rel}","templated":true}]}}

<div aria-hidden="true" class="wp-block-spacer"></div>



<div class="wp-block-group is-nowrap is-layout-flex wp-container-core-group-is-layout-ad2f72ca wp-block-group-is-layout-flex">
<div class="wp-block-group is-nowrap is-layout-flex wp-container-core-group-is-layout-d653275e wp-block-group-is-layout-flex">
<div class="wp-block-group"><div class="wp-block-group__inner-container is-layout-constrained wp-block-group-is-layout-constrained">
<div class="wp-block-columns is-layout-flex wp-container-core-columns-is-layout-9d6595d7 wp-block-columns-is-layout-flex">
<div class="wp-block-column is-layout-flow wp-block-column-is-layout-flow" style="flex-basis:50%">
<figure class="wp-block-image size-large"><img loading="lazy" decoding="async" width="1024" height="602" src="https://collaboro.ipportalegre.pt/ecocampuspolitecnico/wp-content/uploads/sites/9/2025/12/WhatsApp-Image-2025-12-05-at-18.12.04-1-1024x602.jpg" alt="" class="wp-image-1425" srcset="https://collaboro.ipportalegre.pt/ecocampuspolitecnico/wp-content/uploads/sites/9/2025/12/WhatsApp-Image-2025-12-05-at-18.12.04-1-1024x602.jpg 1024w, https://collaboro.ipportalegre.pt/ecocampuspolitecnico/wp-content/uploads/sites/9/2025/12/WhatsApp-Image-2025-12-05-at-18.12.04-1-300x176.jpg 300w, https://collaboro.ipportalegre.pt/ecocampuspolitecnico/wp-content/uploads/sites/9/2025/12/WhatsApp-Image-2025-12-05-at-18.12.04-1-768x452.jpg 768w, https://collaboro.ipportalegre.pt/ecocampuspolitecnico/wp-content/uploads/sites/9/2025/12/WhatsApp-Image-2025-12-05-at-18.12.04-1-1536x904.jpg 1536w, https://collaboro.ipportalegre.pt/ecocampuspolitecnico/wp-content/uploads/sites/9/2025/12/WhatsApp-Image-2025-12-05-at-18.12.04-1.jpg 2040w" sizes="auto, (max-width: 1024px) 100vw, 1024px" /></figure>
</div>



<div class="wp-block-column is-vertically-aligned-stretch is-layout-flow wp-block-column-is-layout-flow" style="flex-basis:50%">
<figure class="wp-block-gallery has-nested-images columns-default is-cropped wp-block-gallery-1 is-layout-flex wp-block-gallery-is-layout-flex">
<figure class="wp-block-image size-full is-style-default"><img loading="lazy" decoding="async" width="1896" height="1109" data-id="1429" src="https://collaboro.ipportalegre.pt/ecocampuspolitecnico/wp-content/uploads/sites/9/2025/12/WhatsApp-Image-2025-12-05-at-18.12.04-1.jpeg" alt="" class="wp-image-1429" srcset="https://collaboro.ipportalegre.pt/ecocampuspolitecnico/wp-content/uploads/sites/9/2025/12/WhatsApp-Image-2025-12-05-at-18.12.04-1.jpeg 1896w, https://collaboro.ipportalegre.pt/ecocampuspolitecnico/wp-content/uploads/sites/9/2025/12/WhatsApp-Image-2025-12-05-at-18.12.04-1-300x175.jpeg 300w, https://collaboro.ipportalegre.pt/ecocampuspolitecnico/wp-content/uploads/sites/9/2025/12/WhatsApp-Image-2025-12-05-at-18.12.04-1-1024x599.jpeg 1024w, https://collaboro.ipportalegre.pt/ecocampuspolitecnico/wp-content/uploads/sites/9/2025/12/WhatsApp-Image-2025-12-05-at-18.12.04-1-768x449.jpeg 768w, https://collaboro.ipportalegre.pt/ecocampuspolitecnico/wp-content/uploads/sites/9/2025/12/WhatsApp-Image-2025-12-05-at-18.12.04-1-1536x898.jpeg 1536w" sizes="auto, (max-width: 1896px) 100vw, 1896px" /></figure>
</figure>
</div>
</div>
</div></div>
</div>
</div>


<div class="wp-block-image">
<figure class="aligncenter size-large"><img loading="lazy" decoding="async" width="1024" height="495" src="https://collaboro.ipportalegre.pt/ecocampuspolitecnico/wp-content/uploads/sites/9/2025/12/WhatsApp-Image-2025-12-05-at-18.20.40-1-1024x495.jpg" alt="" class="wp-image-1403" srcset="https://collaboro.ipportalegre.pt/ecocampuspolitecnico/wp-content/uploads/sites/9/2025/12/WhatsApp-Image-2025-12-05-at-18.20.40-1-1024x495.jpg 1024w, https://collaboro.ipportalegre.pt/ecocampuspolitecnico/wp-content/uploads/sites/9/2025/12/WhatsApp-Image-2025-12-05-at-18.20.40-1-300x145.jpg 300w, https://collaboro.ipportalegre.pt/ecocampuspolitecnico/wp-content/uploads/sites/9/2025/12/WhatsApp-Image-2025-12-05-at-18.20.40-1-768x371.jpg 768w, https://collaboro.ipportalegre.pt/ecocampuspolitecnico/wp-content/uploads/sites/9/2025/12/WhatsApp-Image-2025-12-05-at-18.20.40-1-1536x742.jpg 1536w, https://collaboro.ipportalegre.pt/ecocampuspolitecnico/wp-content/uploads/sites/9/2025/12/WhatsApp-Image-2025-12-05-at-18.20.40-1.jpg 1640w" sizes="auto, (max-width: 1024px) 100vw, 1024px" /></figure>
</div>


<p class="has-text-align-center has-small-font-size">Docentes e estudantes em representação das UO do Instituto Politécnico de Portalegre</p>



<p class="has-text-align-center has-small-font-size"></p>



<div style="height:18px" aria-hidden="true" class="wp-block-spacer"></div>



<h2 class="wp-block-heading" style="text-transform:uppercase">galardão ecocampus 2025</h2>



<p class="has-text-color has-medium-font-size" style="color:#fdc300">Instituto Politécnico de Tomar* Cerimónia de entrega dos galardões EcoCampus | 05 de dezembro de 2025</p>



<p></p>



<div class="wp-block-columns is-layout-flex wp-container-core-columns-is-layout-9d6595d7 wp-block-columns-is-layout-flex">
<div class="wp-block-column is-layout-flow wp-block-column-is-layout-flow" style="flex-basis:100%">
<p>Pelo quarto ano consecutivo a ESTGD e a ESS receberam o Galardão Bandeira Verde, que premeia o trabalho desenvolvido no âmbito dos temas da sustentabilidade, uma distinção atribuída pelas boas práticas evidentes no Campus, na área da sustentabilidade. Na sessão deste ano, que decorreu no Politécnico de Tomar, o grupo EcoCampus recebeu ainda o segundo Galardão EcoCampus.</p>



<p>Obrigado a todos os estudantes, funcionários e professores, que têm contribuído para o desenvolvimento deste programa!</p>



<p></p>



<p></p>
</div>
</div>



<div style="height:50px" aria-hidden="true" class="wp-block-spacer"></div>



<p class="has-text-align-center">Ver mais <strong><a href="https://collaboro.ipportalegre.pt/ecocampuspolitecnico/projetos-do-teu-campus/">PROJETOS DA TUA ESCOLA</a></strong></p>



<p></p>

<p>Docentes e estudantes em representação das UO do Instituto Politécnico de Portalegre galardão ecocampus 2025 Instituto Politécnico de Tomar* Cerimónia de entrega dos galardões EcoCampus | 05 de dezembro de &#8230;</p>
