{"id":1391,"date":"2025-12-05T22:35:39","date_gmt":"2025-12-05T22:35:39","guid":{"rendered":"https:\/\/collaboro.ipportalegre.pt\/ecocampuspolitecnico\/?page_id=1391"},"modified":"2026-03-09T10:33:00","modified_gmt":"2026-03-09T10:33:00","slug":"almoco-de-natal-intercultural-2025","status":"publish","type":"page","link":"https:\/\/collaboro.ipportalegre.pt\/ecocampuspolitecnico\/projetos-do-teu-campus\/almoco-de-natal-intercultural-2025\/","title":{"rendered":"Almo\u00e7o de Natal Intercultural 2025"},"content":{"rendered":"\n<div aria-hidden=\"true\" class=\"wp-block-spacer\"><\/div>\n\n\n\n<div class=\"wp-block-media-text is-stacked-on-mobile is-vertically-aligned-top\"><figure class=\"wp-block-media-text__media\"><img loading=\"lazy\" decoding=\"async\" width=\"1020\" height=\"1024\" src=\"https:\/\/collaboro.ipportalegre.pt\/ecocampuspolitecnico\/wp-content\/uploads\/sites\/9\/2025\/12\/Natal-Intercultural-face-1020x1024.png\" alt=\"\" class=\"wp-image-1395 size-full\" srcset=\"https:\/\/collaboro.ipportalegre.pt\/ecocampuspolitecnico\/wp-content\/uploads\/sites\/9\/2025\/12\/Natal-Intercultural-face-1020x1024.png 1020w, https:\/\/collaboro.ipportalegre.pt\/ecocampuspolitecnico\/wp-content\/uploads\/sites\/9\/2025\/12\/Natal-Intercultural-face-300x300.png 300w, https:\/\/collaboro.ipportalegre.pt\/ecocampuspolitecnico\/wp-content\/uploads\/sites\/9\/2025\/12\/Natal-Intercultural-face-150x150.png 150w, https:\/\/collaboro.ipportalegre.pt\/ecocampuspolitecnico\/wp-content\/uploads\/sites\/9\/2025\/12\/Natal-Intercultural-face-768x771.png 768w, https:\/\/collaboro.ipportalegre.pt\/ecocampuspolitecnico\/wp-content\/uploads\/sites\/9\/2025\/12\/Natal-Intercultural-face.png 1080w\" sizes=\"auto, (max-width: 1020px) 100vw, 1020px\" \/><\/figure><div class=\"wp-block-media-text__content\">\n<h2 class=\"wp-block-heading\" style=\"text-transform:uppercase\">almo\u00e7o de natal intercultural<\/h2>\n\n\n\n<p class=\"has-text-color has-medium-font-size\" style=\"color:#fdc300\">16 de dezembro&#8217; 2025&#8242; <\/p>\n\n\n\n<p> Este \u00e9 um momento para celebrarmos as conquistas deste ano e desfrutarmos dos pratos t\u00edpicos e sobremesas das v\u00e1rias regi\u00f5es e pa\u00edses de onde s\u00e3o oriundos os estudantes, os docentes e os funcion\u00e1rios do IPP.<\/p>\n\n\n\n<p>Este encontro \u00e9 uma excelente oportunidade para fortalecer os nossos la\u00e7os e conhecer as diferentes culturas dentro do IPP. <\/p>\n\n\n\n<p>Inscri\u00e7\u00f5es:<\/p>\n\n\n\n<p><a href=\"https:\/\/forms.gle\/Ax3sToTHWJpsCVqaA\">https:\/\/forms.gle\/Ax3sToTHWJpsCVqaA<\/a><\/p>\n<\/div><\/div>\n\n\n\n<div style=\"height:62px\" aria-hidden=\"true\" class=\"wp-block-spacer\"><\/div>\n\n\n\n<div class=\"wp-block-cover has-custom-content-position is-position-top-center\"><img loading=\"lazy\" decoding=\"async\" width=\"1024\" height=\"768\" class=\"wp-block-cover__image-background wp-image-1451 size-large\" alt=\"\" src=\"https:\/\/collaboro.ipportalegre.pt\/ecocampuspolitecnico\/wp-content\/uploads\/sites\/9\/2026\/03\/WhatsApp-Image-2025-12-16-at-14.44.59-1-2-1024x768.jpeg\" style=\"object-position:47% 64%\" data-object-fit=\"cover\" data-object-position=\"47% 64%\" srcset=\"https:\/\/collaboro.ipportalegre.pt\/ecocampuspolitecnico\/wp-content\/uploads\/sites\/9\/2026\/03\/WhatsApp-Image-2025-12-16-at-14.44.59-1-2-1024x768.jpeg 1024w, https:\/\/collaboro.ipportalegre.pt\/ecocampuspolitecnico\/wp-content\/uploads\/sites\/9\/2026\/03\/WhatsApp-Image-2025-12-16-at-14.44.59-1-2-300x225.jpeg 300w, https:\/\/collaboro.ipportalegre.pt\/ecocampuspolitecnico\/wp-content\/uploads\/sites\/9\/2026\/03\/WhatsApp-Image-2025-12-16-at-14.44.59-1-2-768x576.jpeg 768w, https:\/\/collaboro.ipportalegre.pt\/ecocampuspolitecnico\/wp-content\/uploads\/sites\/9\/2026\/03\/WhatsApp-Image-2025-12-16-at-14.44.59-1-2-1536x1152.jpeg 1536w, https:\/\/collaboro.ipportalegre.pt\/ecocampuspolitecnico\/wp-content\/uploads\/sites\/9\/2026\/03\/WhatsApp-Image-2025-12-16-at-14.44.59-1-2.jpeg 2048w\" sizes=\"auto, (max-width: 1024px) 100vw, 1024px\" \/><span aria-hidden=\"true\" class=\"wp-block-cover__background has-background-dim\" style=\"background-color:#685c52\"><\/span><div class=\"wp-block-cover__inner-container is-layout-flow wp-block-cover-is-layout-flow\">\n<p class=\"has-text-align-center has-large-font-size\"><\/p>\n<\/div><\/div>\n\n\n\n<p>Organiza\u00e7\u00e3o:<br>EcoCampus: <a href=\"mailto:collaboro.estg@ipportalegre.pt\">collaboro.ecocampus@ipportalegre.pt<\/a><br><\/p>\n\n\n\n<div style=\"height:62px\" aria-hidden=\"true\" class=\"wp-block-spacer\"><\/div>\n\n\n\n<p class=\"has-text-align-center\">Ver mais<a href=\"https:\/\/collaboro.ipportalegre.pt\/ecocampuspolitecnico\/projetos-do-teu-campus\/almoco-de-natal-intercultural-2025\/\" data-type=\"page\" data-id=\"1391\"> <\/a><strong><a href=\"https:\/\/collaboro.ipportalegre.pt\/ecocampuspolitecnico\/projetos-do-teu-campus\/\" data-type=\"page\" data-id=\"214\">PROJETOS DA TUA ESCOLA<\/a><\/strong><\/p>\n","protected":false},"excerpt":{"rendered":"<p>almo\u00e7o de natal intercultural 16 de dezembro&#8217; 2025&#8242; Este \u00e9 um momento para celebrarmos as conquistas deste ano e desfrutarmos dos pratos t\u00edpicos e sobremesas das v\u00e1rias regi\u00f5es e pa\u00edses &#8230;<\/p>\n","protected":false},"author":3,"featured_media":970,"parent":214,"menu_order":1,"comment_status":"closed","ping_status":"closed","template":"","meta":{"inline_featured_image":false,"footnotes":""},"class_list":["post-1391","page","type-page","status-publish","has-post-thumbnail","hentry"],"_links":{"self":[{"href":"https:\/\/collaboro.ipportalegre.pt\/ecocampuspolitecnico\/wp-json\/wp\/v2\/pages\/1391","targetHints":{"allow":["GET"]}}],"collection":[{"href":"https:\/\/collaboro.ipportalegre.pt\/ecocampuspolitecnico\/wp-json\/wp\/v2\/pages"}],"about":[{"href":"https:\/\/collaboro.ipportalegre.pt\/ecocampuspolitecnico\/wp-json\/wp\/v2\/types\/page"}],"author":[{"embeddable":true,"href":"https:\/\/collaboro.ipportalegre.pt\/ecocampuspolitecnico\/wp-json\/wp\/v2\/users\/3"}],"replies":[{"embeddable":true,"href":"https:\/\/collaboro.ipportalegre.pt\/ecocampuspolitecnico\/wp-json\/wp\/v2\/comments?post=1391"}],"version-history":[{"count":10,"href":"https:\/\/collaboro.ipportalegre.pt\/ecocampuspolitecnico\/wp-json\/wp\/v2\/pages\/1391\/revisions"}],"predecessor-version":[{"id":1455,"href":"https:\/\/collaboro.ipportalegre.pt\/ecocampuspolitecnico\/wp-json\/wp\/v2\/pages\/1391\/revisions\/1455"}],"up":[{"embeddable":true,"href":"https:\/\/collaboro.ipportalegre.pt\/ecocampuspolitecnico\/wp-json\/wp\/v2\/pages\/214"}],"wp:featuredmedia":[{"embeddable":true,"href":"https:\/\/collaboro.ipportalegre.pt\/ecocampuspolitecnico\/wp-json\/wp\/v2\/media\/970"}],"wp:attachment":[{"href":"https:\/\/collaboro.ipportalegre.pt\/ecocampuspolitecnico\/wp-json\/wp\/v2\/media?parent=1391"}],"curies":[{"name":"wp","href":"https:\/\/api.w.org\/{rel}","templated":true}]}}

Almoço de Natal Intercultural 2025

<div aria-hidden="true" class="wp-block-spacer"></div>



<div class="wp-block-media-text is-stacked-on-mobile is-vertically-aligned-top"><figure class="wp-block-media-text__media"><img loading="lazy" decoding="async" width="1020" height="1024" src="https://collaboro.ipportalegre.pt/ecocampuspolitecnico/wp-content/uploads/sites/9/2025/12/Natal-Intercultural-face-1020x1024.png" alt="" class="wp-image-1395 size-full" srcset="https://collaboro.ipportalegre.pt/ecocampuspolitecnico/wp-content/uploads/sites/9/2025/12/Natal-Intercultural-face-1020x1024.png 1020w, https://collaboro.ipportalegre.pt/ecocampuspolitecnico/wp-content/uploads/sites/9/2025/12/Natal-Intercultural-face-300x300.png 300w, https://collaboro.ipportalegre.pt/ecocampuspolitecnico/wp-content/uploads/sites/9/2025/12/Natal-Intercultural-face-150x150.png 150w, https://collaboro.ipportalegre.pt/ecocampuspolitecnico/wp-content/uploads/sites/9/2025/12/Natal-Intercultural-face-768x771.png 768w, https://collaboro.ipportalegre.pt/ecocampuspolitecnico/wp-content/uploads/sites/9/2025/12/Natal-Intercultural-face.png 1080w" sizes="auto, (max-width: 1020px) 100vw, 1020px" /></figure><div class="wp-block-media-text__content">
<h2 class="wp-block-heading" style="text-transform:uppercase">almoço de natal intercultural</h2>



<p class="has-text-color has-medium-font-size" style="color:#fdc300">16 de dezembro&#8217; 2025&#8242; </p>



<p> Este é um momento para celebrarmos as conquistas deste ano e desfrutarmos dos pratos típicos e sobremesas das várias regiões e países de onde são oriundos os estudantes, os docentes e os funcionários do IPP.</p>



<p>Este encontro é uma excelente oportunidade para fortalecer os nossos laços e conhecer as diferentes culturas dentro do IPP. </p>



<p>Inscrições:</p>



<p><a href="https://forms.gle/Ax3sToTHWJpsCVqaA">https://forms.gle/Ax3sToTHWJpsCVqaA</a></p>
</div></div>



<div style="height:62px" aria-hidden="true" class="wp-block-spacer"></div>



<div class="wp-block-cover has-custom-content-position is-position-top-center"><img loading="lazy" decoding="async" width="1024" height="768" class="wp-block-cover__image-background wp-image-1451 size-large" alt="" src="https://collaboro.ipportalegre.pt/ecocampuspolitecnico/wp-content/uploads/sites/9/2026/03/WhatsApp-Image-2025-12-16-at-14.44.59-1-2-1024x768.jpeg" style="object-position:47% 64%" data-object-fit="cover" data-object-position="47% 64%" srcset="https://collaboro.ipportalegre.pt/ecocampuspolitecnico/wp-content/uploads/sites/9/2026/03/WhatsApp-Image-2025-12-16-at-14.44.59-1-2-1024x768.jpeg 1024w, https://collaboro.ipportalegre.pt/ecocampuspolitecnico/wp-content/uploads/sites/9/2026/03/WhatsApp-Image-2025-12-16-at-14.44.59-1-2-300x225.jpeg 300w, https://collaboro.ipportalegre.pt/ecocampuspolitecnico/wp-content/uploads/sites/9/2026/03/WhatsApp-Image-2025-12-16-at-14.44.59-1-2-768x576.jpeg 768w, https://collaboro.ipportalegre.pt/ecocampuspolitecnico/wp-content/uploads/sites/9/2026/03/WhatsApp-Image-2025-12-16-at-14.44.59-1-2-1536x1152.jpeg 1536w, https://collaboro.ipportalegre.pt/ecocampuspolitecnico/wp-content/uploads/sites/9/2026/03/WhatsApp-Image-2025-12-16-at-14.44.59-1-2.jpeg 2048w" sizes="auto, (max-width: 1024px) 100vw, 1024px" /><span aria-hidden="true" class="wp-block-cover__background has-background-dim" style="background-color:#685c52"></span><div class="wp-block-cover__inner-container is-layout-flow wp-block-cover-is-layout-flow">
<p class="has-text-align-center has-large-font-size"></p>
</div></div>



<p>Organização:<br>EcoCampus: <a href="mailto:collaboro.estg@ipportalegre.pt">collaboro.ecocampus@ipportalegre.pt</a><br></p>



<div style="height:62px" aria-hidden="true" class="wp-block-spacer"></div>



<p class="has-text-align-center">Ver mais<a href="https://collaboro.ipportalegre.pt/ecocampuspolitecnico/projetos-do-teu-campus/almoco-de-natal-intercultural-2025/" data-type="page" data-id="1391"> </a><strong><a href="https://collaboro.ipportalegre.pt/ecocampuspolitecnico/projetos-do-teu-campus/" data-type="page" data-id="214">PROJETOS DA TUA ESCOLA</a></strong></p>

<p>almoço de natal intercultural 16 de dezembro&#8217; 2025&#8242; Este é um momento para celebrarmos as conquistas deste ano e desfrutarmos dos pratos típicos e sobremesas das várias regiões e países &#8230;</p>
