{"id":1372,"date":"2025-05-22T09:55:51","date_gmt":"2025-05-22T09:55:51","guid":{"rendered":"https:\/\/collaboro.ipportalegre.pt\/ecocampuspolitecnico\/?page_id=1372"},"modified":"2025-05-22T13:46:35","modified_gmt":"2025-05-22T13:46:35","slug":"dias-do-ambiente-2025-documentario-coa-mais-selvagem","status":"publish","type":"page","link":"https:\/\/collaboro.ipportalegre.pt\/ecocampuspolitecnico\/projetos-do-teu-campus\/dias-do-ambiente-2025-documentario-coa-mais-selvagem\/","title":{"rendered":"Dias do Ambiente 2025* Document\u00e1rio C\u00f4a Mais Selvagem"},"content":{"rendered":"<div class=\"wp-block-group\">\n<figure>\n<p><span style=\"color: #ffcc00\"><a style=\"font-family: Raleway, Helvetica, Arial, sans-serif;font-size: 2rem;font-weight: 600;text-transform: uppercase;color: #ffcc00\" href=\"https:\/\/collaboro.ipportalegre.pt\/ecocampuspolitecnico\/projetos-do-teu-campus\/dias-do-ambiente-2\/\">Dias do ambiente<\/a><\/span><\/p>\n<p><span style=\"color: #ffcc00\"><strong>FILME &#8220;<a style=\"color: #ffcc00\" href=\"https:\/\/youtu.be\/5E6OxL-c9uc\">C\u00d4A MAIS SELVAGEM<\/a>&#8220;<\/strong><\/span><\/p>\n<p><span style=\"color: #333333\"><a style=\"color: #333333\" href=\"https:\/\/rewilding-portugal.com\/greater-coa-valley\/touristic-packages\/?gad_source=1&amp;gad_campaignid=21959758931&amp;gbraid=0AAAAAo0zPYo9fCdJCG56sBODjpleR7vwO&amp;gclid=Cj0KCQjwlrvBBhDnARIsAHEQgOSSyccLDR_dJn_AHTQdoyFJm-IuaMH53b6CAoSMXt4TlqgodIAfRAEaAmp8EALw_wcB\">Projeto Rewilding Portugal<\/a><\/span><\/p>\n<p>No dia 20 de maio, o Programa EcoCampus apresentou o filme de Jo\u00e3o Cosme, &#8220;C\u00f4a Mais Selvagem&#8221;. Um filme recheado de imagens belas e inspiradoras, gravado numa das zonas mais selvagens de Portugal, o Grande Vale do C\u00f4a.<\/p>\n<p><span style=\"color: #ffcc00\"><strong>MAIS\u00a0UM DIA DO AMBIENTE<\/strong>!<\/span><\/p>\n<p><img loading=\"lazy\" decoding=\"async\" class=\"aligncenter wp-image-1373 size-full\" src=\"http:\/\/collaboro.ipportalegre.pt\/ecocampuspolitecnico\/wp-content\/uploads\/sites\/9\/2025\/05\/Coa-Selvagem.jpg\" alt=\"\" width=\"1024\" height=\"578\" srcset=\"https:\/\/collaboro.ipportalegre.pt\/ecocampuspolitecnico\/wp-content\/uploads\/sites\/9\/2025\/05\/Coa-Selvagem.jpg 1024w, https:\/\/collaboro.ipportalegre.pt\/ecocampuspolitecnico\/wp-content\/uploads\/sites\/9\/2025\/05\/Coa-Selvagem-300x169.jpg 300w, https:\/\/collaboro.ipportalegre.pt\/ecocampuspolitecnico\/wp-content\/uploads\/sites\/9\/2025\/05\/Coa-Selvagem-768x434.jpg 768w\" sizes=\"auto, (max-width: 1024px) 100vw, 1024px\" \/><\/p>\n<p style=\"text-align: center\">Proje\u00e7\u00e3o do filme de Jo\u00e3o Cosme, &#8220;C\u00f4a Mais Selvagem&#8221;<\/p>\n<p><a href=\"https:\/\/www.youtube.com\/shorts\/XP3ArZ-4JI8?app=desktop\"><img loading=\"lazy\" decoding=\"async\" class=\"aligncenter wp-image-1259\" src=\"http:\/\/collaboro.ipportalegre.pt\/estg\/wp-content\/uploads\/sites\/5\/2025\/04\/Cartaz-de-filme-com-estilo-escuro-e-serio-em-preto-e-branco-1080-x-1350-px-6-240x300.png\" alt=\"\" width=\"476\" height=\"609\" \/><\/a><\/p>\n<p>&nbsp;<\/p>\n<div class=\"wp-block-group\">\n<p>&nbsp;<\/p>\n<\/div>\n<\/figure>\n<\/div>\n<figure class=\"wp-block-image size-large\"><\/figure>\n\n\n<div aria-hidden=\"true\" class=\"wp-block-spacer\"><\/div>\n\n\n\n<p class=\"has-text-align-center\">Ver mais <strong><a href=\"http:\/\/collaboro.ipportalegre.pt\/ecocampuspolitecnico\/projetos-da-tua-escola\/\" data-type=\"page\" data-id=\"214\">PROJETOS DA TUA ESCOLA<\/a><\/strong><\/p>\n\n\n\n<p><\/p>\n","protected":false},"excerpt":{"rendered":"<p>Dias do ambiente FILME &#8220;C\u00d4A MAIS SELVAGEM&#8220; Projeto Rewilding Portugal No dia 20 de maio, o Programa EcoCampus apresentou o filme de Jo\u00e3o Cosme, &#8220;C\u00f4a Mais Selvagem&#8221;. Um filme recheado &#8230;<\/p>\n","protected":false},"author":3,"featured_media":970,"parent":214,"menu_order":1,"comment_status":"closed","ping_status":"closed","template":"","meta":{"inline_featured_image":false,"footnotes":""},"class_list":["post-1372","page","type-page","status-publish","has-post-thumbnail","hentry"],"_links":{"self":[{"href":"https:\/\/collaboro.ipportalegre.pt\/ecocampuspolitecnico\/wp-json\/wp\/v2\/pages\/1372","targetHints":{"allow":["GET"]}}],"collection":[{"href":"https:\/\/collaboro.ipportalegre.pt\/ecocampuspolitecnico\/wp-json\/wp\/v2\/pages"}],"about":[{"href":"https:\/\/collaboro.ipportalegre.pt\/ecocampuspolitecnico\/wp-json\/wp\/v2\/types\/page"}],"author":[{"embeddable":true,"href":"https:\/\/collaboro.ipportalegre.pt\/ecocampuspolitecnico\/wp-json\/wp\/v2\/users\/3"}],"replies":[{"embeddable":true,"href":"https:\/\/collaboro.ipportalegre.pt\/ecocampuspolitecnico\/wp-json\/wp\/v2\/comments?post=1372"}],"version-history":[{"count":6,"href":"https:\/\/collaboro.ipportalegre.pt\/ecocampuspolitecnico\/wp-json\/wp\/v2\/pages\/1372\/revisions"}],"predecessor-version":[{"id":1385,"href":"https:\/\/collaboro.ipportalegre.pt\/ecocampuspolitecnico\/wp-json\/wp\/v2\/pages\/1372\/revisions\/1385"}],"up":[{"embeddable":true,"href":"https:\/\/collaboro.ipportalegre.pt\/ecocampuspolitecnico\/wp-json\/wp\/v2\/pages\/214"}],"wp:featuredmedia":[{"embeddable":true,"href":"https:\/\/collaboro.ipportalegre.pt\/ecocampuspolitecnico\/wp-json\/wp\/v2\/media\/970"}],"wp:attachment":[{"href":"https:\/\/collaboro.ipportalegre.pt\/ecocampuspolitecnico\/wp-json\/wp\/v2\/media?parent=1372"}],"curies":[{"name":"wp","href":"https:\/\/api.w.org\/{rel}","templated":true}]}}

Dias do Ambiente 2025* Documentário Côa Mais Selvagem

<div class="wp-block-group">
<figure>
<p><span style="color: #ffcc00"><a style="font-family: Raleway, Helvetica, Arial, sans-serif;font-size: 2rem;font-weight: 600;text-transform: uppercase;color: #ffcc00" href="https://collaboro.ipportalegre.pt/ecocampuspolitecnico/projetos-do-teu-campus/dias-do-ambiente-2/">Dias do ambiente</a></span></p>
<p><span style="color: #ffcc00"><strong>FILME &#8220;<a style="color: #ffcc00" href="https://youtu.be/5E6OxL-c9uc">CÔA MAIS SELVAGEM</a>&#8220;</strong></span></p>
<p><span style="color: #333333"><a style="color: #333333" href="https://rewilding-portugal.com/greater-coa-valley/touristic-packages/?gad_source=1&amp;gad_campaignid=21959758931&amp;gbraid=0AAAAAo0zPYo9fCdJCG56sBODjpleR7vwO&amp;gclid=Cj0KCQjwlrvBBhDnARIsAHEQgOSSyccLDR_dJn_AHTQdoyFJm-IuaMH53b6CAoSMXt4TlqgodIAfRAEaAmp8EALw_wcB">Projeto Rewilding Portugal</a></span></p>
<p>No dia 20 de maio, o Programa EcoCampus apresentou o filme de João Cosme, &#8220;Côa Mais Selvagem&#8221;. Um filme recheado de imagens belas e inspiradoras, gravado numa das zonas mais selvagens de Portugal, o Grande Vale do Côa.</p>
<p><span style="color: #ffcc00"><strong>MAIS UM DIA DO AMBIENTE</strong>!</span></p>
<p><img loading="lazy" decoding="async" class="aligncenter wp-image-1373 size-full" src="http://collaboro.ipportalegre.pt/ecocampuspolitecnico/wp-content/uploads/sites/9/2025/05/Coa-Selvagem.jpg" alt="" width="1024" height="578" srcset="https://collaboro.ipportalegre.pt/ecocampuspolitecnico/wp-content/uploads/sites/9/2025/05/Coa-Selvagem.jpg 1024w, https://collaboro.ipportalegre.pt/ecocampuspolitecnico/wp-content/uploads/sites/9/2025/05/Coa-Selvagem-300x169.jpg 300w, https://collaboro.ipportalegre.pt/ecocampuspolitecnico/wp-content/uploads/sites/9/2025/05/Coa-Selvagem-768x434.jpg 768w" sizes="auto, (max-width: 1024px) 100vw, 1024px" /></p>
<p style="text-align: center">Projeção do filme de João Cosme, &#8220;Côa Mais Selvagem&#8221;</p>
<p><a href="https://www.youtube.com/shorts/XP3ArZ-4JI8?app=desktop"><img loading="lazy" decoding="async" class="aligncenter wp-image-1259" src="http://collaboro.ipportalegre.pt/estg/wp-content/uploads/sites/5/2025/04/Cartaz-de-filme-com-estilo-escuro-e-serio-em-preto-e-branco-1080-x-1350-px-6-240x300.png" alt="" width="476" height="609" /></a></p>
<p>&nbsp;</p>
<div class="wp-block-group">
<p>&nbsp;</p>
</div>
</figure>
</div>
<figure class="wp-block-image size-large"></figure>


<div aria-hidden="true" class="wp-block-spacer"></div>



<p class="has-text-align-center">Ver mais <strong><a href="http://collaboro.ipportalegre.pt/ecocampuspolitecnico/projetos-da-tua-escola/" data-type="page" data-id="214">PROJETOS DA TUA ESCOLA</a></strong></p>



<p></p>

<p>Dias do ambiente FILME &#8220;CÔA MAIS SELVAGEM&#8220; Projeto Rewilding Portugal No dia 20 de maio, o Programa EcoCampus apresentou o filme de João Cosme, &#8220;Côa Mais Selvagem&#8221;. Um filme recheado &#8230;</p>
