{"id":1264,"date":"2025-04-24T17:26:18","date_gmt":"2025-04-24T17:26:18","guid":{"rendered":"https:\/\/collaboro.ipportalegre.pt\/ecocampuspolitecnico\/?page_id=1264"},"modified":"2025-05-12T09:42:40","modified_gmt":"2025-05-12T09:42:40","slug":"dias-do-ambiente-2","status":"publish","type":"page","link":"https:\/\/collaboro.ipportalegre.pt\/ecocampuspolitecnico\/projetos-do-teu-campus\/dias-do-ambiente-2\/","title":{"rendered":"Dias do Ambiente 2025"},"content":{"rendered":"\n<h2 class=\"wp-block-heading\">Dias do Ambiente 2025<\/h2>\n\n\n\n<div style=\"height:40px\" aria-hidden=\"true\" class=\"wp-block-spacer\"><\/div>\n\n\n\n<p class=\"has-text-align-left\">O EcoCampus do Polit\u00e9cnico de Portalegre promove os Dias do Ambiente com um conjunto de atividades que incluem a comemora\u00e7\u00e3o do Dia EcoCampus.<\/p>\n\n\n\n<p>PROGRAMA DETALHADO<\/p>\n\n\n\n<figure class=\"wp-block-image size-large\"><img loading=\"lazy\" decoding=\"async\" width=\"1024\" height=\"572\" src=\"http:\/\/collaboro.ipportalegre.pt\/ecocampuspolitecnico\/wp-content\/uploads\/sites\/9\/2025\/04\/dias-do-Ambiente-2025-mail-1024x572.jpg\" alt=\"\" class=\"wp-image-1266\" srcset=\"https:\/\/collaboro.ipportalegre.pt\/ecocampuspolitecnico\/wp-content\/uploads\/sites\/9\/2025\/04\/dias-do-Ambiente-2025-mail-1024x572.jpg 1024w, https:\/\/collaboro.ipportalegre.pt\/ecocampuspolitecnico\/wp-content\/uploads\/sites\/9\/2025\/04\/dias-do-Ambiente-2025-mail-300x168.jpg 300w, https:\/\/collaboro.ipportalegre.pt\/ecocampuspolitecnico\/wp-content\/uploads\/sites\/9\/2025\/04\/dias-do-Ambiente-2025-mail-768x429.jpg 768w, https:\/\/collaboro.ipportalegre.pt\/ecocampuspolitecnico\/wp-content\/uploads\/sites\/9\/2025\/04\/dias-do-Ambiente-2025-mail-1536x858.jpg 1536w, https:\/\/collaboro.ipportalegre.pt\/ecocampuspolitecnico\/wp-content\/uploads\/sites\/9\/2025\/04\/dias-do-Ambiente-2025-mail.jpg 1958w\" sizes=\"auto, (max-width: 1024px) 100vw, 1024px\" \/><\/figure>\n\n\n\n<div style=\"height:100px\" aria-hidden=\"true\" class=\"wp-block-spacer\"><\/div>\n\n\n\n<p>INSCRI\u00c7\u00d5ES NAS ATIVIDADES:<\/p>\n\n\n\n<p><strong>07 de maio<\/strong><\/p>\n\n\n\n<p>Inscri\u00e7\u00e3o limitada a 16 participantes, at\u00e9 dia 06 de maio:<\/p>\n\n\n\n<p><a href=\"https:\/\/docs.google.com\/forms\/d\/e\/1FAIpQLScvmtnUwoJerc6_kec7DHyVpNlxkbDHy873wEcrdm7A2pnXRg\/viewform?usp=sharing\">https:\/\/docs.google.com\/forms\/d\/e\/1FAIpQLScvmtnUwoJerc6_kec7DHyVpNlxkbDHy873wEcrdm7A2pnXRg\/viewform?usp=sharing<\/a><\/p>\n\n\n\n<p><strong>13 de maio<\/strong><br>Inscri\u00e7\u00f5es limitadas ao n\u00famero de equipamentos, at\u00e9 dia 10 de maio:&nbsp;<\/p>\n\n\n\n<p><a href=\"https:\/\/docs.google.com\/forms\/d\/e\/1FAIpQLSfw1Ttj6RRwQiXqErGM13UJ4vC4rF14TMvwUUB8sLzu_AqFLg\/viewform?usp=sharing\">https:\/\/docs.google.com\/forms\/d\/e\/1FAIpQLSfw1Ttj6RRwQiXqErGM13UJ4vC4rF14TMvwUUB8sLzu_AqFLg\/viewform?usp=sharing<\/a><\/p>\n\n\n\n<div style=\"height:100px\" aria-hidden=\"true\" class=\"wp-block-spacer\"><\/div>\n\n\n\n<p class=\"has-text-align-center\">Ver mais <strong><a href=\"http:\/\/collaboro.ipportalegre.pt\/ecocampuspolitecnico\/projetos-da-tua-escola\/\" data-type=\"page\" data-id=\"214\">PROJETOS DA TUA ESCOLA<\/a><\/strong><\/p>\n","protected":false},"excerpt":{"rendered":"<p>Dias do Ambiente 2025 O EcoCampus do Polit\u00e9cnico de Portalegre promove os Dias do Ambiente com um conjunto de atividades que incluem a comemora\u00e7\u00e3o do Dia EcoCampus. PROGRAMA DETALHADO INSCRI\u00c7\u00d5ES &#8230;<\/p>\n","protected":false},"author":3,"featured_media":970,"parent":214,"menu_order":1,"comment_status":"closed","ping_status":"closed","template":"","meta":{"inline_featured_image":false,"footnotes":""},"class_list":["post-1264","page","type-page","status-publish","has-post-thumbnail","hentry"],"_links":{"self":[{"href":"https:\/\/collaboro.ipportalegre.pt\/ecocampuspolitecnico\/wp-json\/wp\/v2\/pages\/1264","targetHints":{"allow":["GET"]}}],"collection":[{"href":"https:\/\/collaboro.ipportalegre.pt\/ecocampuspolitecnico\/wp-json\/wp\/v2\/pages"}],"about":[{"href":"https:\/\/collaboro.ipportalegre.pt\/ecocampuspolitecnico\/wp-json\/wp\/v2\/types\/page"}],"author":[{"embeddable":true,"href":"https:\/\/collaboro.ipportalegre.pt\/ecocampuspolitecnico\/wp-json\/wp\/v2\/users\/3"}],"replies":[{"embeddable":true,"href":"https:\/\/collaboro.ipportalegre.pt\/ecocampuspolitecnico\/wp-json\/wp\/v2\/comments?post=1264"}],"version-history":[{"count":6,"href":"https:\/\/collaboro.ipportalegre.pt\/ecocampuspolitecnico\/wp-json\/wp\/v2\/pages\/1264\/revisions"}],"predecessor-version":[{"id":1311,"href":"https:\/\/collaboro.ipportalegre.pt\/ecocampuspolitecnico\/wp-json\/wp\/v2\/pages\/1264\/revisions\/1311"}],"up":[{"embeddable":true,"href":"https:\/\/collaboro.ipportalegre.pt\/ecocampuspolitecnico\/wp-json\/wp\/v2\/pages\/214"}],"wp:featuredmedia":[{"embeddable":true,"href":"https:\/\/collaboro.ipportalegre.pt\/ecocampuspolitecnico\/wp-json\/wp\/v2\/media\/970"}],"wp:attachment":[{"href":"https:\/\/collaboro.ipportalegre.pt\/ecocampuspolitecnico\/wp-json\/wp\/v2\/media?parent=1264"}],"curies":[{"name":"wp","href":"https:\/\/api.w.org\/{rel}","templated":true}]}}

<h2 class="wp-block-heading">Dias do Ambiente 2025</h2>



<div style="height:40px" aria-hidden="true" class="wp-block-spacer"></div>



<p class="has-text-align-left">O EcoCampus do Politécnico de Portalegre promove os Dias do Ambiente com um conjunto de atividades que incluem a comemoração do Dia EcoCampus.</p>



<p>PROGRAMA DETALHADO</p>



<figure class="wp-block-image size-large"><img loading="lazy" decoding="async" width="1024" height="572" src="http://collaboro.ipportalegre.pt/ecocampuspolitecnico/wp-content/uploads/sites/9/2025/04/dias-do-Ambiente-2025-mail-1024x572.jpg" alt="" class="wp-image-1266" srcset="https://collaboro.ipportalegre.pt/ecocampuspolitecnico/wp-content/uploads/sites/9/2025/04/dias-do-Ambiente-2025-mail-1024x572.jpg 1024w, https://collaboro.ipportalegre.pt/ecocampuspolitecnico/wp-content/uploads/sites/9/2025/04/dias-do-Ambiente-2025-mail-300x168.jpg 300w, https://collaboro.ipportalegre.pt/ecocampuspolitecnico/wp-content/uploads/sites/9/2025/04/dias-do-Ambiente-2025-mail-768x429.jpg 768w, https://collaboro.ipportalegre.pt/ecocampuspolitecnico/wp-content/uploads/sites/9/2025/04/dias-do-Ambiente-2025-mail-1536x858.jpg 1536w, https://collaboro.ipportalegre.pt/ecocampuspolitecnico/wp-content/uploads/sites/9/2025/04/dias-do-Ambiente-2025-mail.jpg 1958w" sizes="auto, (max-width: 1024px) 100vw, 1024px" /></figure>



<div style="height:100px" aria-hidden="true" class="wp-block-spacer"></div>



<p>INSCRIÇÕES NAS ATIVIDADES:</p>



<p><strong>07 de maio</strong></p>



<p>Inscrição limitada a 16 participantes, até dia 06 de maio:</p>



<p><a href="https://docs.google.com/forms/d/e/1FAIpQLScvmtnUwoJerc6_kec7DHyVpNlxkbDHy873wEcrdm7A2pnXRg/viewform?usp=sharing">https://docs.google.com/forms/d/e/1FAIpQLScvmtnUwoJerc6_kec7DHyVpNlxkbDHy873wEcrdm7A2pnXRg/viewform?usp=sharing</a></p>



<p><strong>13 de maio</strong><br>Inscrições limitadas ao número de equipamentos, até dia 10 de maio:&nbsp;</p>



<p><a href="https://docs.google.com/forms/d/e/1FAIpQLSfw1Ttj6RRwQiXqErGM13UJ4vC4rF14TMvwUUB8sLzu_AqFLg/viewform?usp=sharing">https://docs.google.com/forms/d/e/1FAIpQLSfw1Ttj6RRwQiXqErGM13UJ4vC4rF14TMvwUUB8sLzu_AqFLg/viewform?usp=sharing</a></p>



<div style="height:100px" aria-hidden="true" class="wp-block-spacer"></div>



<p class="has-text-align-center">Ver mais <strong><a href="http://collaboro.ipportalegre.pt/ecocampuspolitecnico/projetos-da-tua-escola/" data-type="page" data-id="214">PROJETOS DA TUA ESCOLA</a></strong></p>

<p>Dias do Ambiente 2025 O EcoCampus do Politécnico de Portalegre promove os Dias do Ambiente com um conjunto de atividades que incluem a comemoração do Dia EcoCampus. PROGRAMA DETALHADO INSCRIÇÕES &#8230;</p>
