{"id":1207,"date":"2024-12-09T20:48:52","date_gmt":"2024-12-09T20:48:52","guid":{"rendered":"https:\/\/collaboro.ipportalegre.pt\/ecocampuspolitecnico\/?page_id=1207"},"modified":"2026-03-20T11:17:38","modified_gmt":"2026-03-20T11:17:38","slug":"almoco-de-natal-intercultural","status":"publish","type":"page","link":"https:\/\/collaboro.ipportalegre.pt\/ecocampuspolitecnico\/projetos-do-teu-campus\/almoco-de-natal-intercultural\/","title":{"rendered":"Almo\u00e7o de Natal Intercultural"},"content":{"rendered":"\n<div aria-hidden=\"true\" class=\"wp-block-spacer\"><\/div>\n\n\n\n<div class=\"wp-block-media-text is-stacked-on-mobile is-vertically-aligned-top\"><figure class=\"wp-block-media-text__media\"><img loading=\"lazy\" decoding=\"async\" width=\"1024\" height=\"576\" src=\"http:\/\/collaboro.ipportalegre.pt\/ecocampuspolitecnico\/wp-content\/uploads\/sites\/9\/2024\/12\/unnamed-2-1024x576.jpg\" alt=\"\" class=\"wp-image-1208 size-full\" srcset=\"https:\/\/collaboro.ipportalegre.pt\/ecocampuspolitecnico\/wp-content\/uploads\/sites\/9\/2024\/12\/unnamed-2-1024x576.jpg 1024w, https:\/\/collaboro.ipportalegre.pt\/ecocampuspolitecnico\/wp-content\/uploads\/sites\/9\/2024\/12\/unnamed-2-300x169.jpg 300w, https:\/\/collaboro.ipportalegre.pt\/ecocampuspolitecnico\/wp-content\/uploads\/sites\/9\/2024\/12\/unnamed-2-768x432.jpg 768w, https:\/\/collaboro.ipportalegre.pt\/ecocampuspolitecnico\/wp-content\/uploads\/sites\/9\/2024\/12\/unnamed-2-1536x864.jpg 1536w, https:\/\/collaboro.ipportalegre.pt\/ecocampuspolitecnico\/wp-content\/uploads\/sites\/9\/2024\/12\/unnamed-2.jpg 1920w\" sizes=\"auto, (max-width: 1024px) 100vw, 1024px\" \/><\/figure><div class=\"wp-block-media-text__content\">\n<h2 class=\"wp-block-heading\" style=\"text-transform:uppercase\"><a href=\"https:\/\/collaboro.ipportalegre.pt\/ecocampuspolitecnico\/projetos-da-tua-escola\/caminhada-pela-mobilidade\/\">almo\u00e7o de natal intercultural<\/a><\/h2>\n\n\n\n<p class=\"has-text-color has-medium-font-size\" style=\"color:#fdc300\">18 de dezembro&#8217; 2024&#8242; \u00c1trio do edif\u00edcio principal<\/p>\n\n\n\n<p>No dia 18 de dezembro realizou-se um Almo\u00e7o de Natal para celebrarmos as conquistas deste ano e desfrutarmos dos pratos t\u00edpicos e sobremesas das v\u00e1rias regi\u00f5es ou pa\u00edses, de onde s\u00e3o oriundos os estudantes, os docentes e os funcion\u00e1rios do IPP.<\/p>\n\n\n\n<p>Este encontro foi uma excelente oportunidade para fortalecer os nossos la\u00e7os e conhecer as diferentes culturas dentro do IPP.<\/p>\n<\/div><\/div>\n\n\n\n<div style=\"height:50px\" aria-hidden=\"true\" class=\"wp-block-spacer\"><\/div>\n\n\n\n<figure class=\"wp-block-image size-large\"><img loading=\"lazy\" decoding=\"async\" width=\"1024\" height=\"635\" src=\"https:\/\/collaboro.ipportalegre.pt\/ecocampuspolitecnico\/wp-content\/uploads\/sites\/9\/2025\/02\/03-1024x635.jpg\" alt=\"\" class=\"wp-image-1219\" srcset=\"https:\/\/collaboro.ipportalegre.pt\/ecocampuspolitecnico\/wp-content\/uploads\/sites\/9\/2025\/02\/03-1024x635.jpg 1024w, https:\/\/collaboro.ipportalegre.pt\/ecocampuspolitecnico\/wp-content\/uploads\/sites\/9\/2025\/02\/03-300x186.jpg 300w, https:\/\/collaboro.ipportalegre.pt\/ecocampuspolitecnico\/wp-content\/uploads\/sites\/9\/2025\/02\/03-768x476.jpg 768w, https:\/\/collaboro.ipportalegre.pt\/ecocampuspolitecnico\/wp-content\/uploads\/sites\/9\/2025\/02\/03.jpg 1488w\" sizes=\"auto, (max-width: 1024px) 100vw, 1024px\" \/><\/figure>\n\n\n\n<figure class=\"wp-block-image size-large\"><img loading=\"lazy\" decoding=\"async\" width=\"1024\" height=\"683\" src=\"https:\/\/collaboro.ipportalegre.pt\/ecocampuspolitecnico\/wp-content\/uploads\/sites\/9\/2025\/02\/01-1024x683.jpg\" alt=\"\" class=\"wp-image-1217\" srcset=\"https:\/\/collaboro.ipportalegre.pt\/ecocampuspolitecnico\/wp-content\/uploads\/sites\/9\/2025\/02\/01-1024x683.jpg 1024w, https:\/\/collaboro.ipportalegre.pt\/ecocampuspolitecnico\/wp-content\/uploads\/sites\/9\/2025\/02\/01-300x200.jpg 300w, https:\/\/collaboro.ipportalegre.pt\/ecocampuspolitecnico\/wp-content\/uploads\/sites\/9\/2025\/02\/01-768x512.jpg 768w, https:\/\/collaboro.ipportalegre.pt\/ecocampuspolitecnico\/wp-content\/uploads\/sites\/9\/2025\/02\/01.jpg 1336w\" sizes=\"auto, (max-width: 1024px) 100vw, 1024px\" \/><\/figure>\n\n\n\n<figure class=\"wp-block-image size-large\"><img loading=\"lazy\" decoding=\"async\" width=\"1024\" height=\"634\" src=\"https:\/\/collaboro.ipportalegre.pt\/ecocampuspolitecnico\/wp-content\/uploads\/sites\/9\/2025\/02\/02-1024x634.jpg\" alt=\"\" class=\"wp-image-1218\" srcset=\"https:\/\/collaboro.ipportalegre.pt\/ecocampuspolitecnico\/wp-content\/uploads\/sites\/9\/2025\/02\/02-1024x634.jpg 1024w, https:\/\/collaboro.ipportalegre.pt\/ecocampuspolitecnico\/wp-content\/uploads\/sites\/9\/2025\/02\/02-300x186.jpg 300w, https:\/\/collaboro.ipportalegre.pt\/ecocampuspolitecnico\/wp-content\/uploads\/sites\/9\/2025\/02\/02-768x476.jpg 768w, https:\/\/collaboro.ipportalegre.pt\/ecocampuspolitecnico\/wp-content\/uploads\/sites\/9\/2025\/02\/02.jpg 1224w\" sizes=\"auto, (max-width: 1024px) 100vw, 1024px\" \/><\/figure>\n\n\n\n<div style=\"height:62px\" aria-hidden=\"true\" class=\"wp-block-spacer\"><\/div>\n\n\n\n<p>Organiza\u00e7\u00e3o:<br>EcoCampus: <a href=\"mailto:collaboro.estg@ipportalegre.pt\">collaboro.estg@ipportalegre.pt<\/a><\/p>\n\n\n\n<p>Luiz Rodrigues (docente IPP): <a href=\"mailto:Luiz.rodrigues@ipportalegre.pt\">Luiz.rodrigues@ipportalegre.pt<\/a><\/p>\n\n\n\n<p>Edna Landim (Estudante EPB): <a href=\"mailto:23711@ipportalegre.pt\">23711@ipportalegre.pt<\/a><br>Wildia Quaresma (Estudante EPB): <a href=\"mailto:23806@ipportalegre.pt\">23806@ipportalegre.pt<\/a><\/p>\n\n\n\n<p>Fotografias: Lu\u00eds Rodrigues (S\u00e3o Tom\u00e9 e Pr\u00edncipe) e M\u00e1rio Ara\u00fajo (Portugal)<br><\/p>\n\n\n\n<div style=\"height:62px\" aria-hidden=\"true\" class=\"wp-block-spacer\"><\/div>\n\n\n\n<p class=\"has-text-align-center\">Ver mais <strong><a href=\"http:\/\/collaboro.ipportalegre.pt\/ecocampuspolitecnico\/projetos-da-tua-escola\/\" data-type=\"page\" data-id=\"214\">PROJETOS DA TUA ESCOLA<\/a><\/strong><\/p>\n","protected":false},"excerpt":{"rendered":"<p>almo\u00e7o de natal intercultural 18 de dezembro&#8217; 2024&#8242; \u00c1trio do edif\u00edcio principal No dia 18 de dezembro realizou-se um Almo\u00e7o de Natal para celebrarmos as conquistas deste ano e desfrutarmos &#8230;<\/p>\n","protected":false},"author":3,"featured_media":970,"parent":214,"menu_order":1,"comment_status":"closed","ping_status":"closed","template":"","meta":{"inline_featured_image":false,"footnotes":""},"class_list":["post-1207","page","type-page","status-publish","has-post-thumbnail","hentry"],"_links":{"self":[{"href":"https:\/\/collaboro.ipportalegre.pt\/ecocampuspolitecnico\/wp-json\/wp\/v2\/pages\/1207","targetHints":{"allow":["GET"]}}],"collection":[{"href":"https:\/\/collaboro.ipportalegre.pt\/ecocampuspolitecnico\/wp-json\/wp\/v2\/pages"}],"about":[{"href":"https:\/\/collaboro.ipportalegre.pt\/ecocampuspolitecnico\/wp-json\/wp\/v2\/types\/page"}],"author":[{"embeddable":true,"href":"https:\/\/collaboro.ipportalegre.pt\/ecocampuspolitecnico\/wp-json\/wp\/v2\/users\/3"}],"replies":[{"embeddable":true,"href":"https:\/\/collaboro.ipportalegre.pt\/ecocampuspolitecnico\/wp-json\/wp\/v2\/comments?post=1207"}],"version-history":[{"count":13,"href":"https:\/\/collaboro.ipportalegre.pt\/ecocampuspolitecnico\/wp-json\/wp\/v2\/pages\/1207\/revisions"}],"predecessor-version":[{"id":1522,"href":"https:\/\/collaboro.ipportalegre.pt\/ecocampuspolitecnico\/wp-json\/wp\/v2\/pages\/1207\/revisions\/1522"}],"up":[{"embeddable":true,"href":"https:\/\/collaboro.ipportalegre.pt\/ecocampuspolitecnico\/wp-json\/wp\/v2\/pages\/214"}],"wp:featuredmedia":[{"embeddable":true,"href":"https:\/\/collaboro.ipportalegre.pt\/ecocampuspolitecnico\/wp-json\/wp\/v2\/media\/970"}],"wp:attachment":[{"href":"https:\/\/collaboro.ipportalegre.pt\/ecocampuspolitecnico\/wp-json\/wp\/v2\/media?parent=1207"}],"curies":[{"name":"wp","href":"https:\/\/api.w.org\/{rel}","templated":true}]}}

Almoço de Natal Intercultural

<div aria-hidden="true" class="wp-block-spacer"></div>



<div class="wp-block-media-text is-stacked-on-mobile is-vertically-aligned-top"><figure class="wp-block-media-text__media"><img loading="lazy" decoding="async" width="1024" height="576" src="http://collaboro.ipportalegre.pt/ecocampuspolitecnico/wp-content/uploads/sites/9/2024/12/unnamed-2-1024x576.jpg" alt="" class="wp-image-1208 size-full" srcset="https://collaboro.ipportalegre.pt/ecocampuspolitecnico/wp-content/uploads/sites/9/2024/12/unnamed-2-1024x576.jpg 1024w, https://collaboro.ipportalegre.pt/ecocampuspolitecnico/wp-content/uploads/sites/9/2024/12/unnamed-2-300x169.jpg 300w, https://collaboro.ipportalegre.pt/ecocampuspolitecnico/wp-content/uploads/sites/9/2024/12/unnamed-2-768x432.jpg 768w, https://collaboro.ipportalegre.pt/ecocampuspolitecnico/wp-content/uploads/sites/9/2024/12/unnamed-2-1536x864.jpg 1536w, https://collaboro.ipportalegre.pt/ecocampuspolitecnico/wp-content/uploads/sites/9/2024/12/unnamed-2.jpg 1920w" sizes="auto, (max-width: 1024px) 100vw, 1024px" /></figure><div class="wp-block-media-text__content">
<h2 class="wp-block-heading" style="text-transform:uppercase"><a href="https://collaboro.ipportalegre.pt/ecocampuspolitecnico/projetos-da-tua-escola/caminhada-pela-mobilidade/">almoço de natal intercultural</a></h2>



<p class="has-text-color has-medium-font-size" style="color:#fdc300">18 de dezembro&#8217; 2024&#8242; Átrio do edifício principal</p>



<p>No dia 18 de dezembro realizou-se um Almoço de Natal para celebrarmos as conquistas deste ano e desfrutarmos dos pratos típicos e sobremesas das várias regiões ou países, de onde são oriundos os estudantes, os docentes e os funcionários do IPP.</p>



<p>Este encontro foi uma excelente oportunidade para fortalecer os nossos laços e conhecer as diferentes culturas dentro do IPP.</p>
</div></div>



<div style="height:50px" aria-hidden="true" class="wp-block-spacer"></div>



<figure class="wp-block-image size-large"><img loading="lazy" decoding="async" width="1024" height="635" src="https://collaboro.ipportalegre.pt/ecocampuspolitecnico/wp-content/uploads/sites/9/2025/02/03-1024x635.jpg" alt="" class="wp-image-1219" srcset="https://collaboro.ipportalegre.pt/ecocampuspolitecnico/wp-content/uploads/sites/9/2025/02/03-1024x635.jpg 1024w, https://collaboro.ipportalegre.pt/ecocampuspolitecnico/wp-content/uploads/sites/9/2025/02/03-300x186.jpg 300w, https://collaboro.ipportalegre.pt/ecocampuspolitecnico/wp-content/uploads/sites/9/2025/02/03-768x476.jpg 768w, https://collaboro.ipportalegre.pt/ecocampuspolitecnico/wp-content/uploads/sites/9/2025/02/03.jpg 1488w" sizes="auto, (max-width: 1024px) 100vw, 1024px" /></figure>



<figure class="wp-block-image size-large"><img loading="lazy" decoding="async" width="1024" height="683" src="https://collaboro.ipportalegre.pt/ecocampuspolitecnico/wp-content/uploads/sites/9/2025/02/01-1024x683.jpg" alt="" class="wp-image-1217" srcset="https://collaboro.ipportalegre.pt/ecocampuspolitecnico/wp-content/uploads/sites/9/2025/02/01-1024x683.jpg 1024w, https://collaboro.ipportalegre.pt/ecocampuspolitecnico/wp-content/uploads/sites/9/2025/02/01-300x200.jpg 300w, https://collaboro.ipportalegre.pt/ecocampuspolitecnico/wp-content/uploads/sites/9/2025/02/01-768x512.jpg 768w, https://collaboro.ipportalegre.pt/ecocampuspolitecnico/wp-content/uploads/sites/9/2025/02/01.jpg 1336w" sizes="auto, (max-width: 1024px) 100vw, 1024px" /></figure>



<figure class="wp-block-image size-large"><img loading="lazy" decoding="async" width="1024" height="634" src="https://collaboro.ipportalegre.pt/ecocampuspolitecnico/wp-content/uploads/sites/9/2025/02/02-1024x634.jpg" alt="" class="wp-image-1218" srcset="https://collaboro.ipportalegre.pt/ecocampuspolitecnico/wp-content/uploads/sites/9/2025/02/02-1024x634.jpg 1024w, https://collaboro.ipportalegre.pt/ecocampuspolitecnico/wp-content/uploads/sites/9/2025/02/02-300x186.jpg 300w, https://collaboro.ipportalegre.pt/ecocampuspolitecnico/wp-content/uploads/sites/9/2025/02/02-768x476.jpg 768w, https://collaboro.ipportalegre.pt/ecocampuspolitecnico/wp-content/uploads/sites/9/2025/02/02.jpg 1224w" sizes="auto, (max-width: 1024px) 100vw, 1024px" /></figure>



<div style="height:62px" aria-hidden="true" class="wp-block-spacer"></div>



<p>Organização:<br>EcoCampus: <a href="mailto:collaboro.estg@ipportalegre.pt">collaboro.estg@ipportalegre.pt</a></p>



<p>Luiz Rodrigues (docente IPP): <a href="mailto:Luiz.rodrigues@ipportalegre.pt">Luiz.rodrigues@ipportalegre.pt</a></p>



<p>Edna Landim (Estudante EPB): <a href="mailto:23711@ipportalegre.pt">23711@ipportalegre.pt</a><br>Wildia Quaresma (Estudante EPB): <a href="mailto:23806@ipportalegre.pt">23806@ipportalegre.pt</a></p>



<p>Fotografias: Luís Rodrigues (São Tomé e Príncipe) e Mário Araújo (Portugal)<br></p>



<div style="height:62px" aria-hidden="true" class="wp-block-spacer"></div>



<p class="has-text-align-center">Ver mais <strong><a href="http://collaboro.ipportalegre.pt/ecocampuspolitecnico/projetos-da-tua-escola/" data-type="page" data-id="214">PROJETOS DA TUA ESCOLA</a></strong></p>

<p>almoço de natal intercultural 18 de dezembro&#8217; 2024&#8242; Átrio do edifício principal No dia 18 de dezembro realizou-se um Almoço de Natal para celebrarmos as conquistas deste ano e desfrutarmos &#8230;</p>
