{"id":1139,"date":"2024-12-09T19:17:14","date_gmt":"2024-12-09T19:17:14","guid":{"rendered":"https:\/\/collaboro.ipportalegre.pt\/ecocampuspolitecnico\/?page_id=1139"},"modified":"2025-05-12T09:47:34","modified_gmt":"2025-05-12T09:47:34","slug":"dia-da-floresta-autoctone-2","status":"publish","type":"page","link":"https:\/\/collaboro.ipportalegre.pt\/ecocampuspolitecnico\/projetos-do-teu-campus\/dia-da-floresta-autoctone-2\/","title":{"rendered":"Bandeira Verde 2024"},"content":{"rendered":"\n<div aria-hidden=\"true\" class=\"wp-block-spacer\"><\/div>\n\n\n\n<div class=\"wp-block-group is-nowrap is-layout-flex wp-container-core-group-is-layout-ad2f72ca wp-block-group-is-layout-flex\">\n<div class=\"wp-block-group is-nowrap is-layout-flex wp-container-core-group-is-layout-d653275e wp-block-group-is-layout-flex\">\n<div class=\"wp-block-group\"><div class=\"wp-block-group__inner-container is-layout-constrained wp-block-group-is-layout-constrained\">\n<div class=\"wp-block-columns is-layout-flex wp-container-core-columns-is-layout-9d6595d7 wp-block-columns-is-layout-flex\">\n<div class=\"wp-block-column is-layout-flow wp-block-column-is-layout-flow\" style=\"flex-basis:50%\">\n<figure class=\"wp-block-image size-large\"><img loading=\"lazy\" decoding=\"async\" width=\"2048\" height=\"1535\" src=\"https:\/\/collaboro.ipportalegre.pt\/ecocampuspolitecnico\/wp-content\/uploads\/sites\/9\/2024\/12\/IMG-20241206-WA0061-3-edited.jpg\" alt=\"\" class=\"wp-image-1166\" srcset=\"https:\/\/collaboro.ipportalegre.pt\/ecocampuspolitecnico\/wp-content\/uploads\/sites\/9\/2024\/12\/IMG-20241206-WA0061-3-edited.jpg 2048w, https:\/\/collaboro.ipportalegre.pt\/ecocampuspolitecnico\/wp-content\/uploads\/sites\/9\/2024\/12\/IMG-20241206-WA0061-3-edited-300x225.jpg 300w, https:\/\/collaboro.ipportalegre.pt\/ecocampuspolitecnico\/wp-content\/uploads\/sites\/9\/2024\/12\/IMG-20241206-WA0061-3-edited-1024x768.jpg 1024w, https:\/\/collaboro.ipportalegre.pt\/ecocampuspolitecnico\/wp-content\/uploads\/sites\/9\/2024\/12\/IMG-20241206-WA0061-3-edited-768x576.jpg 768w, https:\/\/collaboro.ipportalegre.pt\/ecocampuspolitecnico\/wp-content\/uploads\/sites\/9\/2024\/12\/IMG-20241206-WA0061-3-edited-1536x1151.jpg 1536w\" sizes=\"auto, (max-width: 2048px) 100vw, 2048px\" \/><\/figure>\n<\/div>\n\n\n\n<div class=\"wp-block-column is-vertically-aligned-stretch is-layout-flow wp-block-column-is-layout-flow\" style=\"flex-basis:50%\">\n<figure class=\"wp-block-gallery has-nested-images columns-default is-cropped wp-block-gallery-1 is-layout-flex wp-block-gallery-is-layout-flex\">\n<figure class=\"wp-block-image size-full is-style-default\"><img loading=\"lazy\" decoding=\"async\" width=\"1920\" height=\"1440\" data-id=\"1165\" src=\"https:\/\/collaboro.ipportalegre.pt\/ecocampuspolitecnico\/wp-content\/uploads\/sites\/9\/2024\/12\/image-6-edited.jpeg\" alt=\"Esta imagem tem um texto alternativo em branco, o nome da imagem \u00e9 IMG-20241206-WA0034-1-1-3-scaled.jpg\" class=\"wp-image-1165\" srcset=\"https:\/\/collaboro.ipportalegre.pt\/ecocampuspolitecnico\/wp-content\/uploads\/sites\/9\/2024\/12\/image-6-edited.jpeg 1920w, https:\/\/collaboro.ipportalegre.pt\/ecocampuspolitecnico\/wp-content\/uploads\/sites\/9\/2024\/12\/image-6-edited-300x225.jpeg 300w, https:\/\/collaboro.ipportalegre.pt\/ecocampuspolitecnico\/wp-content\/uploads\/sites\/9\/2024\/12\/image-6-edited-1024x768.jpeg 1024w, https:\/\/collaboro.ipportalegre.pt\/ecocampuspolitecnico\/wp-content\/uploads\/sites\/9\/2024\/12\/image-6-edited-768x576.jpeg 768w, https:\/\/collaboro.ipportalegre.pt\/ecocampuspolitecnico\/wp-content\/uploads\/sites\/9\/2024\/12\/image-6-edited-1536x1152.jpeg 1536w\" sizes=\"auto, (max-width: 1920px) 100vw, 1920px\" \/><\/figure>\n<\/figure>\n<\/div>\n<\/div>\n<\/div><\/div>\n<\/div>\n<\/div>\n\n\n\n<p class=\"has-text-align-center has-small-font-size\">N\u00facleo de Design em reapresenta\u00e7\u00e3o dos estudantes da ESTGD<\/p>\n\n\n\n<p class=\"has-text-align-center has-small-font-size\"><\/p>\n\n\n\n<div style=\"height:50px\" aria-hidden=\"true\" class=\"wp-block-spacer\"><\/div>\n\n\n\n<h2 class=\"wp-block-heading\" style=\"text-transform:uppercase\">galard\u00e3o ecocampus 2024<\/h2>\n\n\n\n<p class=\"has-text-color has-medium-font-size\" style=\"color:#fdc300\">Cerim\u00f3nia de entrega dos galard\u00f5es EcoCampus | 06 de dezembro de 2024<\/p>\n\n\n\n<p><\/p>\n\n\n\n<div class=\"wp-block-columns is-layout-flex wp-container-core-columns-is-layout-9d6595d7 wp-block-columns-is-layout-flex\">\n<div class=\"wp-block-column is-layout-flow wp-block-column-is-layout-flow\" style=\"flex-basis:100%\">\n<p>Pelo terceiro ano consecutivo a ESTGD e ESS receberam o Galard\u00e3o Bandeira Verde, que premeia o trabalho desenvolvido no \u00e2mbito dos temas da sustentabilidade. Este ano, pela primeira vez, as duas institui\u00e7\u00f5es receberam ainda o Galard\u00e3o EcoCampus, uma distin\u00e7\u00e3o atribu\u00edda pelas boas pr\u00e1ticas evidentes no Campus, na \u00e1rea da sustentabilidade.<\/p>\n\n\n\n<p>Na sess\u00e3o deste ano, que decorreu no Polit\u00e9cnico de Set\u00fabal, o grupo EcoCampus foi convidado a apresentar o trabalho que temos desenvolvido ao longo dos \u00faltimos tr\u00eas anos.<\/p>\n\n\n\n<p>Obrigado a todos os estudantes, funcion\u00e1rios e professores, que t\u00eam contribu\u00eddo para o desenvolvimento deste programa.<\/p>\n\n\n\n<p><\/p>\n\n\n\n<p><\/p>\n<\/div>\n<\/div>\n\n\n\n<div style=\"height:50px\" aria-hidden=\"true\" class=\"wp-block-spacer\"><\/div>\n\n\n\n<p class=\"has-text-align-center\">Ver mais <strong><a href=\"http:\/\/collaboro.ipportalegre.pt\/ecocampuspolitecnico\/projetos-da-tua-escola\/\" data-type=\"page\" data-id=\"214\">PROJETOS DA TUA ESCOLA<\/a><\/strong><\/p>\n","protected":false},"excerpt":{"rendered":"<p>N\u00facleo de Design em reapresenta\u00e7\u00e3o dos estudantes da ESTGD galard\u00e3o ecocampus 2024 Cerim\u00f3nia de entrega dos galard\u00f5es EcoCampus | 06 de dezembro de 2024 Pelo terceiro ano consecutivo a ESTGD &#8230;<\/p>\n","protected":false},"author":3,"featured_media":0,"parent":214,"menu_order":1,"comment_status":"closed","ping_status":"closed","template":"","meta":{"inline_featured_image":false,"footnotes":"[]"},"class_list":["post-1139","page","type-page","status-publish","hentry"],"_links":{"self":[{"href":"https:\/\/collaboro.ipportalegre.pt\/ecocampuspolitecnico\/wp-json\/wp\/v2\/pages\/1139","targetHints":{"allow":["GET"]}}],"collection":[{"href":"https:\/\/collaboro.ipportalegre.pt\/ecocampuspolitecnico\/wp-json\/wp\/v2\/pages"}],"about":[{"href":"https:\/\/collaboro.ipportalegre.pt\/ecocampuspolitecnico\/wp-json\/wp\/v2\/types\/page"}],"author":[{"embeddable":true,"href":"https:\/\/collaboro.ipportalegre.pt\/ecocampuspolitecnico\/wp-json\/wp\/v2\/users\/3"}],"replies":[{"embeddable":true,"href":"https:\/\/collaboro.ipportalegre.pt\/ecocampuspolitecnico\/wp-json\/wp\/v2\/comments?post=1139"}],"version-history":[{"count":11,"href":"https:\/\/collaboro.ipportalegre.pt\/ecocampuspolitecnico\/wp-json\/wp\/v2\/pages\/1139\/revisions"}],"predecessor-version":[{"id":1316,"href":"https:\/\/collaboro.ipportalegre.pt\/ecocampuspolitecnico\/wp-json\/wp\/v2\/pages\/1139\/revisions\/1316"}],"up":[{"embeddable":true,"href":"https:\/\/collaboro.ipportalegre.pt\/ecocampuspolitecnico\/wp-json\/wp\/v2\/pages\/214"}],"wp:attachment":[{"href":"https:\/\/collaboro.ipportalegre.pt\/ecocampuspolitecnico\/wp-json\/wp\/v2\/media?parent=1139"}],"curies":[{"name":"wp","href":"https:\/\/api.w.org\/{rel}","templated":true}]}}

<div aria-hidden="true" class="wp-block-spacer"></div>



<div class="wp-block-group is-nowrap is-layout-flex wp-container-core-group-is-layout-ad2f72ca wp-block-group-is-layout-flex">
<div class="wp-block-group is-nowrap is-layout-flex wp-container-core-group-is-layout-d653275e wp-block-group-is-layout-flex">
<div class="wp-block-group"><div class="wp-block-group__inner-container is-layout-constrained wp-block-group-is-layout-constrained">
<div class="wp-block-columns is-layout-flex wp-container-core-columns-is-layout-9d6595d7 wp-block-columns-is-layout-flex">
<div class="wp-block-column is-layout-flow wp-block-column-is-layout-flow" style="flex-basis:50%">
<figure class="wp-block-image size-large"><img loading="lazy" decoding="async" width="2048" height="1535" src="https://collaboro.ipportalegre.pt/ecocampuspolitecnico/wp-content/uploads/sites/9/2024/12/IMG-20241206-WA0061-3-edited.jpg" alt="" class="wp-image-1166" srcset="https://collaboro.ipportalegre.pt/ecocampuspolitecnico/wp-content/uploads/sites/9/2024/12/IMG-20241206-WA0061-3-edited.jpg 2048w, https://collaboro.ipportalegre.pt/ecocampuspolitecnico/wp-content/uploads/sites/9/2024/12/IMG-20241206-WA0061-3-edited-300x225.jpg 300w, https://collaboro.ipportalegre.pt/ecocampuspolitecnico/wp-content/uploads/sites/9/2024/12/IMG-20241206-WA0061-3-edited-1024x768.jpg 1024w, https://collaboro.ipportalegre.pt/ecocampuspolitecnico/wp-content/uploads/sites/9/2024/12/IMG-20241206-WA0061-3-edited-768x576.jpg 768w, https://collaboro.ipportalegre.pt/ecocampuspolitecnico/wp-content/uploads/sites/9/2024/12/IMG-20241206-WA0061-3-edited-1536x1151.jpg 1536w" sizes="auto, (max-width: 2048px) 100vw, 2048px" /></figure>
</div>



<div class="wp-block-column is-vertically-aligned-stretch is-layout-flow wp-block-column-is-layout-flow" style="flex-basis:50%">
<figure class="wp-block-gallery has-nested-images columns-default is-cropped wp-block-gallery-1 is-layout-flex wp-block-gallery-is-layout-flex">
<figure class="wp-block-image size-full is-style-default"><img loading="lazy" decoding="async" width="1920" height="1440" data-id="1165" src="https://collaboro.ipportalegre.pt/ecocampuspolitecnico/wp-content/uploads/sites/9/2024/12/image-6-edited.jpeg" alt="Esta imagem tem um texto alternativo em branco, o nome da imagem é IMG-20241206-WA0034-1-1-3-scaled.jpg" class="wp-image-1165" srcset="https://collaboro.ipportalegre.pt/ecocampuspolitecnico/wp-content/uploads/sites/9/2024/12/image-6-edited.jpeg 1920w, https://collaboro.ipportalegre.pt/ecocampuspolitecnico/wp-content/uploads/sites/9/2024/12/image-6-edited-300x225.jpeg 300w, https://collaboro.ipportalegre.pt/ecocampuspolitecnico/wp-content/uploads/sites/9/2024/12/image-6-edited-1024x768.jpeg 1024w, https://collaboro.ipportalegre.pt/ecocampuspolitecnico/wp-content/uploads/sites/9/2024/12/image-6-edited-768x576.jpeg 768w, https://collaboro.ipportalegre.pt/ecocampuspolitecnico/wp-content/uploads/sites/9/2024/12/image-6-edited-1536x1152.jpeg 1536w" sizes="auto, (max-width: 1920px) 100vw, 1920px" /></figure>
</figure>
</div>
</div>
</div></div>
</div>
</div>



<p class="has-text-align-center has-small-font-size">Núcleo de Design em reapresentação dos estudantes da ESTGD</p>



<p class="has-text-align-center has-small-font-size"></p>



<div style="height:50px" aria-hidden="true" class="wp-block-spacer"></div>



<h2 class="wp-block-heading" style="text-transform:uppercase">galardão ecocampus 2024</h2>



<p class="has-text-color has-medium-font-size" style="color:#fdc300">Cerimónia de entrega dos galardões EcoCampus | 06 de dezembro de 2024</p>



<p></p>



<div class="wp-block-columns is-layout-flex wp-container-core-columns-is-layout-9d6595d7 wp-block-columns-is-layout-flex">
<div class="wp-block-column is-layout-flow wp-block-column-is-layout-flow" style="flex-basis:100%">
<p>Pelo terceiro ano consecutivo a ESTGD e ESS receberam o Galardão Bandeira Verde, que premeia o trabalho desenvolvido no âmbito dos temas da sustentabilidade. Este ano, pela primeira vez, as duas instituições receberam ainda o Galardão EcoCampus, uma distinção atribuída pelas boas práticas evidentes no Campus, na área da sustentabilidade.</p>



<p>Na sessão deste ano, que decorreu no Politécnico de Setúbal, o grupo EcoCampus foi convidado a apresentar o trabalho que temos desenvolvido ao longo dos últimos três anos.</p>



<p>Obrigado a todos os estudantes, funcionários e professores, que têm contribuído para o desenvolvimento deste programa.</p>



<p></p>



<p></p>
</div>
</div>



<div style="height:50px" aria-hidden="true" class="wp-block-spacer"></div>



<p class="has-text-align-center">Ver mais <strong><a href="http://collaboro.ipportalegre.pt/ecocampuspolitecnico/projetos-da-tua-escola/" data-type="page" data-id="214">PROJETOS DA TUA ESCOLA</a></strong></p>

<p>Núcleo de Design em reapresentação dos estudantes da ESTGD galardão ecocampus 2024 Cerimónia de entrega dos galardões EcoCampus | 06 de dezembro de 2024 Pelo terceiro ano consecutivo a ESTGD &#8230;</p>
